{"id":19685,"date":"2024-07-11T10:09:02","date_gmt":"2024-07-11T10:09:02","guid":{"rendered":"https:\/\/para-pharmacity.tn\/?product=tynor-minerve-ajustable-c4"},"modified":"2024-08-16T11:05:48","modified_gmt":"2024-08-16T11:05:48","slug":"tynor-minerve-ajustable-c4","status":"publish","type":"product","link":"https:\/\/para-pharmacity.tn\/?product=tynor-minerve-ajustable-c4","title":{"rendered":"TYNOR MINERVE AJUSTABLE C4"},"content":{"rendered":"<p><span style=\"color: #000000\"><strong>TYNOR MINERVE AJUSTABLE<\/strong> C4 Un collier avanc\u00e9 au design scientifique qui assure une immobilisation compl\u00e8te d\u2019une part et un confort parfait de l\u2019autre. L\u2019ouverture frontale lui permet d\u2019\u00eatre utilis\u00e9 chez les patients atteints de trach\u00e9otomie, il contribue \u00e9galement \u00e0 une bonne ventilation de la zone. Le ballon gonfl\u00e9 en fait un collier id\u00e9al pour traiter les br\u00fblures.<\/span><\/p>\n<ul>\n<li><span style=\"color: #000000\">Immobilisation parfaite<\/span><\/li>\n<li><span style=\"color: #000000\">Confort ultime<\/span><\/li>\n<li><span style=\"color: #000000\">Forme anatomique<\/span><\/li>\n<li><span style=\"color: #000000\">Bien a\u00e9r\u00e9<\/span><\/li>\n<li><span style=\"color: #000000\">Hypoallerg\u00e9nique<\/span><\/li>\n<\/ul>\n<ul>\n<li><span style=\"color: #000000\">Le corps Ethafoam l\u00e9ger, non absorbant, assure un nettoyage et un entretien faciles.<\/span><\/li>\n<li><span style=\"color: #000000\">Le menton pr\u00e9form\u00e9 assure le verrouillage du menton, arr\u00eate la rotation du cou pour une forte immobilisation.\u00a0Le reste au menton am\u00e9liore le confort.<\/span><\/li>\n<li><span style=\"color: #000000\">La conception anatomique et \u00e0 ballonnet offre une immobilisation parfaite, un contact minimal du cou, permet une utilisation chez les patients br\u00fbl\u00e9s ou traumatis\u00e9s.<\/span><\/li>\n<li><span style=\"color: #000000\">Les mat\u00e9riaux hypoallerg\u00e9niques ne garantissent aucune \u00e9ruption cutan\u00e9e ou allergie m\u00eame en cas d\u2019utilisation prolong\u00e9e, compatibles pour une utilisation g\u00e9riatrique, am\u00e9liorent la conformit\u00e9.<\/span><\/li>\n<li><span style=\"color: #000000\">L\u2019ouverture de trach\u00e9otomie permet une utilisation avec une sonde endotrach\u00e9ale, am\u00e9liore la ventilation, le confort et la compliance de l\u2019air.<\/span><\/li>\n<li><span style=\"color: #000000\">La conception en deux pi\u00e8ces permet une application facile, un support occipital ferme, une option pour une rigidit\u00e9 variable.<\/span><\/li>\n<\/ul>\n","protected":false},"excerpt":{"rendered":"<p>TYNOR MINERVE AJUSTABLE C4 Un collier avanc\u00e9 au design scientifique qui assure une immobilisation compl\u00e8te d\u2019une part et un confort<\/p>\n","protected":false},"featured_media":23496,"comment_status":"open","ping_status":"closed","template":"","meta":[],"product_cat":[20],"product_tag":[],"class_list":{"0":"post-19685","1":"product","2":"type-product","3":"status-publish","4":"has-post-thumbnail","6":"product_cat-accessories","8":"first","9":"instock","10":"shipping-taxable","11":"product-type-simple"},"jetpack_sharing_enabled":true,"_links":{"self":[{"href":"https:\/\/para-pharmacity.tn\/index.php?rest_route=\/wp\/v2\/product\/19685","targetHints":{"allow":["GET"]}}],"collection":[{"href":"https:\/\/para-pharmacity.tn\/index.php?rest_route=\/wp\/v2\/product"}],"about":[{"href":"https:\/\/para-pharmacity.tn\/index.php?rest_route=\/wp\/v2\/types\/product"}],"replies":[{"embeddable":true,"href":"https:\/\/para-pharmacity.tn\/index.php?rest_route=%2Fwp%2Fv2%2Fcomments&post=19685"}],"version-history":[{"count":3,"href":"https:\/\/para-pharmacity.tn\/index.php?rest_route=\/wp\/v2\/product\/19685\/revisions"}],"predecessor-version":[{"id":23501,"href":"https:\/\/para-pharmacity.tn\/index.php?rest_route=\/wp\/v2\/product\/19685\/revisions\/23501"}],"wp:featuredmedia":[{"embeddable":true,"href":"https:\/\/para-pharmacity.tn\/index.php?rest_route=\/wp\/v2\/media\/23496"}],"wp:attachment":[{"href":"https:\/\/para-pharmacity.tn\/index.php?rest_route=%2Fwp%2Fv2%2Fmedia&parent=19685"}],"wp:term":[{"taxonomy":"product_cat","embeddable":true,"href":"https:\/\/para-pharmacity.tn\/index.php?rest_route=%2Fwp%2Fv2%2Fproduct_cat&post=19685"},{"taxonomy":"product_tag","embeddable":true,"href":"https:\/\/para-pharmacity.tn\/index.php?rest_route=%2Fwp%2Fv2%2Fproduct_tag&post=19685"}],"curies":[{"name":"wp","href":"https:\/\/api.w.org\/{rel}","templated":true}]}}