{"id":19671,"date":"2024-07-11T10:08:55","date_gmt":"2024-07-11T10:08:55","guid":{"rendered":"https:\/\/para-pharmacity.tn\/?product=tynor-genouillere-support-dr-varus"},"modified":"2024-08-15T13:35:32","modified_gmt":"2024-08-15T13:35:32","slug":"tynor-genouillere-support-dr-varus","status":"publish","type":"product","link":"https:\/\/para-pharmacity.tn\/?product=tynor-genouillere-support-dr-varus","title":{"rendered":"TYNOR GENOUILLERE SUPPORT DR VARUS"},"content":{"rendered":"<div class=\"wpb_text_column wpb_content_element vc_custom_1520903782996\">\n<div class=\"wpb_wrapper\">\n<p><strong>La<\/strong>\u00a0genouill\u00e8re \u00e0\u00a0<strong>anneau rotulien<\/strong>\u00a0est un support de genou de nouvelle g\u00e9n\u00e9ration destin\u00e9 \u00e0 stabiliser, \u00e0 comprimer, \u00e0 tenir et \u00e0 soutenir le genou faible ou instable.<\/p>\n<ul>\n<li>Anneau rotulien en silicium<\/li>\n<li>Forme anatomique<\/li>\n<li>Charni\u00e8re multi-axiale<\/li>\n<li>\u00c9tirement \u00e0 quatre voies<\/li>\n<\/ul>\n<\/div>\n<\/div>\n<div class=\"vc_row wpb_row vc_inner vc_row-fluid\">\n<div class=\"wpb_column vc_column_container vc_col-sm-12\">\n<div class=\"vc_column-inner\">\n<div class=\"wpb_wrapper\">\n<div class=\"wpb_text_column wpb_content_element\">\n<div class=\"wpb_wrapper\">\n<ul>\n<li>Fabriqu\u00e9 \u00e0 partir de fil de nylon de haute qualit\u00e9, ce qui assure une grande durabilit\u00e9, une esth\u00e9tique attrayante et une grande solidit\u00e9 des couleurs.<\/li>\n<li>L\u2019\u00e9tirement dans les quatre sens permet une adh\u00e9rence et une compression confortables, un ajustement parfait, mais aucun pli \u00e0 l\u2019arri\u00e8re.<\/li>\n<li>Le tissage sp\u00e9cial \u00e0 embo\u00eetement et le fil \u00e9lastique simple spirale assurent une compression uniforme, m\u00eame sur une surface de membre in\u00e9gale.\u00a0Fournit un support ferme et une compression optimale.<\/li>\n<li>Le corps \u00e0 double couche retient la chaleur pour une gu\u00e9rison rapide.<\/li>\n<li>L\u2019ouverture ant\u00e9rieure de la rotule soulage la pression rotulienne et positionne la rotule en cas de luxation de la rotule.<\/li>\n<li>Le coussinet en silicone absorbe toutes les vibrations autour de la rotule et du tendon rotulien, offre un soutien optimal et une compression confortable du tendon rotulien.\u00a0La surface nodulaire du coussinet de silicium am\u00e9liore la proprioception, offre un massage \u00e0 la r\u00e9gion, am\u00e9liore la circulation sanguine et la gu\u00e9rison.<\/li>\n<\/ul>\n<\/div>\n<\/div>\n<\/div>\n<\/div>\n<\/div>\n<\/div>\n","protected":false},"excerpt":{"rendered":"<p>La\u00a0genouill\u00e8re \u00e0\u00a0anneau rotulien\u00a0est un support de genou de nouvelle g\u00e9n\u00e9ration destin\u00e9 \u00e0 stabiliser, \u00e0 comprimer, \u00e0 tenir et \u00e0 soutenir<\/p>\n","protected":false},"featured_media":23438,"comment_status":"open","ping_status":"closed","template":"","meta":[],"product_cat":[20],"product_tag":[],"class_list":{"0":"post-19671","1":"product","2":"type-product","3":"status-publish","4":"has-post-thumbnail","6":"product_cat-accessories","8":"first","9":"instock","10":"shipping-taxable","11":"product-type-simple"},"jetpack_sharing_enabled":true,"_links":{"self":[{"href":"https:\/\/para-pharmacity.tn\/index.php?rest_route=\/wp\/v2\/product\/19671","targetHints":{"allow":["GET"]}}],"collection":[{"href":"https:\/\/para-pharmacity.tn\/index.php?rest_route=\/wp\/v2\/product"}],"about":[{"href":"https:\/\/para-pharmacity.tn\/index.php?rest_route=\/wp\/v2\/types\/product"}],"replies":[{"embeddable":true,"href":"https:\/\/para-pharmacity.tn\/index.php?rest_route=%2Fwp%2Fv2%2Fcomments&post=19671"}],"version-history":[{"count":2,"href":"https:\/\/para-pharmacity.tn\/index.php?rest_route=\/wp\/v2\/product\/19671\/revisions"}],"predecessor-version":[{"id":23442,"href":"https:\/\/para-pharmacity.tn\/index.php?rest_route=\/wp\/v2\/product\/19671\/revisions\/23442"}],"wp:featuredmedia":[{"embeddable":true,"href":"https:\/\/para-pharmacity.tn\/index.php?rest_route=\/wp\/v2\/media\/23438"}],"wp:attachment":[{"href":"https:\/\/para-pharmacity.tn\/index.php?rest_route=%2Fwp%2Fv2%2Fmedia&parent=19671"}],"wp:term":[{"taxonomy":"product_cat","embeddable":true,"href":"https:\/\/para-pharmacity.tn\/index.php?rest_route=%2Fwp%2Fv2%2Fproduct_cat&post=19671"},{"taxonomy":"product_tag","embeddable":true,"href":"https:\/\/para-pharmacity.tn\/index.php?rest_route=%2Fwp%2Fv2%2Fproduct_tag&post=19671"}],"curies":[{"name":"wp","href":"https:\/\/api.w.org\/{rel}","templated":true}]}}