{"id":19668,"date":"2024-07-11T10:08:54","date_gmt":"2024-07-11T10:08:54","guid":{"rendered":"https:\/\/para-pharmacity.tn\/?product=tynor-genouillere-simple-xxl"},"modified":"2024-08-15T13:09:29","modified_gmt":"2024-08-15T13:09:29","slug":"tynor-genouillere-simple-xxl","status":"publish","type":"product","link":"https:\/\/para-pharmacity.tn\/?product=tynor-genouillere-simple-xxl","title":{"rendered":"TYNOR GENOUILLERE SIMPLE XXL"},"content":{"rendered":"<p><span style=\"color: #000000\">La Genouill\u00e8re simple c\u2019est un support tubulaire largement utilis\u00e9 dans la pratique orthop\u00e9dique pour fournir une compression, une chaleur et un soutien doux \u00e0 l&rsquo;articulation du genou, pour soulager la douleur et l&rsquo;inflammation, g\u00e9n\u00e9ralement associ\u00e9s \u00e0 la vieillesse, \u00e0 l&rsquo;arthrite, aux blessures sportives, etc.<\/span><\/p>\n<p><span style=\"color: #000000\">Hypoallerg\u00e9nique<\/span><\/p>\n<p><span style=\"color: #000000\">\u00c9tirement quadridirectionnel<\/span><\/p>\n<p><span style=\"color: #000000\">Compression uniforme<\/span><\/p>\n<p><span style=\"color: #000000\">Application simple \u00e0 tirer<\/span><\/p>\n<p><span style=\"color: #000000\">La forme effil\u00e9e et le tissage unique offrent une compression uniforme sur toute la surface du genou et un soutien ferme \u00e0 la zone du genou.<\/span><\/p>\n<p><span style=\"color: #000000\">Int\u00e9rieur en coton bicouche, une interphase dermophillique am\u00e9liore l&rsquo;absorption de la transpiration, le confort et la compliance.<\/span><\/p>\n<p><span style=\"color: #000000\">Le nylon \u00e0 deux couches \u00e0 l&rsquo;ext\u00e9rieur assure la durabilit\u00e9, am\u00e9liore l&rsquo;esth\u00e9tique et la solidit\u00e9 des couleurs.<\/span><\/p>\n<p><span style=\"color: #000000\">Tissu extensible dans les quatre sens, assure une compression efficace ainsi que le confort.<\/span><\/p>\n<p><span style=\"color: #000000\">Deux couches avec un espace d&rsquo;air entrelac\u00e9, retient efficacement la chaleur corporelle, acc\u00e9l\u00e8re la gu\u00e9rison et apaise la douleur.<\/span><\/p>\n","protected":false},"excerpt":{"rendered":"<p>La Genouill\u00e8re simple c\u2019est un support tubulaire largement utilis\u00e9 dans la pratique orthop\u00e9dique pour fournir une compression, une chaleur et<\/p>\n","protected":false},"featured_media":23421,"comment_status":"open","ping_status":"closed","template":"","meta":[],"product_cat":[20],"product_tag":[],"class_list":{"0":"post-19668","1":"product","2":"type-product","3":"status-publish","4":"has-post-thumbnail","6":"product_cat-accessories","8":"first","9":"instock","10":"shipping-taxable","11":"product-type-simple"},"jetpack_sharing_enabled":true,"_links":{"self":[{"href":"https:\/\/para-pharmacity.tn\/index.php?rest_route=\/wp\/v2\/product\/19668","targetHints":{"allow":["GET"]}}],"collection":[{"href":"https:\/\/para-pharmacity.tn\/index.php?rest_route=\/wp\/v2\/product"}],"about":[{"href":"https:\/\/para-pharmacity.tn\/index.php?rest_route=\/wp\/v2\/types\/product"}],"replies":[{"embeddable":true,"href":"https:\/\/para-pharmacity.tn\/index.php?rest_route=%2Fwp%2Fv2%2Fcomments&post=19668"}],"version-history":[{"count":2,"href":"https:\/\/para-pharmacity.tn\/index.php?rest_route=\/wp\/v2\/product\/19668\/revisions"}],"predecessor-version":[{"id":23423,"href":"https:\/\/para-pharmacity.tn\/index.php?rest_route=\/wp\/v2\/product\/19668\/revisions\/23423"}],"wp:featuredmedia":[{"embeddable":true,"href":"https:\/\/para-pharmacity.tn\/index.php?rest_route=\/wp\/v2\/media\/23421"}],"wp:attachment":[{"href":"https:\/\/para-pharmacity.tn\/index.php?rest_route=%2Fwp%2Fv2%2Fmedia&parent=19668"}],"wp:term":[{"taxonomy":"product_cat","embeddable":true,"href":"https:\/\/para-pharmacity.tn\/index.php?rest_route=%2Fwp%2Fv2%2Fproduct_cat&post=19668"},{"taxonomy":"product_tag","embeddable":true,"href":"https:\/\/para-pharmacity.tn\/index.php?rest_route=%2Fwp%2Fv2%2Fproduct_tag&post=19668"}],"curies":[{"name":"wp","href":"https:\/\/api.w.org\/{rel}","templated":true}]}}