{"id":19665,"date":"2024-07-11T10:08:53","date_gmt":"2024-07-11T10:08:53","guid":{"rendered":"https:\/\/para-pharmacity.tn\/?product=tynor-genouillere-rotuliene-x-large"},"modified":"2024-08-15T12:14:50","modified_gmt":"2024-08-15T12:14:50","slug":"tynor-genouillere-rotuliene-x-large","status":"publish","type":"product","link":"https:\/\/para-pharmacity.tn\/?product=tynor-genouillere-rotuliene-x-large","title":{"rendered":"TYNOR GENOUILLERE ROTULIENE X LARGE"},"content":{"rendered":"<p><span style=\"color: #000000\">La Genouill\u00e8re Rotulienne avec Attelle Flexible repr\u00e9sente une nouvelle g\u00e9n\u00e9ration de support de genou, visant \u00e0 fournir stabilisation, compression, adh\u00e9rence et soutien pour les genoux faibles ou instables.<\/span><\/p>\n<p><span style=\"color: #000000\">Caract\u00e9ristiques :<\/span><\/p>\n<p><span style=\"color: #000000\">&#8211; Bague patellaire en silicone<\/span><\/p>\n<p><span style=\"color: #000000\">&#8211; Forme anatomique<\/span><\/p>\n<p><span style=\"color: #000000\">&#8211; Charni\u00e8re \u00e0 ressort multi-axiale<\/span><\/p>\n<p><span style=\"color: #000000\">&#8211; \u00c9tirement quadridirectionnel<\/span><\/p>\n<p><span style=\"color: #000000\">Fabriqu\u00e9e \u00e0 partir de fil de nylon de haute qualit\u00e9, cette genouill\u00e8re assure une durabilit\u00e9 \u00e9lev\u00e9e, une esth\u00e9tique attrayante et une solidit\u00e9 des couleurs. Sa capacit\u00e9 d&rsquo;\u00e9tirement dans les quatre sens permet un ajustement serr\u00e9 et confortable sans pelotage \u00e0 l&rsquo;arri\u00e8re.<\/span><\/p>\n<p><span style=\"color: #000000\">L&rsquo;armure entrelac\u00e9e sp\u00e9ciale et le fil \u00e9lastique \u00e0 spirale unique garantissent une compression uniforme m\u00eame sur une surface de membre in\u00e9gale, offrant un soutien ferme et une compression optimale.<\/span><\/p>\n<p><span style=\"color: #000000\">Le corps \u00e0 double couche conserve la chaleur pour favoriser une gu\u00e9rison rapide.<\/span><\/p>\n<p><span style=\"color: #000000\">L&rsquo;ouverture rotulienne ant\u00e9rieure soulage la pression sur la rotule et positionne celle-ci en cas de luxation rotulienne.<\/span><\/p>\n<p><span style=\"color: #000000\">Le coussin en silicone absorbe les vibrations autour de la rotule et du tendon rotulien, offrant un soutien optimal et une compression confortable au tendon rotulien. La surface nodulaire du coussin en silicone am\u00e9liore la proprioception, propose un massage de la zone, stimule la circulation sanguine et favorise la gu\u00e9rison.<\/span><\/p>\n","protected":false},"excerpt":{"rendered":"<p>La Genouill\u00e8re Rotulienne avec Attelle Flexible repr\u00e9sente une nouvelle g\u00e9n\u00e9ration de support de genou, visant \u00e0 fournir stabilisation, compression, adh\u00e9rence<\/p>\n","protected":false},"featured_media":23396,"comment_status":"open","ping_status":"closed","template":"","meta":[],"product_cat":[20],"product_tag":[],"class_list":{"0":"post-19665","1":"product","2":"type-product","3":"status-publish","4":"has-post-thumbnail","6":"product_cat-accessories","8":"first","9":"instock","10":"shipping-taxable","11":"product-type-simple"},"jetpack_sharing_enabled":true,"_links":{"self":[{"href":"https:\/\/para-pharmacity.tn\/index.php?rest_route=\/wp\/v2\/product\/19665","targetHints":{"allow":["GET"]}}],"collection":[{"href":"https:\/\/para-pharmacity.tn\/index.php?rest_route=\/wp\/v2\/product"}],"about":[{"href":"https:\/\/para-pharmacity.tn\/index.php?rest_route=\/wp\/v2\/types\/product"}],"replies":[{"embeddable":true,"href":"https:\/\/para-pharmacity.tn\/index.php?rest_route=%2Fwp%2Fv2%2Fcomments&post=19665"}],"version-history":[{"count":2,"href":"https:\/\/para-pharmacity.tn\/index.php?rest_route=\/wp\/v2\/product\/19665\/revisions"}],"predecessor-version":[{"id":23401,"href":"https:\/\/para-pharmacity.tn\/index.php?rest_route=\/wp\/v2\/product\/19665\/revisions\/23401"}],"wp:featuredmedia":[{"embeddable":true,"href":"https:\/\/para-pharmacity.tn\/index.php?rest_route=\/wp\/v2\/media\/23396"}],"wp:attachment":[{"href":"https:\/\/para-pharmacity.tn\/index.php?rest_route=%2Fwp%2Fv2%2Fmedia&parent=19665"}],"wp:term":[{"taxonomy":"product_cat","embeddable":true,"href":"https:\/\/para-pharmacity.tn\/index.php?rest_route=%2Fwp%2Fv2%2Fproduct_cat&post=19665"},{"taxonomy":"product_tag","embeddable":true,"href":"https:\/\/para-pharmacity.tn\/index.php?rest_route=%2Fwp%2Fv2%2Fproduct_tag&post=19665"}],"curies":[{"name":"wp","href":"https:\/\/api.w.org\/{rel}","templated":true}]}}