{"id":19661,"date":"2024-07-11T10:08:52","date_gmt":"2024-07-11T10:08:52","guid":{"rendered":"https:\/\/para-pharmacity.tn\/?product=tynor-genouillere-ligam-art-xlarge"},"modified":"2025-06-11T11:22:22","modified_gmt":"2025-06-11T11:22:22","slug":"tynor-genouillere-ligam-art-xlarge","status":"publish","type":"product","link":"https:\/\/para-pharmacity.tn\/?product=tynor-genouillere-ligam-art-xlarge","title":{"rendered":"TYNOR GENOUILLERE LIGAM ART XLARGE"},"content":{"rendered":"<p><strong>La Genouill\u00e8re Ligamentaire Articul\u00e9e\u00a0<\/strong>offre l\u2019avantage d\u2019une compression contr\u00f4l\u00e9e autour du genou et d\u2019un soutien lat\u00e9ral rigide et d\u2019une immobilisation.\u00a0Il permet une flexion normale et un libre mouvement de l\u2019articulation du genou.\u00a0En raison de l\u2019ouverture avant, il est pratique d\u2019appliquer et de retirer.<\/p>\n<ul>\n<li>Application facile.<\/li>\n<li>Meilleur d\u00e9chargement<\/li>\n<li>Compression contr\u00f4l\u00e9e.<\/li>\n<li>Attelle lat\u00e9rale parfaite.<\/li>\n<li>Conception anatomique<\/li>\n<\/ul>\n<ul>\n<li>La charni\u00e8re en aluminium bi-axiale robuste imite l\u2019articulation naturelle du genou, assure un roulement complet et permet un mouvement de flexion libre.<\/li>\n<li>Le tissu extensible \u00e0 quatre voies offre une compression contr\u00f4l\u00e9e et confortable, mais pas de flambage ni de vaso-constriction.<\/li>\n<li>La conception de la rotule ouverte lib\u00e8re la pression rotulienne, maintenez la rotule en position.<\/li>\n<li>La conception de l\u2019enveloppe avec fermeture ant\u00e9rieure est facile \u00e0 appliquer et \u00e0 retirer sur les genoux gonfl\u00e9s ou asym\u00e9triques ou les patients g\u00e9riatriques.\u00a0Permet une compression personnalis\u00e9e et offre une flexibilit\u00e9 de dimensionnement.<\/li>\n<li>Conception ergonomique avec sangles anti-garrot, n\u2019assure aucune restriction au flux sanguin, mais une meilleure adh\u00e9rence du produit au corps.\u00a0La construction anatomique offre une meilleure fonctionnalit\u00e9 et un ajustement parfait.<\/li>\n<\/ul>\n","protected":false},"excerpt":{"rendered":"<p>La Genouill\u00e8re Ligamentaire Articul\u00e9e offre l\u2019avantage d\u2019une compression contr\u00f4l\u00e9e autour du genou et d\u2019un soutien lat\u00e9ral rigide et d\u2019une immobilisation. Il permet une flexion normale et un libre mouvement de l\u2019articulation du genou. En raison de l\u2019ouverture avant, il est pratique d\u2019appliquer et de retirer.<\/p>\n","protected":false},"featured_media":26593,"comment_status":"open","ping_status":"closed","template":"","meta":[],"product_cat":[20],"product_tag":[],"class_list":{"0":"post-19661","1":"product","2":"type-product","3":"status-publish","4":"has-post-thumbnail","6":"product_cat-accessories","8":"first","9":"instock","10":"shipping-taxable","11":"purchasable","12":"product-type-simple"},"jetpack_sharing_enabled":true,"_links":{"self":[{"href":"https:\/\/para-pharmacity.tn\/index.php?rest_route=\/wp\/v2\/product\/19661","targetHints":{"allow":["GET"]}}],"collection":[{"href":"https:\/\/para-pharmacity.tn\/index.php?rest_route=\/wp\/v2\/product"}],"about":[{"href":"https:\/\/para-pharmacity.tn\/index.php?rest_route=\/wp\/v2\/types\/product"}],"replies":[{"embeddable":true,"href":"https:\/\/para-pharmacity.tn\/index.php?rest_route=%2Fwp%2Fv2%2Fcomments&post=19661"}],"version-history":[{"count":2,"href":"https:\/\/para-pharmacity.tn\/index.php?rest_route=\/wp\/v2\/product\/19661\/revisions"}],"predecessor-version":[{"id":26594,"href":"https:\/\/para-pharmacity.tn\/index.php?rest_route=\/wp\/v2\/product\/19661\/revisions\/26594"}],"wp:featuredmedia":[{"embeddable":true,"href":"https:\/\/para-pharmacity.tn\/index.php?rest_route=\/wp\/v2\/media\/26593"}],"wp:attachment":[{"href":"https:\/\/para-pharmacity.tn\/index.php?rest_route=%2Fwp%2Fv2%2Fmedia&parent=19661"}],"wp:term":[{"taxonomy":"product_cat","embeddable":true,"href":"https:\/\/para-pharmacity.tn\/index.php?rest_route=%2Fwp%2Fv2%2Fproduct_cat&post=19661"},{"taxonomy":"product_tag","embeddable":true,"href":"https:\/\/para-pharmacity.tn\/index.php?rest_route=%2Fwp%2Fv2%2Fproduct_tag&post=19661"}],"curies":[{"name":"wp","href":"https:\/\/api.w.org\/{rel}","templated":true}]}}