{"id":19376,"date":"2024-07-11T10:06:49","date_gmt":"2024-07-11T10:06:49","guid":{"rendered":"https:\/\/para-pharmacity.tn\/?product=tartrex-dent-purifiant-au-zinc-80-ml"},"modified":"2025-06-16T13:08:49","modified_gmt":"2025-06-16T13:08:49","slug":"tartrex-dent-purifiant-au-zinc-80-ml","status":"publish","type":"product","link":"https:\/\/para-pharmacity.tn\/?product=tartrex-dent-purifiant-au-zinc-80-ml","title":{"rendered":"TARTREX DENT PURIFIANT AU ZINC 80 ML"},"content":{"rendered":"<p>Tartrex Dentifrice Purifiant au Zinc<\/p>\n<p>Tartrex Dentifrice Purifiant au Zinc combat l&rsquo;accumulation de tartre et de plaque dentaire, ainsi que les maladies des gencives.<\/p>\n<p>Tartrex Dentifrice Purifiant au Zinc poss\u00e8de \u00e9galement un puissant agent antibact\u00e9rien qui aide \u00e0 garder la bouche fra\u00eeche et propre.<\/p>\n<h2>Conseils d&rsquo;application :<\/h2>\n<p>Il est conseill\u00e9 :<\/p>\n<ul>\n<li>Pour les adultes : brosser les dents 3 fois par jour.<\/li>\n<li>Pour les enfants de moins de 6 ans : utiliser une noisette de dentifrice sous le contr\u00f4le d\u2019un adulte.<\/li>\n<li>Bien se rincer la bouche apr\u00e8s chaque brossage.<\/li>\n<li>Usage au quotidien<\/li>\n<li>Ne pas avaler<\/li>\n<\/ul>\n<h2>Conseils d&rsquo;utilisation :<\/h2>\n<p>Utiliser Tartrex dentifrice sensibilit\u00e9 aux potassium &amp; fluor &#8211; dents &amp; gencives sensibles avec Tartrex brosse \u00e0 dents ultra-souple et en compl\u00e9ment de Tartrex bain de bouche aux huiles essentielles.<\/p>\n<p>Tartrex dentifrice sensibilit\u00e9 aux potassium &amp; fluor &#8211; dents &amp; gencives sensibles convient \u00e0 l\u2019adulte, \u00e0 la femme enceinte et aux enfants<\/p>\n","protected":false},"excerpt":{"rendered":"<p>Offrez \u00e0 votre sourire le soin purifiant qu&rsquo;il m\u00e9rite avec le Dentifrice Gel Purifiant au Zinc Phyt\u00e9al Tartrex. Une alliance naturelle d&rsquo;huiles essentielles et d&rsquo;alo\u00e9 vera pour une hygi\u00e8ne dentaire optimale.<\/p>\n","protected":false},"featured_media":26826,"comment_status":"open","ping_status":"closed","template":"","meta":[],"product_cat":[421],"product_tag":[],"class_list":{"0":"post-19376","1":"product","2":"type-product","3":"status-publish","4":"has-post-thumbnail","6":"product_cat-hygiene-buccodentaire","8":"first","9":"instock","10":"shipping-taxable","11":"purchasable","12":"product-type-simple"},"jetpack_sharing_enabled":true,"_links":{"self":[{"href":"https:\/\/para-pharmacity.tn\/index.php?rest_route=\/wp\/v2\/product\/19376","targetHints":{"allow":["GET"]}}],"collection":[{"href":"https:\/\/para-pharmacity.tn\/index.php?rest_route=\/wp\/v2\/product"}],"about":[{"href":"https:\/\/para-pharmacity.tn\/index.php?rest_route=\/wp\/v2\/types\/product"}],"replies":[{"embeddable":true,"href":"https:\/\/para-pharmacity.tn\/index.php?rest_route=%2Fwp%2Fv2%2Fcomments&post=19376"}],"version-history":[{"count":2,"href":"https:\/\/para-pharmacity.tn\/index.php?rest_route=\/wp\/v2\/product\/19376\/revisions"}],"predecessor-version":[{"id":26827,"href":"https:\/\/para-pharmacity.tn\/index.php?rest_route=\/wp\/v2\/product\/19376\/revisions\/26827"}],"wp:featuredmedia":[{"embeddable":true,"href":"https:\/\/para-pharmacity.tn\/index.php?rest_route=\/wp\/v2\/media\/26826"}],"wp:attachment":[{"href":"https:\/\/para-pharmacity.tn\/index.php?rest_route=%2Fwp%2Fv2%2Fmedia&parent=19376"}],"wp:term":[{"taxonomy":"product_cat","embeddable":true,"href":"https:\/\/para-pharmacity.tn\/index.php?rest_route=%2Fwp%2Fv2%2Fproduct_cat&post=19376"},{"taxonomy":"product_tag","embeddable":true,"href":"https:\/\/para-pharmacity.tn\/index.php?rest_route=%2Fwp%2Fv2%2Fproduct_tag&post=19376"}],"curies":[{"name":"wp","href":"https:\/\/api.w.org\/{rel}","templated":true}]}}