{"id":19365,"date":"2024-07-11T10:06:45","date_gmt":"2024-07-11T10:06:45","guid":{"rendered":"https:\/\/para-pharmacity.tn\/?product=svr-xerial-40-ongles"},"modified":"2025-06-16T14:54:29","modified_gmt":"2025-06-16T14:54:29","slug":"svr-xerial-40-ongles","status":"publish","type":"product","link":"https:\/\/para-pharmacity.tn\/?product=svr-xerial-40-ongles","title":{"rendered":"SVR XERIAL 40 ONGLES"},"content":{"rendered":"<div class=\"row\">\n<div id=\"content-wrapper\" class=\"col-xs-12\">\n<section id=\"main\">\n<div class=\"row\">\n<div class=\"col-xs-12\">\n<div class=\"tabs \">\n<div id=\"tab-content\" class=\"tab-content\">\n<div id=\"description\" class=\"tab-pane in active\" role=\"tabpanel\">\n<div class=\"product-description\">\n<p>SVR X\u00e9rial 40 prot\u00e8ge l&rsquo;ongle des agressions. En effet, ce dernier permet de lisser l&rsquo;ongle, et ce, en assainissant la flore fongique. Le pinceau qu&rsquo;il comporte permet une application pr\u00e9cise et efficace.<\/p>\n<\/div>\n<\/div>\n<\/div>\n<\/div>\n<\/div>\n<\/div>\n<footer class=\"page-footer\"><\/footer>\n<\/section>\n<\/div>\n<\/div>\n<section class=\"categoryproducts clearfix\">\n<div class=\"pos_title\"><\/div>\n<\/section>\n","protected":false},"excerpt":{"rendered":"<p>X\u00e9rial 40 Ongles est un gel qui lisse et diminue l\u2019\u00e9paississement de l\u2019ongle ab\u00eem\u00e9, d\u00e9doubl\u00e9, stri\u00e9 et le prot\u00e8ge des agressions ext\u00e9rieures.<\/p>\n","protected":false},"featured_media":26869,"comment_status":"open","ping_status":"closed","template":"","meta":[],"product_cat":[235],"product_tag":[],"class_list":{"0":"post-19365","1":"product","2":"type-product","3":"status-publish","4":"has-post-thumbnail","6":"product_cat-corps","8":"first","9":"instock","10":"shipping-taxable","11":"purchasable","12":"product-type-simple"},"jetpack_sharing_enabled":true,"_links":{"self":[{"href":"https:\/\/para-pharmacity.tn\/index.php?rest_route=\/wp\/v2\/product\/19365","targetHints":{"allow":["GET"]}}],"collection":[{"href":"https:\/\/para-pharmacity.tn\/index.php?rest_route=\/wp\/v2\/product"}],"about":[{"href":"https:\/\/para-pharmacity.tn\/index.php?rest_route=\/wp\/v2\/types\/product"}],"replies":[{"embeddable":true,"href":"https:\/\/para-pharmacity.tn\/index.php?rest_route=%2Fwp%2Fv2%2Fcomments&post=19365"}],"version-history":[{"count":2,"href":"https:\/\/para-pharmacity.tn\/index.php?rest_route=\/wp\/v2\/product\/19365\/revisions"}],"predecessor-version":[{"id":26870,"href":"https:\/\/para-pharmacity.tn\/index.php?rest_route=\/wp\/v2\/product\/19365\/revisions\/26870"}],"wp:featuredmedia":[{"embeddable":true,"href":"https:\/\/para-pharmacity.tn\/index.php?rest_route=\/wp\/v2\/media\/26869"}],"wp:attachment":[{"href":"https:\/\/para-pharmacity.tn\/index.php?rest_route=%2Fwp%2Fv2%2Fmedia&parent=19365"}],"wp:term":[{"taxonomy":"product_cat","embeddable":true,"href":"https:\/\/para-pharmacity.tn\/index.php?rest_route=%2Fwp%2Fv2%2Fproduct_cat&post=19365"},{"taxonomy":"product_tag","embeddable":true,"href":"https:\/\/para-pharmacity.tn\/index.php?rest_route=%2Fwp%2Fv2%2Fproduct_tag&post=19365"}],"curies":[{"name":"wp","href":"https:\/\/api.w.org\/{rel}","templated":true}]}}