{"id":19360,"date":"2024-07-11T10:06:43","date_gmt":"2024-07-11T10:06:43","guid":{"rendered":"https:\/\/para-pharmacity.tn\/?product=svr-xerial-10-lait-200ml"},"modified":"2025-06-16T15:15:41","modified_gmt":"2025-06-16T15:15:41","slug":"svr-xerial-10-lait-200ml","status":"publish","type":"product","link":"https:\/\/para-pharmacity.tn\/?product=svr-xerial-10-lait-200ml","title":{"rendered":"SVR XERIAL 10 LAIT 200ML"},"content":{"rendered":"<p>SVR X\u00e9rial 10 est un lait pour le corps qui \u00e9limine efficacement les cellules mortes et hydrate intens\u00e9ment pendant 24h. Ce dernier est anti-squames. Enrichi en beurre de karit\u00e9 et allanto\u00efne, ce lait corps apaise, nourrit et prot\u00e8ge la peau. En utilisant X\u00e9rial 10 lait corps votre peau deviendra lisse et douce. Gr\u00e2ce \u00e0 se texture fine, ce lait corps est tr\u00e8s facile \u00e0 \u00e9taler. Sa composition lui permet d&rsquo;\u00eatre utiliser en parall\u00e8le avec un traitement dermatologique dess\u00e9chant.<\/p>\n","protected":false},"excerpt":{"rendered":"<p><strong data-start=\"0\" data-end=\"17\" data-is-only-node=\"\">SVR X\u00e9rial 10<\/strong> est un lait corps anti-squames qui hydrate 24h, lisse et apaise les peaux s\u00e8ches. Id\u00e9al en compl\u00e9ment de traitements dess\u00e9chants.<\/p>\n","protected":false},"featured_media":26878,"comment_status":"open","ping_status":"closed","template":"","meta":[],"product_cat":[235],"product_tag":[],"class_list":{"0":"post-19360","1":"product","2":"type-product","3":"status-publish","4":"has-post-thumbnail","6":"product_cat-corps","8":"first","9":"instock","10":"shipping-taxable","11":"purchasable","12":"product-type-simple"},"jetpack_sharing_enabled":true,"_links":{"self":[{"href":"https:\/\/para-pharmacity.tn\/index.php?rest_route=\/wp\/v2\/product\/19360","targetHints":{"allow":["GET"]}}],"collection":[{"href":"https:\/\/para-pharmacity.tn\/index.php?rest_route=\/wp\/v2\/product"}],"about":[{"href":"https:\/\/para-pharmacity.tn\/index.php?rest_route=\/wp\/v2\/types\/product"}],"replies":[{"embeddable":true,"href":"https:\/\/para-pharmacity.tn\/index.php?rest_route=%2Fwp%2Fv2%2Fcomments&post=19360"}],"version-history":[{"count":2,"href":"https:\/\/para-pharmacity.tn\/index.php?rest_route=\/wp\/v2\/product\/19360\/revisions"}],"predecessor-version":[{"id":26879,"href":"https:\/\/para-pharmacity.tn\/index.php?rest_route=\/wp\/v2\/product\/19360\/revisions\/26879"}],"wp:featuredmedia":[{"embeddable":true,"href":"https:\/\/para-pharmacity.tn\/index.php?rest_route=\/wp\/v2\/media\/26878"}],"wp:attachment":[{"href":"https:\/\/para-pharmacity.tn\/index.php?rest_route=%2Fwp%2Fv2%2Fmedia&parent=19360"}],"wp:term":[{"taxonomy":"product_cat","embeddable":true,"href":"https:\/\/para-pharmacity.tn\/index.php?rest_route=%2Fwp%2Fv2%2Fproduct_cat&post=19360"},{"taxonomy":"product_tag","embeddable":true,"href":"https:\/\/para-pharmacity.tn\/index.php?rest_route=%2Fwp%2Fv2%2Fproduct_tag&post=19360"}],"curies":[{"name":"wp","href":"https:\/\/api.w.org\/{rel}","templated":true}]}}