{"id":17381,"date":"2024-07-10T23:02:47","date_gmt":"2024-07-10T23:02:47","guid":{"rendered":"https:\/\/para-pharmacity.tn\/?product=herbex-g-folique-1000-ui-30-gel"},"modified":"2024-09-12T16:57:33","modified_gmt":"2024-09-12T16:57:33","slug":"herbex-g-folique-1000-ui-30-gel","status":"publish","type":"product","link":"https:\/\/para-pharmacity.tn\/?product=herbex-g-folique-1000-ui-30-gel","title":{"rendered":"HERBEX G FOLIQUE 1000 UI 30 GEL"},"content":{"rendered":"<p><b>HERBEX-G FOLIQUE 1000 MCG 30 GELULES<\/b><\/p>\n<p>HERBEX-G FOLIQUE 1000 MCG\u00a0est particuli\u00e8rement adapt\u00e9 pour une suppl\u00e9mentation cibl\u00e9e en acide folique en toute s\u00e9curit\u00e9 d\u00e9s le d\u00e9sir de la grossesse et pendant toute la dur\u00e9e de grossesse et au cours de l\u2019allaitement.<\/p>\n<p>L\u2019acide folique (\u00e9galement connu sous le nom de vitamine B9 ou folate) est un nutriment qui aide \u00e0 la croissance et au maintien des cellules. Cette vitamine favorise entre autres la croissance des tissus maternels et foetaux pendant la grossesse. Elle contribue au d\u00e9veloppement normal de la colonne vert\u00e9brale, du cerveau et du cr\u00e2ne du b\u00e9b\u00e9 \u00e0 na\u00eetre.<\/p>\n<p>Un apport suffisant en acide folique est essentiel chez toutes les femmes durant leur grossesse, et ce pourpr\u00e9venir certaines anomalies cong\u00e9nitales telles que les suivantes :<\/p>\n<ul>\n<li>anomalies du tube neural (spina-bifida);<\/li>\n<li>cardiopathies cong\u00e9nitales (probl\u00e8mes de coeur);<\/li>\n<li>anomalies des voies urinaires;<\/li>\n<li>anomalies des membres;<\/li>\n<li>fentes orofaciales (ex. : bec-de-li\u00e8vre et\/ou fente palatine).<\/li>\n<li>Les facteurs suivants ont \u00e9t\u00e9 associ\u00e9s \u00e0 un risque plus \u00e9lev\u00e9 d\u2019anomalie du tube neural (ATN) :<\/li>\n<li>ATN chez l\u2019embryon lors d\u2019une grossesse pr\u00e9c\u00e9dente;<\/li>\n<li>ant\u00e9c\u00e9dents familiaux d\u2019ATN (du c\u00f4t\u00e9 de la m\u00e8re ou du p\u00e8re);<\/li>\n<li>diab\u00e8te;<\/li>\n<li>\u00e9pilepsie;<\/li>\n<li>ob\u00e9sit\u00e9;<\/li>\n<li>alcoolisme et toxicomanie;<\/li>\n<li>prise de certains m\u00e9dicaments;<\/li>\n<\/ul>\n","protected":false},"excerpt":{"rendered":"<p>Un apport suffisant en acide folique est essentiel chez toutes les femmes durant leur grossesse, et ce pour pr\u00e9venir certaines anomalies cong\u00e9nitales.<\/p>\n","protected":false},"featured_media":24883,"comment_status":"open","ping_status":"closed","template":"","meta":[],"product_cat":[20],"product_tag":[],"class_list":{"0":"post-17381","1":"product","2":"type-product","3":"status-publish","4":"has-post-thumbnail","6":"product_cat-accessories","8":"first","9":"instock","10":"shipping-taxable","11":"product-type-simple"},"jetpack_sharing_enabled":true,"_links":{"self":[{"href":"https:\/\/para-pharmacity.tn\/index.php?rest_route=\/wp\/v2\/product\/17381","targetHints":{"allow":["GET"]}}],"collection":[{"href":"https:\/\/para-pharmacity.tn\/index.php?rest_route=\/wp\/v2\/product"}],"about":[{"href":"https:\/\/para-pharmacity.tn\/index.php?rest_route=\/wp\/v2\/types\/product"}],"replies":[{"embeddable":true,"href":"https:\/\/para-pharmacity.tn\/index.php?rest_route=%2Fwp%2Fv2%2Fcomments&post=17381"}],"version-history":[{"count":2,"href":"https:\/\/para-pharmacity.tn\/index.php?rest_route=\/wp\/v2\/product\/17381\/revisions"}],"predecessor-version":[{"id":24884,"href":"https:\/\/para-pharmacity.tn\/index.php?rest_route=\/wp\/v2\/product\/17381\/revisions\/24884"}],"wp:featuredmedia":[{"embeddable":true,"href":"https:\/\/para-pharmacity.tn\/index.php?rest_route=\/wp\/v2\/media\/24883"}],"wp:attachment":[{"href":"https:\/\/para-pharmacity.tn\/index.php?rest_route=%2Fwp%2Fv2%2Fmedia&parent=17381"}],"wp:term":[{"taxonomy":"product_cat","embeddable":true,"href":"https:\/\/para-pharmacity.tn\/index.php?rest_route=%2Fwp%2Fv2%2Fproduct_cat&post=17381"},{"taxonomy":"product_tag","embeddable":true,"href":"https:\/\/para-pharmacity.tn\/index.php?rest_route=%2Fwp%2Fv2%2Fproduct_tag&post=17381"}],"curies":[{"name":"wp","href":"https:\/\/api.w.org\/{rel}","templated":true}]}}