{"id":17376,"date":"2024-07-10T23:02:46","date_gmt":"2024-07-10T23:02:46","guid":{"rendered":"https:\/\/para-pharmacity.tn\/?product=heliocare-sun-touch-spf-50"},"modified":"2024-09-12T16:06:57","modified_gmt":"2024-09-12T16:06:57","slug":"heliocare-sun-touch-spf-50","status":"publish","type":"product","link":"https:\/\/para-pharmacity.tn\/?product=heliocare-sun-touch-spf-50","title":{"rendered":"HELIOCARE SUN TOUCH SPF 50"},"content":{"rendered":"<h4><span style=\"color: #70ad47\">Description\u00a0:<\/span><\/h4>\n<p>Heliocare Hydra Gel SPF 50 Sun Touch! Le nouveau hydratant cr\u00e8me solaire de Heliocare, adapt\u00e9 \u00e0 tous les types de peau et id\u00e9al pour ceux qui ont la peau s\u00e8che.<\/p>\n<p>Sans huile, facile appliquer, de la lumi\u00e8re \u00e0 la formulation tactile, offrant une touche suppl\u00e9mentaire de l&rsquo; humidit\u00e9 et un chatoiement sain. Heliocare\u00ae Hydragel est id\u00e9al pour les types de peau, en particulier ceux qui ont besoin d&rsquo;une touche de luminosit\u00e9.<\/p>\n<hr \/>\n<h4><span style=\"color: #70ad47\">Conseils d\u2019utilisation\u00a0:<\/span><\/h4>\n<p>Appliquer le matin pour compl\u00e9ter votre r\u00e9gime de soins de la peau anti-\u00e2ge ou comme dirig\u00e9 par votre professionnel esth\u00e9tique. Appliquer en petites quantit\u00e9s, lissant doucement sur la surface de la peau pour une apparence saine tann\u00e9e.<\/p>\n<p>Non com\u00e9dog\u00e8ne.<\/p>\n<p>Renouveler toutes les 2-3 heures pendant les p\u00e9riodes de forte exposition au soleil.<\/p>\n<hr \/>\n<h4><span style=\"color: #70ad47\">Composition\u00a0:<\/span><\/h4>\n<p>filtres UVA \/ UVB: filtres min\u00e9raux Ultra-avanc\u00e9s et des filtres non-min\u00e9raux habilement combin\u00e9s pour fournir de haut niveau de protection UVA \/ UVB avec une \u00e9l\u00e9gante peau sentir et para\u00eetre. Protectants Photobiological &#8211; Fernblock: extrait de foug\u00e8re naturel riche en polyph\u00e9nols et les flavono\u00efdes, combin\u00e9 avec extrait de th\u00e9 vert, offre photo-protection biologique. Exhausteurs de protection: Ultrasomes; endonucl\u00e9ases d&rsquo; origine naturelle contribuent \u00e0 prot\u00e9ger l&rsquo; ADN et la r\u00e9paration. Sunspheres: accro\u00eetrel&rsquo;efficacit\u00e9 des filtres UVA \/ UVB. Acide Hyaluronique et Aloe Vera: agents hydratants intenses pour hydrater et apaiser la peau s\u00e8che.<\/p>\n","protected":false},"excerpt":{"rendered":"<p>Heliocare Hydra Gel SPF 50 Sun Touch!\u00a0Le nouveau hydratant cr\u00e8me solaire de Heliocare, adapt\u00e9 \u00e0 tous les types de peau et id\u00e9al pour ceux qui ont la peau s\u00e8che.<\/p>\n","protected":false},"featured_media":24873,"comment_status":"open","ping_status":"closed","template":"","meta":[],"product_cat":[20],"product_tag":[],"class_list":{"0":"post-17376","1":"product","2":"type-product","3":"status-publish","4":"has-post-thumbnail","6":"product_cat-accessories","8":"first","9":"instock","10":"shipping-taxable","11":"product-type-simple"},"jetpack_sharing_enabled":true,"_links":{"self":[{"href":"https:\/\/para-pharmacity.tn\/index.php?rest_route=\/wp\/v2\/product\/17376","targetHints":{"allow":["GET"]}}],"collection":[{"href":"https:\/\/para-pharmacity.tn\/index.php?rest_route=\/wp\/v2\/product"}],"about":[{"href":"https:\/\/para-pharmacity.tn\/index.php?rest_route=\/wp\/v2\/types\/product"}],"replies":[{"embeddable":true,"href":"https:\/\/para-pharmacity.tn\/index.php?rest_route=%2Fwp%2Fv2%2Fcomments&post=17376"}],"version-history":[{"count":2,"href":"https:\/\/para-pharmacity.tn\/index.php?rest_route=\/wp\/v2\/product\/17376\/revisions"}],"predecessor-version":[{"id":24874,"href":"https:\/\/para-pharmacity.tn\/index.php?rest_route=\/wp\/v2\/product\/17376\/revisions\/24874"}],"wp:featuredmedia":[{"embeddable":true,"href":"https:\/\/para-pharmacity.tn\/index.php?rest_route=\/wp\/v2\/media\/24873"}],"wp:attachment":[{"href":"https:\/\/para-pharmacity.tn\/index.php?rest_route=%2Fwp%2Fv2%2Fmedia&parent=17376"}],"wp:term":[{"taxonomy":"product_cat","embeddable":true,"href":"https:\/\/para-pharmacity.tn\/index.php?rest_route=%2Fwp%2Fv2%2Fproduct_cat&post=17376"},{"taxonomy":"product_tag","embeddable":true,"href":"https:\/\/para-pharmacity.tn\/index.php?rest_route=%2Fwp%2Fv2%2Fproduct_tag&post=17376"}],"curies":[{"name":"wp","href":"https:\/\/api.w.org\/{rel}","templated":true}]}}