{"id":17371,"date":"2024-07-10T23:02:44","date_gmt":"2024-07-10T23:02:44","guid":{"rendered":"https:\/\/para-pharmacity.tn\/?product=heliocare-oral-60-capsules"},"modified":"2024-09-12T15:45:55","modified_gmt":"2024-09-12T15:45:55","slug":"heliocare-oral-60-capsules","status":"publish","type":"product","link":"https:\/\/para-pharmacity.tn\/?product=heliocare-oral-60-capsules","title":{"rendered":"HELIOCARE ORAL 60 CAPSULES"},"content":{"rendered":"<p><b>HELIOCARE ORAL CAPSULES 60 CAPSULES<\/b><\/p>\n<p>HELIOCARE ORAL CAPSULES\u00a0 compl\u00e9ment alimentaire riche en antioxydants naturels, assurent la lutte contre l&rsquo;exc\u00e8s des radicaux libres form\u00e9s suite \u00e0 l&rsquo;exposition excessive au soleil.<\/p>\n<p>Ces g\u00e9lules \u00e0 haute teneur en Fernblock\u00ae+ avec d&rsquo;autres anti-oxydants naturels, qui augmentent la r\u00e9sistance de la peau au soleil d\u00e8s la premi\u00e8re prise, neutralisent et r\u00e9parent les dommages imm\u00e9diats caus\u00e9s par le soleil.<\/p>\n<p>La technologie Fernblock\u00ae \u00e0 base d&rsquo;extrait de Polypodium leucotomos est la seule au monde \u00e0 assurer une photo protection int\u00e9grale. D\u00e9velopp\u00e9e par Cantabria Labs, en collaboration avec Harvard Medical School, elle nous fournit un m\u00e9canisme de protection et de r\u00e9paration unique contre le soleil tant \u00e0 court terme qu\u2019\u00e0 long terme. Au-del\u00e0 de la protection contre le coup de soleil, Fernblock\u00ae Technology nous offre quatre nouveaux niveaux de protection qui nous aident \u00e0 pr\u00e9venir le photo-vieillissement et le cancer de la peau.<\/p>\n<p>sans gluten<\/p>\n<p><b>Composition :\u00a0<\/b><\/p>\n<p>Polypodium leucotomos (extract). Bulking Agent (Com Starch), Anti-caking Agent (Magnesium Salts of Fatty Acids (E-470b)) Capsule: Coating Agent (Hydroxypropylmethylcellulose (E-464))<\/p>\n<div><\/div>\n<p><b>Conseils d&rsquo;utilisation :\u00a0<\/b><\/p>\n<ul>\n<li>Prendre 2 capsules par jour avant l&rsquo;exposition au soleil.<\/li>\n<li>En cas d&rsquo;exposition prolong\u00e9e, prendre une troisi\u00e8me capsule apr\u00e8s 4 heures.<\/li>\n<li>Ne d\u00e9passez pas la dose journali\u00e8re recommand\u00e9e.<\/li>\n<\/ul>\n","protected":false},"excerpt":{"rendered":"<p>HELIOCARE ORAL CAPSULES est un compl\u00e9ment alimentaire riche en antioxydants naturels qui luttent contre l&rsquo;exc\u00e8s des radicaux libres form\u00e9s suite \u00e0 des processus m\u00e9taboliques internes et agressions environnementales. L&rsquo;exposition excessive au soleil est une cause directe du vieillissement pr\u00e9matur\u00e9 de la peau.<\/p>\n","protected":false},"featured_media":24860,"comment_status":"open","ping_status":"closed","template":"","meta":[],"product_cat":[20],"product_tag":[],"class_list":{"0":"post-17371","1":"product","2":"type-product","3":"status-publish","4":"has-post-thumbnail","6":"product_cat-accessories","8":"first","9":"instock","10":"shipping-taxable","11":"product-type-simple"},"jetpack_sharing_enabled":true,"_links":{"self":[{"href":"https:\/\/para-pharmacity.tn\/index.php?rest_route=\/wp\/v2\/product\/17371","targetHints":{"allow":["GET"]}}],"collection":[{"href":"https:\/\/para-pharmacity.tn\/index.php?rest_route=\/wp\/v2\/product"}],"about":[{"href":"https:\/\/para-pharmacity.tn\/index.php?rest_route=\/wp\/v2\/types\/product"}],"replies":[{"embeddable":true,"href":"https:\/\/para-pharmacity.tn\/index.php?rest_route=%2Fwp%2Fv2%2Fcomments&post=17371"}],"version-history":[{"count":2,"href":"https:\/\/para-pharmacity.tn\/index.php?rest_route=\/wp\/v2\/product\/17371\/revisions"}],"predecessor-version":[{"id":24862,"href":"https:\/\/para-pharmacity.tn\/index.php?rest_route=\/wp\/v2\/product\/17371\/revisions\/24862"}],"wp:featuredmedia":[{"embeddable":true,"href":"https:\/\/para-pharmacity.tn\/index.php?rest_route=\/wp\/v2\/media\/24860"}],"wp:attachment":[{"href":"https:\/\/para-pharmacity.tn\/index.php?rest_route=%2Fwp%2Fv2%2Fmedia&parent=17371"}],"wp:term":[{"taxonomy":"product_cat","embeddable":true,"href":"https:\/\/para-pharmacity.tn\/index.php?rest_route=%2Fwp%2Fv2%2Fproduct_cat&post=17371"},{"taxonomy":"product_tag","embeddable":true,"href":"https:\/\/para-pharmacity.tn\/index.php?rest_route=%2Fwp%2Fv2%2Fproduct_tag&post=17371"}],"curies":[{"name":"wp","href":"https:\/\/api.w.org\/{rel}","templated":true}]}}