{"id":17341,"date":"2024-07-10T23:02:35","date_gmt":"2024-07-10T23:02:35","guid":{"rendered":"https:\/\/para-pharmacity.tn\/?product=heliocare-360-airgel-spf-50-60ml"},"modified":"2024-09-12T08:53:51","modified_gmt":"2024-09-12T08:53:51","slug":"heliocare-360-airgel-spf-50-60ml","status":"publish","type":"product","link":"https:\/\/para-pharmacity.tn\/?product=heliocare-360-airgel-spf-50-60ml","title":{"rendered":"HELIOCARE 360\u00b0 AIRGEL SPF 50+ 60ML"},"content":{"rendered":"<p><strong>Heliocare 360 AirGel SPF50+ 60ML<\/strong><\/p>\n<p>Heliocare 360 AirGel de texture gel unique semblable \u00e0 de l&rsquo;air fait de Heliocare 360\u00ba Airgel un gel ultra doux et rafra\u00eechissant. Son excellente formule et sa texture maximisent le photo-immunoprotecteur efficace contre les UVB, les UVA, le visible et l&rsquo;infrarouge.<\/p>\n<ul>\n<li>Haute protection photo-immune.<\/li>\n<li>Protection efficace et pr\u00e9cise contre les rayons UVB, UVA, visibles et infrarouges, gr\u00e2ce \u00e0 la combinaison de filtres avec des ingr\u00e9dients sp\u00e9cifiques qui bloquent les rayons visibles et infrarouges.<\/li>\n<li>Complexe antioxydant exclusif \u00e0 Fernblock\u00aeFC, riche en acides f\u00e9ruliques et caf\u00e9iques, th\u00e9 vert et vitamines C et E qui renforcent son action photoprotectrice.<\/li>\n<li>Application ultra l\u00e9g\u00e8re, finition seconde peau invisible.<\/li>\n<\/ul>\n<p><u><strong><span style=\"color: #000000\">Composition :<\/span><\/strong><\/u><\/p>\n<ul>\n<li>Fernblock\u00aeFC (Fernblock enrichi en acides f\u00e9ruliques et caf\u00e9iques)<\/li>\n<li>Syst\u00e8me Bioshield (protection contre la lumi\u00e8re visible et infrarouge)<\/li>\n<li>Th\u00e9 vert<\/li>\n<li>Vitamines C et E<\/li>\n<li>Roxisomes<\/li>\n<\/ul>\n<p><span style=\"color: #000000\"><u><strong>Conseils d&rsquo;Utilisation:<\/strong><\/u><br \/>\n<\/span><\/p>\n<ul>\n<li>Il est recommand\u00e9 de Mesurer une petite quantit\u00e9 de Heliocare 360 AirGel sur la paume de la main en position verticale.<\/li>\n<li>Il est conseill\u00e9 d&rsquo; Appliquer Heliocare 360\u00ba AirGel uniform\u00e9ment et g\u00e9n\u00e9reusement sur la peau avant l&rsquo;exposition au soleil.<\/li>\n<li>Renouveler fr\u00e9quemment l&rsquo;application, surtout apr\u00e8s de longs bains ou une transpiration excessive.<\/li>\n<\/ul>\n","protected":false},"excerpt":{"rendered":"<p>Haute protection en gel a\u00e9rien pour tous les types de peau<\/p>\n","protected":false},"featured_media":24782,"comment_status":"open","ping_status":"closed","template":"","meta":[],"product_cat":[20],"product_tag":[],"class_list":{"0":"post-17341","1":"product","2":"type-product","3":"status-publish","4":"has-post-thumbnail","6":"product_cat-accessories","8":"first","9":"instock","10":"shipping-taxable","11":"product-type-simple"},"jetpack_sharing_enabled":true,"_links":{"self":[{"href":"https:\/\/para-pharmacity.tn\/index.php?rest_route=\/wp\/v2\/product\/17341","targetHints":{"allow":["GET"]}}],"collection":[{"href":"https:\/\/para-pharmacity.tn\/index.php?rest_route=\/wp\/v2\/product"}],"about":[{"href":"https:\/\/para-pharmacity.tn\/index.php?rest_route=\/wp\/v2\/types\/product"}],"replies":[{"embeddable":true,"href":"https:\/\/para-pharmacity.tn\/index.php?rest_route=%2Fwp%2Fv2%2Fcomments&post=17341"}],"version-history":[{"count":3,"href":"https:\/\/para-pharmacity.tn\/index.php?rest_route=\/wp\/v2\/product\/17341\/revisions"}],"predecessor-version":[{"id":24786,"href":"https:\/\/para-pharmacity.tn\/index.php?rest_route=\/wp\/v2\/product\/17341\/revisions\/24786"}],"wp:featuredmedia":[{"embeddable":true,"href":"https:\/\/para-pharmacity.tn\/index.php?rest_route=\/wp\/v2\/media\/24782"}],"wp:attachment":[{"href":"https:\/\/para-pharmacity.tn\/index.php?rest_route=%2Fwp%2Fv2%2Fmedia&parent=17341"}],"wp:term":[{"taxonomy":"product_cat","embeddable":true,"href":"https:\/\/para-pharmacity.tn\/index.php?rest_route=%2Fwp%2Fv2%2Fproduct_cat&post=17341"},{"taxonomy":"product_tag","embeddable":true,"href":"https:\/\/para-pharmacity.tn\/index.php?rest_route=%2Fwp%2Fv2%2Fproduct_tag&post=17341"}],"curies":[{"name":"wp","href":"https:\/\/api.w.org\/{rel}","templated":true}]}}