{"id":17291,"date":"2024-07-10T23:02:16","date_gmt":"2024-07-10T23:02:16","guid":{"rendered":"https:\/\/para-pharmacity.tn\/?product=glow-huile-d-argan-100-ml"},"modified":"2024-09-10T12:49:43","modified_gmt":"2024-09-10T12:49:43","slug":"glow-huile-d-argan-100-ml","status":"publish","type":"product","link":"https:\/\/para-pharmacity.tn\/?product=glow-huile-d-argan-100-ml","title":{"rendered":"GLOW HUILE D ARGAN 100 ML"},"content":{"rendered":"<p><strong>Mains :\u00a0<\/strong><\/p>\n<p>1. Appliquez un Gommage mains pour \u00e9liminer les peaux mortes<\/p>\n<p>2. Appliquez de l\u2019huile d\u2019Argan et massez vos pieds et vos ongles en mouvements circulaires<\/p>\n<p>\u2022 en soin des mains pour soulager ger\u00e7ures et irritations dues au froid.<\/p>\n<p>\u2022 Sur les ongles : trempez vos doigts 1 \u00e0 2 fois par semaine dans un petit bain d\u2019huile.<\/p>\n<p>Corps : En massage, elle laisse une peau satin\u00e9e, hydrat\u00e9e ainsi qu\u2019une sensation de bien-\u00eatre. Vous pouvez aussi ajouter quelques gouttes d\u2019huile d\u2019argan dans votre bain pour retrouver une peau toute douce.<\/p>\n<p>Pour les peaux s\u00e8ches voire tr\u00e8s s\u00e8ches, utiliser l\u2019huile d\u2019argan pour hydrater votre \u00e9piderme en lui apportant les apports nutritifs n\u00e9cessaires et de soulager les irritations. Elle permet de cicatriser les petites ger\u00e7ures et les br\u00fblures gr\u00e2ce \u00e0 son action r\u00e9paratrice et permet de lutter contre les agressions ext\u00e9rieures comme le froid, la pollution ou les rayons du soleil.<\/p>\n<p><strong>Cheveux :\u00a0<\/strong><\/p>\n<p>Appliquer l\u2019Huile d\u2019Argan en fortifiant capillaire en soin quotidien ou en soin r\u00e9parateur pour retrouver des cheveux intens\u00e9ment nourrit.<\/p>\n<p>1. En soin quotidien, appliquer quelques gouttes sur les pointes et longueurs aussi souvent que n\u00e9cessaire.<\/p>\n<p>2. En soin r\u00e9parateur, utiliser en pr\u00e9-shampooing une \u00e0 deux fois par semaine.<\/p>\n<p>3. Appliquer l\u2019huile capillaire m\u00e8che par m\u00e8che et enrouler ses cheveux dans une serviette.<\/p>\n<p>4. Laisser poser 10 \u00e0 20 minutes et<\/p>\n<p>5. Effectuer son shampoing habituel et rincer abondamment vos cheveux.<\/p>\n<p>Conserver \u00e0 l&rsquo;abri de la lumi\u00e8re, dans un endroit sec et frais, voire au frigo en cas de fortes chaleurs<\/p>\n","protected":false},"excerpt":{"rendered":"<p>Riche en vitamine E et en insaponifiables, l\u2019huile d\u2019argan est r\u00e9put\u00e9e pour ses propri\u00e9t\u00e9s nourrissantes, r\u00e9g\u00e9n\u00e9rantes et restructurantes. Sa teneur en antioxydants en fait un actif id\u00e9al pour lutter contre les signes du vieillissement cutan\u00e9, et ses acides gras redonnent souplesse et douceur aux peaux s\u00e8ches et d\u00e9nutries.<\/p>\n","protected":false},"featured_media":24665,"comment_status":"open","ping_status":"closed","template":"","meta":[],"product_cat":[20],"product_tag":[],"class_list":{"0":"post-17291","1":"product","2":"type-product","3":"status-publish","4":"has-post-thumbnail","6":"product_cat-accessories","8":"first","9":"instock","10":"shipping-taxable","11":"product-type-simple"},"jetpack_sharing_enabled":true,"_links":{"self":[{"href":"https:\/\/para-pharmacity.tn\/index.php?rest_route=\/wp\/v2\/product\/17291","targetHints":{"allow":["GET"]}}],"collection":[{"href":"https:\/\/para-pharmacity.tn\/index.php?rest_route=\/wp\/v2\/product"}],"about":[{"href":"https:\/\/para-pharmacity.tn\/index.php?rest_route=\/wp\/v2\/types\/product"}],"replies":[{"embeddable":true,"href":"https:\/\/para-pharmacity.tn\/index.php?rest_route=%2Fwp%2Fv2%2Fcomments&post=17291"}],"version-history":[{"count":2,"href":"https:\/\/para-pharmacity.tn\/index.php?rest_route=\/wp\/v2\/product\/17291\/revisions"}],"predecessor-version":[{"id":24666,"href":"https:\/\/para-pharmacity.tn\/index.php?rest_route=\/wp\/v2\/product\/17291\/revisions\/24666"}],"wp:featuredmedia":[{"embeddable":true,"href":"https:\/\/para-pharmacity.tn\/index.php?rest_route=\/wp\/v2\/media\/24665"}],"wp:attachment":[{"href":"https:\/\/para-pharmacity.tn\/index.php?rest_route=%2Fwp%2Fv2%2Fmedia&parent=17291"}],"wp:term":[{"taxonomy":"product_cat","embeddable":true,"href":"https:\/\/para-pharmacity.tn\/index.php?rest_route=%2Fwp%2Fv2%2Fproduct_cat&post=17291"},{"taxonomy":"product_tag","embeddable":true,"href":"https:\/\/para-pharmacity.tn\/index.php?rest_route=%2Fwp%2Fv2%2Fproduct_tag&post=17291"}],"curies":[{"name":"wp","href":"https:\/\/api.w.org\/{rel}","templated":true}]}}