{"id":17285,"date":"2024-07-10T23:02:14","date_gmt":"2024-07-10T23:02:14","guid":{"rendered":"https:\/\/para-pharmacity.tn\/?product=glow-creme-douceur-250-g"},"modified":"2024-09-10T12:11:36","modified_gmt":"2024-09-10T12:11:36","slug":"glow-creme-douceur-250-g","status":"publish","type":"product","link":"https:\/\/para-pharmacity.tn\/?product=glow-creme-douceur-250-g","title":{"rendered":"GLOW CREME DOUCEUR 250 G"},"content":{"rendered":"<p>Appliquer, sur une peau parfaitement s\u00e8che et nettoy\u00e9e, une fine couche sur tout votre corps en petits mouvements circulaires pour une peau parfum\u00e9e \u00e0 l\u2019abricot, plus douce et soyeuse au toucher.<\/p>\n<p>Conserver \u00e0 l&rsquo;abri de la lumi\u00e8re, dans un endroit sec et frais.<\/p>\n<p>Usage externe seulement. Ne pas appliquer \u00e0 proximit\u00e9 des yeux et de la bouche, sur les muqueuses, sur des plaies. En cas de contact accidentel, rincer abondamment \u00e0 l\u2019eau claire.<\/p>\n<p>Conserver hors de la port\u00e9e des enfants, \u00e0 l&rsquo;abri de la lumi\u00e8re, dans un endroit sec et frais.<\/p>\n","protected":false},"excerpt":{"rendered":"<p>Cette cr\u00e8me onctueuse enrichie en huiles v\u00e9g\u00e9tales, sa\u00a0texture velout\u00e9e, l\u00e9g\u00e8re, hydratante, nourrissante, adoucissante, r\u00e9paratrice et protectrice est n\u00e9cessaire \u00e0 vos soins quotidiens \u00a0Jour apr\u00e8s jour, la peau est hydrat\u00e9e, douce et confortable<\/p>\n","protected":false},"featured_media":24646,"comment_status":"open","ping_status":"closed","template":"","meta":[],"product_cat":[20],"product_tag":[],"class_list":{"0":"post-17285","1":"product","2":"type-product","3":"status-publish","4":"has-post-thumbnail","6":"product_cat-accessories","8":"first","9":"instock","10":"shipping-taxable","11":"product-type-simple"},"jetpack_sharing_enabled":true,"_links":{"self":[{"href":"https:\/\/para-pharmacity.tn\/index.php?rest_route=\/wp\/v2\/product\/17285","targetHints":{"allow":["GET"]}}],"collection":[{"href":"https:\/\/para-pharmacity.tn\/index.php?rest_route=\/wp\/v2\/product"}],"about":[{"href":"https:\/\/para-pharmacity.tn\/index.php?rest_route=\/wp\/v2\/types\/product"}],"replies":[{"embeddable":true,"href":"https:\/\/para-pharmacity.tn\/index.php?rest_route=%2Fwp%2Fv2%2Fcomments&post=17285"}],"version-history":[{"count":2,"href":"https:\/\/para-pharmacity.tn\/index.php?rest_route=\/wp\/v2\/product\/17285\/revisions"}],"predecessor-version":[{"id":24647,"href":"https:\/\/para-pharmacity.tn\/index.php?rest_route=\/wp\/v2\/product\/17285\/revisions\/24647"}],"wp:featuredmedia":[{"embeddable":true,"href":"https:\/\/para-pharmacity.tn\/index.php?rest_route=\/wp\/v2\/media\/24646"}],"wp:attachment":[{"href":"https:\/\/para-pharmacity.tn\/index.php?rest_route=%2Fwp%2Fv2%2Fmedia&parent=17285"}],"wp:term":[{"taxonomy":"product_cat","embeddable":true,"href":"https:\/\/para-pharmacity.tn\/index.php?rest_route=%2Fwp%2Fv2%2Fproduct_cat&post=17285"},{"taxonomy":"product_tag","embeddable":true,"href":"https:\/\/para-pharmacity.tn\/index.php?rest_route=%2Fwp%2Fv2%2Fproduct_tag&post=17285"}],"curies":[{"name":"wp","href":"https:\/\/api.w.org\/{rel}","templated":true}]}}