{"id":17282,"date":"2024-07-10T23:02:14","date_gmt":"2024-07-10T23:02:14","guid":{"rendered":"https:\/\/para-pharmacity.tn\/?product=glow-aloe-vera-gel-100-ml"},"modified":"2024-09-10T11:34:36","modified_gmt":"2024-09-10T11:34:36","slug":"glow-aloe-vera-gel-100-ml","status":"publish","type":"product","link":"https:\/\/para-pharmacity.tn\/?product=glow-aloe-vera-gel-100-ml","title":{"rendered":"GLOW ALOE VERA GEL 100 ML"},"content":{"rendered":"<p><strong>Cicatrise et nourrit la peau<\/strong><\/p>\n<p>L&rsquo;aloe vera est un puissant cicatrisant r\u00e9g\u00e9n\u00e8re la peau apr\u00e8s le rasage. Elle aide aussi la peau \u00e0 se reconstituer apr\u00e8s une br\u00fblure et apaise les peaux \u00e9chauff\u00e9es par le soleil.<\/p>\n<p><strong>Anti-rides\u00a0<\/strong><\/p>\n<p>Le gel d&rsquo;aloe vera participe au renouvellement cellulaire, les fibroblastes. Prot\u00e8ge du vieillissement et aide la peau \u00e0 avoir un aspect plus lisse et plus jeune plus longtemps<\/p>\n<p><strong>Peaux grasses<\/strong><\/p>\n<p>Id\u00e9ale pour les peaux grasses car elle est non com\u00e9dog\u00e8ne et efficace contre l&rsquo;acn\u00e9 et aide \u00e0 resserrer les pores de la peau.<\/p>\n<p>Conserver \u00e0 l&rsquo;abri de la lumi\u00e8re, dans un endroit sec et frais, voire au frigo en cas de fortes chaleurs.<\/p>\n<p>D\u00e9conseill\u00e9 aux femmes enceintes &#8230;<\/p>\n","protected":false},"excerpt":{"rendered":"<p>Riche en diff\u00e9rentes substances telles que :<\/p>\n<p>&#8211; les vitamines : plus d&rsquo;une douzaine dont la vitamine A, B, C et E<\/p>\n<p>&#8211; les min\u00e9raux : plus d&rsquo;une vingtaine dont le calcium, cuivre, fer, lithium, magn\u00e9sium, mangan\u00e8se, phosphore, potassium, sodium, zinc&#8230;<\/p>\n<p>&#8211; les enzymes<\/p>\n<p>&#8211; 18 acides amin\u00e9s dont 7 essentiels c&rsquo;est-\u00e0-dire non produits par l&rsquo;organisme<\/p>\n","protected":false},"featured_media":24638,"comment_status":"open","ping_status":"closed","template":"","meta":[],"product_cat":[20],"product_tag":[],"class_list":{"0":"post-17282","1":"product","2":"type-product","3":"status-publish","4":"has-post-thumbnail","6":"product_cat-accessories","8":"first","9":"instock","10":"shipping-taxable","11":"product-type-simple"},"jetpack_sharing_enabled":true,"_links":{"self":[{"href":"https:\/\/para-pharmacity.tn\/index.php?rest_route=\/wp\/v2\/product\/17282","targetHints":{"allow":["GET"]}}],"collection":[{"href":"https:\/\/para-pharmacity.tn\/index.php?rest_route=\/wp\/v2\/product"}],"about":[{"href":"https:\/\/para-pharmacity.tn\/index.php?rest_route=\/wp\/v2\/types\/product"}],"replies":[{"embeddable":true,"href":"https:\/\/para-pharmacity.tn\/index.php?rest_route=%2Fwp%2Fv2%2Fcomments&post=17282"}],"version-history":[{"count":2,"href":"https:\/\/para-pharmacity.tn\/index.php?rest_route=\/wp\/v2\/product\/17282\/revisions"}],"predecessor-version":[{"id":24639,"href":"https:\/\/para-pharmacity.tn\/index.php?rest_route=\/wp\/v2\/product\/17282\/revisions\/24639"}],"wp:featuredmedia":[{"embeddable":true,"href":"https:\/\/para-pharmacity.tn\/index.php?rest_route=\/wp\/v2\/media\/24638"}],"wp:attachment":[{"href":"https:\/\/para-pharmacity.tn\/index.php?rest_route=%2Fwp%2Fv2%2Fmedia&parent=17282"}],"wp:term":[{"taxonomy":"product_cat","embeddable":true,"href":"https:\/\/para-pharmacity.tn\/index.php?rest_route=%2Fwp%2Fv2%2Fproduct_cat&post=17282"},{"taxonomy":"product_tag","embeddable":true,"href":"https:\/\/para-pharmacity.tn\/index.php?rest_route=%2Fwp%2Fv2%2Fproduct_tag&post=17282"}],"curies":[{"name":"wp","href":"https:\/\/api.w.org\/{rel}","templated":true}]}}