{"id":17251,"date":"2024-07-10T23:02:02","date_gmt":"2024-07-10T23:02:02","guid":{"rendered":"https:\/\/para-pharmacity.tn\/?product=forte-pharma-energie-power-50"},"modified":"2024-09-09T09:52:20","modified_gmt":"2024-09-09T09:52:20","slug":"forte-pharma-energie-power-50","status":"publish","type":"product","link":"https:\/\/para-pharmacity.tn\/?product=forte-pharma-energie-power-50","title":{"rendered":"FORTE PHARMA ENERGIE POWER 50+"},"content":{"rendered":"<p>ENERGIE POWER 50+ EST UN COMPLEXE MULTIVITAMIN\u00c9 (12 VITAMINES + 9 MIN\u00c9RAUX ET OLIGO-\u00c9L\u00c9MENTS + 75 MG DE GINSENG) D\u00c9VELOPP\u00c9 POUR APPORTER FORME ET \u00c9QUILIBRE AUX 50 ANS ET PLUS.<br \/>\n\u200bUn seul comprim\u00e9 par jour d\u2019Energie Power 50+ c\u2019est la garantie d\u2019un apport optimal en vitamines et min\u00e9raux essentiels qui contribue \u00e0 r\u00e9\u00e9quilibrer et recharger votre organisme.<\/p>\n<hr \/>\n<p><u><strong>Compositions:<\/strong><\/u><\/p>\n<p>La formule d\u2019Energie Power 50+ vous apporte :<br \/>\n75 mg de Ginseng<br \/>\n12 vitamines : A, B1, B2, B3, B5, B6, B8, B9, B12, C, D3, E.<br \/>\n9 min\u00e9raux : calcium, magn\u00e9sium, fer, zinc, mangan\u00e8se, s\u00e9l\u00e9nium, molybd\u00e8ne, chrome et cuivre.<br \/>\nLes vitamines A, B6, B9, B12, C et D contribuent au fonctionnement normal du syst\u00e8me immunitaire. La vitamine B5 contribue \u00e0 des performances intellectuelles normales.<br \/>\nLes vitamines C, B3, B5, B6, B9 et B12 contribuent \u00e0 r\u00e9duire la fatigue.<\/p>\n<hr \/>\n<p><u><strong>Conseils d\u2019utilisations:<\/strong><\/u><\/p>\n<p>Il est indiqu\u00e9 de prendre 1 comprim\u00e9 d\u2019Energie Power 50+ par jour avec un verre d\u2019eau le matin.<br \/>\nProgramme de 28 jours, \u00e0 renouveler si n\u00e9cessaire.<\/p>\n","protected":false},"excerpt":{"rendered":"<p>ENERGIE POWER 50+ EST UN COMPLEXE MULTIVITAMIN\u00c9 D\u00c9VELOPP\u00c9 POUR APPORTER FORME ET \u00c9QUILIBRE AUX 50 ANS ET PLUS.<\/p>\n","protected":false},"featured_media":24541,"comment_status":"open","ping_status":"closed","template":"","meta":[],"product_cat":[20],"product_tag":[],"class_list":{"0":"post-17251","1":"product","2":"type-product","3":"status-publish","4":"has-post-thumbnail","6":"product_cat-accessories","8":"first","9":"instock","10":"shipping-taxable","11":"product-type-simple"},"jetpack_sharing_enabled":true,"_links":{"self":[{"href":"https:\/\/para-pharmacity.tn\/index.php?rest_route=\/wp\/v2\/product\/17251","targetHints":{"allow":["GET"]}}],"collection":[{"href":"https:\/\/para-pharmacity.tn\/index.php?rest_route=\/wp\/v2\/product"}],"about":[{"href":"https:\/\/para-pharmacity.tn\/index.php?rest_route=\/wp\/v2\/types\/product"}],"replies":[{"embeddable":true,"href":"https:\/\/para-pharmacity.tn\/index.php?rest_route=%2Fwp%2Fv2%2Fcomments&post=17251"}],"version-history":[{"count":2,"href":"https:\/\/para-pharmacity.tn\/index.php?rest_route=\/wp\/v2\/product\/17251\/revisions"}],"predecessor-version":[{"id":24543,"href":"https:\/\/para-pharmacity.tn\/index.php?rest_route=\/wp\/v2\/product\/17251\/revisions\/24543"}],"wp:featuredmedia":[{"embeddable":true,"href":"https:\/\/para-pharmacity.tn\/index.php?rest_route=\/wp\/v2\/media\/24541"}],"wp:attachment":[{"href":"https:\/\/para-pharmacity.tn\/index.php?rest_route=%2Fwp%2Fv2%2Fmedia&parent=17251"}],"wp:term":[{"taxonomy":"product_cat","embeddable":true,"href":"https:\/\/para-pharmacity.tn\/index.php?rest_route=%2Fwp%2Fv2%2Fproduct_cat&post=17251"},{"taxonomy":"product_tag","embeddable":true,"href":"https:\/\/para-pharmacity.tn\/index.php?rest_route=%2Fwp%2Fv2%2Fproduct_tag&post=17251"}],"curies":[{"name":"wp","href":"https:\/\/api.w.org\/{rel}","templated":true}]}}