{"id":17250,"date":"2024-07-10T23:02:01","date_gmt":"2024-07-10T23:02:01","guid":{"rendered":"https:\/\/para-pharmacity.tn\/?product=forte-pharma-energie-acerela-60-cp"},"modified":"2024-09-09T09:41:55","modified_gmt":"2024-09-09T09:41:55","slug":"forte-pharma-energie-acerela-60-cp","status":"publish","type":"product","link":"https:\/\/para-pharmacity.tn\/?product=forte-pharma-energie-acerela-60-cp","title":{"rendered":"FORTE PHARMA ENERGIE ACERELA 60 CP"},"content":{"rendered":"<div class=\"product-tabs\">\n<div class=\"title-border\">\n<h2 class=\"h2\">Description<\/h2>\n<\/div>\n<div class=\"std\">\n<p>\u00c9nergie.<br \/>\nAcerola.<br \/>\nVitamine C.<br \/>\n100% d&rsquo;origine naturelle.<br \/>\nExcellent go\u00fbt fruits rouges.<\/p>\n<p>Energie Ac\u00e9rola contient exclusivement de la vitamine C 100% d&rsquo;origine naturelle qui est utilis\u00e9e pour ses propri\u00e9t\u00e9s tonifiantes et fortifiantes.<br \/>\nEnergie Ac\u00e9rola est recommand\u00e9 aux femmes, aux hommes et aux enfants d\u00e8s l&rsquo;\u00e2ge de 8 ans souhaitant une r\u00e9ponse imm\u00e9diate \u00e0 leur fatigue passag\u00e8re.<\/p>\n<p>L&rsquo;ac\u00e9rola est une source naturelle remarquable de vitamine C qui vous en apportera 20 \u00e0 30 fois plus que l&rsquo;orange.<\/p>\n<p>D\u00e8s que la sensation de fatigue se fait sentir, \u00c9nergie Ac\u00e9rola vous procure Tonus et Vitalit\u00e9 tout au long de la journ\u00e9e avec seulement 1 comprim\u00e9 \u00e0 croquer par jour au tr\u00e8s bon go\u00fbt Fruits rouges.<br \/>\nDe part sa richesse en vitamine C 100% d&rsquo;origine naturelle, \u00c9nergie Ac\u00e9rola est \u00e9galement une v\u00e9ritable source d&rsquo;anti-oxydants.<\/p>\n<p>Fabriqu\u00e9 en U.E.<\/p>\n<\/div>\n<\/div>\n<div class=\"product-tabs\">\n<div class=\"title-border\">\n<h2 class=\"h2\">Conseils d&rsquo;utilisation<\/h2>\n<\/div>\n<div class=\"std\">\n<p>Croquer un comprim\u00e9 par jour, le matin. Cure de 60 jours.<\/p>\n<p>Se conformer aux conseils d\u2019utilisation. Ne pas d\u00e9passer la dose journali\u00e8re conseill\u00e9e. Ce produit est d\u00e9conseill\u00e9 aux femmes enceintes ou qui allaitent et aux enfants de moins de 8 ans sans avis m\u00e9dical. Tenir hors de port\u00e9e des jeunes enfants. Un compl\u00e9ment alimentaire ne doit pas se substituer \u00e0 une alimentation vari\u00e9e et \u00e9quilibr\u00e9e et \u00e0 un mode de vie sain. N&rsquo;h\u00e9sitez pas \u00e0 demander conseil \u00e0 votre pharmacien.<\/p>\n<\/div>\n<\/div>\n<div class=\"product-tabs\">\n<div class=\"title-border\">\n<h2 class=\"h2\">Composition<\/h2>\n<\/div>\n<div class=\"std\">\n<p>Edulcorants (sorbitol, aspartame), Extrait sec d&rsquo;ac\u00e9rola titr\u00e9 \u00e0 25% en vitamine C naturelle, Colorant alimentaire (extrait de jus de betterave, maltodextrine). Anti-agglom\u00e9rants (stearate de magnesium, silice collo\u00efdale), Ar\u00f4me naturel fruits rouges.<\/p>\n<\/div>\n<\/div>\n","protected":false},"excerpt":{"rendered":"<p>Energie Ac\u00e9rola contient exclusivement de la vitamine C 100% d&rsquo;origine naturelle qui est utilis\u00e9e pour ses propri\u00e9t\u00e9s tonifiantes et fortifiantes.<\/p>\n","protected":false},"featured_media":24537,"comment_status":"open","ping_status":"closed","template":"","meta":[],"product_cat":[20],"product_tag":[],"class_list":{"0":"post-17250","1":"product","2":"type-product","3":"status-publish","4":"has-post-thumbnail","6":"product_cat-accessories","8":"first","9":"instock","10":"shipping-taxable","11":"product-type-simple"},"jetpack_sharing_enabled":true,"_links":{"self":[{"href":"https:\/\/para-pharmacity.tn\/index.php?rest_route=\/wp\/v2\/product\/17250","targetHints":{"allow":["GET"]}}],"collection":[{"href":"https:\/\/para-pharmacity.tn\/index.php?rest_route=\/wp\/v2\/product"}],"about":[{"href":"https:\/\/para-pharmacity.tn\/index.php?rest_route=\/wp\/v2\/types\/product"}],"replies":[{"embeddable":true,"href":"https:\/\/para-pharmacity.tn\/index.php?rest_route=%2Fwp%2Fv2%2Fcomments&post=17250"}],"version-history":[{"count":2,"href":"https:\/\/para-pharmacity.tn\/index.php?rest_route=\/wp\/v2\/product\/17250\/revisions"}],"predecessor-version":[{"id":24539,"href":"https:\/\/para-pharmacity.tn\/index.php?rest_route=\/wp\/v2\/product\/17250\/revisions\/24539"}],"wp:featuredmedia":[{"embeddable":true,"href":"https:\/\/para-pharmacity.tn\/index.php?rest_route=\/wp\/v2\/media\/24537"}],"wp:attachment":[{"href":"https:\/\/para-pharmacity.tn\/index.php?rest_route=%2Fwp%2Fv2%2Fmedia&parent=17250"}],"wp:term":[{"taxonomy":"product_cat","embeddable":true,"href":"https:\/\/para-pharmacity.tn\/index.php?rest_route=%2Fwp%2Fv2%2Fproduct_cat&post=17250"},{"taxonomy":"product_tag","embeddable":true,"href":"https:\/\/para-pharmacity.tn\/index.php?rest_route=%2Fwp%2Fv2%2Fproduct_tag&post=17250"}],"curies":[{"name":"wp","href":"https:\/\/api.w.org\/{rel}","templated":true}]}}