{"id":17246,"date":"2024-07-10T23:02:00","date_gmt":"2024-07-10T23:02:00","guid":{"rendered":"https:\/\/para-pharmacity.tn\/?product=forte-pharma-2-turbo-draine-framboise"},"modified":"2024-09-09T09:17:28","modified_gmt":"2024-09-09T09:17:28","slug":"forte-pharma-2-turbo-draine-framboise","status":"publish","type":"product","link":"https:\/\/para-pharmacity.tn\/?product=forte-pharma-2-turbo-draine-framboise","title":{"rendered":"FORTE PHARMA 2 TURBO DRAINE FRAMBOISE"},"content":{"rendered":"<div id=\"content-wrapper\">\n<section id=\"main\">\n<div class=\"tabs style_0\">\n<div class=\"tab-content\">\n<div id=\"description\" class=\"tab-pane fade in active\" role=\"tabpanel\">\n<div class=\"product-description opened\">\n<ul>\n<li>Une formule associant diff\u00e9rents extraits d\u2019origine v\u00e9g\u00e9tale pour une action compl\u00e8te<\/li>\n<li>La queue de cerise, la reine des pr\u00e9s, l&rsquo;hibiscus, et le cactin\u00e9a peuvent favoriser l&rsquo;\u00e9limination gr\u00e2ce \u00e0 leurs propri\u00e9t\u00e9s drainantes naturelles. Le th\u00e9 vert peut aider \u00e0 br\u00fbler les calories.<\/li>\n<li>Le trio algue aosa, ginseng et goyave peuvent apporter les ions et min\u00e9raux n\u00e9cessaires.<\/li>\n<\/ul>\n<p>Go\u00fbt : framboise<\/p>\n<p>Indications\u00a0:<\/p>\n<ul>\n<li>Minceur<\/li>\n<li>D\u00e9toxification<\/li>\n<\/ul>\n<p>Ingr\u00e9dients\u00a0:<\/p>\n<p>Queue de cerise, reine des pr\u00e9s, hibiscus, cactin\u00e9a, th\u00e9 vert, algue aosa, ginseng, goyave<\/p>\n<p>Mode d\u2019emploi\u00a0:<\/p>\n<ul>\n<li>Diluer 10 ml dans un grand verre d\u2019eau, \u00e0 renouveler 5 fois par jour.<\/li>\n<li>Cure de 10 jours \u00e0 renouveler. Il est recommand\u00e9 d\u2019effectuer une cure de 3 semaines \u00e0 chaque changement de saison.<\/li>\n<li>Apr\u00e8s ouverture, conserver au frais et consommer dans les 15 jours.<\/li>\n<li>Il est conseill\u00e9 de boire 1,5 l d&rsquo;eau par jour.<\/li>\n<\/ul>\n<p>Pr\u00e9sentation\u00a0:<\/p>\n<p>Flacon 500 ml<\/p>\n<\/div>\n<div class=\"button_readmore\"><span class=\"readmore_desc btn less\">Lire moins<\/span><\/div>\n<\/div>\n<\/div>\n<\/div>\n<footer class=\"page-footer\"><\/footer>\n<\/section>\n<\/div>\n<div id=\"field_product_cates_block\" class=\"block horizontal_mode clearfix\">\n<div class=\"top-title\"><\/div>\n<\/div>\n","protected":false},"excerpt":{"rendered":"<ul>\n<li>Drainer et purifier votre organisme<\/li>\n<li>\u00a0Sa formule est compos\u00e9e d&rsquo;actifs tels que la Reine des Pr\u00e9s et le Th\u00e9 vert reconnus pour favoriser l&rsquo;\u00e9limination de l&rsquo;eau(2).<\/li>\n<li>\u00a0Br\u00fbler les calories gr\u00e2ce \u00e0 l&rsquo;action du Th\u00e9 vert qui stimule le m\u00e9tabolisme des lipides(3).<\/li>\n<li>Sa formule est compos\u00e9e d&rsquo;actifs d&rsquo;origine naturelle, sans colorants.<\/li>\n<\/ul>\n","protected":false},"featured_media":24519,"comment_status":"open","ping_status":"closed","template":"","meta":[],"product_cat":[20],"product_tag":[],"class_list":{"0":"post-17246","1":"product","2":"type-product","3":"status-publish","4":"has-post-thumbnail","6":"product_cat-accessories","8":"first","9":"instock","10":"shipping-taxable","11":"product-type-simple"},"jetpack_sharing_enabled":true,"_links":{"self":[{"href":"https:\/\/para-pharmacity.tn\/index.php?rest_route=\/wp\/v2\/product\/17246","targetHints":{"allow":["GET"]}}],"collection":[{"href":"https:\/\/para-pharmacity.tn\/index.php?rest_route=\/wp\/v2\/product"}],"about":[{"href":"https:\/\/para-pharmacity.tn\/index.php?rest_route=\/wp\/v2\/types\/product"}],"replies":[{"embeddable":true,"href":"https:\/\/para-pharmacity.tn\/index.php?rest_route=%2Fwp%2Fv2%2Fcomments&post=17246"}],"version-history":[{"count":2,"href":"https:\/\/para-pharmacity.tn\/index.php?rest_route=\/wp\/v2\/product\/17246\/revisions"}],"predecessor-version":[{"id":24524,"href":"https:\/\/para-pharmacity.tn\/index.php?rest_route=\/wp\/v2\/product\/17246\/revisions\/24524"}],"wp:featuredmedia":[{"embeddable":true,"href":"https:\/\/para-pharmacity.tn\/index.php?rest_route=\/wp\/v2\/media\/24519"}],"wp:attachment":[{"href":"https:\/\/para-pharmacity.tn\/index.php?rest_route=%2Fwp%2Fv2%2Fmedia&parent=17246"}],"wp:term":[{"taxonomy":"product_cat","embeddable":true,"href":"https:\/\/para-pharmacity.tn\/index.php?rest_route=%2Fwp%2Fv2%2Fproduct_cat&post=17246"},{"taxonomy":"product_tag","embeddable":true,"href":"https:\/\/para-pharmacity.tn\/index.php?rest_route=%2Fwp%2Fv2%2Fproduct_tag&post=17246"}],"curies":[{"name":"wp","href":"https:\/\/api.w.org\/{rel}","templated":true}]}}