{"id":17236,"date":"2024-07-10T23:01:55","date_gmt":"2024-07-10T23:01:55","guid":{"rendered":"https:\/\/para-pharmacity.tn\/?product=floxia-savon-disco-hyperpigmentatio"},"modified":"2024-09-05T16:23:59","modified_gmt":"2024-09-05T16:23:59","slug":"floxia-savon-disco-hyperpigmentatio","status":"publish","type":"product","link":"https:\/\/para-pharmacity.tn\/?product=floxia-savon-disco-hyperpigmentatio","title":{"rendered":"FLOXIA SAVON DISCO HYPERPIGMENTATIO"},"content":{"rendered":"<p>FLOXIA Savon\u00a0se caract\u00e9rise par son action\u00a0gommante, nettoyante, revigorante et aide \u00e0 unifier le teint gr\u00e2ce aux divers extraits d&rsquo;origine v\u00e9g\u00e9tale et marine.<\/p>\n<p>FLOXIA Savon Exfoliant :<\/p>\n<ul>\n<li>Il nettoie la peau des mains et du corps en douceur,<\/li>\n<li>Il a un effet peeling l\u00e9ger, indispensable pour activer la r\u00e9g\u00e9n\u00e9ration cellulaire (et faire peau neuve),<\/li>\n<li>Il revitalise et illumine les teints ternes,<\/li>\n<li>Il unifie la peau et efface les taches pigmentaires brunes ou rouges.<\/li>\n<\/ul>\n<p>Gr\u00e2ce \u00e0 son pouvoir d\u00e9sincrustant et purifiant, le savon exfoliant \u00e9limine les cellules mortes qui s\u2019accumulent sur la surface de la peau. Celles-ci bouchent les pores et emp\u00eachent le renouvellement cellulaire. Un nettoyage quotidien avec le Savon Dermocosm\u00e9tique Exfoliant lib\u00e8re les pores et aide la peau \u00e0 retrouver un cycle naturel, favorable pour un teint lumineux et sans d\u00e9faut.<\/p>\n<p>Optez pour une peau lib\u00e9r\u00e9e et qui respire avec le Savon Exfoliant ! Un gommage d\u00e9licat et efficace en un seul nettoyage\u2026 C\u2019est possible, et \u00e7a fait du bien \u00e0 votre peau !<\/p>\n<div class=\"product-blocks blocks-default\">\n<div class=\"tabs-container product_extra product_tabs product_tabs-default\">\n<div class=\"tab-content\">\n<div id=\"product_tabs-66d9d9d2859b1\" class=\"product_extra-242 tab-pane active\">\n<div class=\"block-body expand-block\">\n<div class=\"block-wrapper\">\n<div class=\"block-content \">\n<p><span style=\"color: #000000\"><u><strong>Conseils d&rsquo;utilisation:<\/strong><\/u><\/span><\/p>\n<ul>\n<li>FLOXIA Disco Savon est \u00e0 usage quotidien pour le corps.<\/li>\n<li><\/li>\n<li>Sur une peau humide, frottez le Savon Exfoliant entre vos mains pour r\u00e9cup\u00e9rer la mousse. Massez et effectuez des mouvements circulaires pour bien nettoyer la peau. \u00c9vitez le contour des yeux. Rincez puis s\u00e9chez votre peau avec une serviette propre.<\/li>\n<li>Il est conseill\u00e9 d&rsquo;utiliser une cr\u00e8me solaire haute protection en cas d\u2019exposition prolong\u00e9e.<\/li>\n<li>Utiliser Disco Emulsion Unifiante pour le soin de votre\u00a0visage.<\/li>\n<\/ul>\n<\/div>\n<\/div>\n<\/div>\n<\/div>\n<\/div>\n<\/div>\n<\/div>\n<div class=\"tags\"><\/div>\n","protected":false},"excerpt":{"rendered":"<p><strong>Savon Exfoliant : \u00e9limine les peaux mortes, r\u00e9g\u00e9n\u00e8re l\u2019\u00e9piderme et combat les imperfections<\/strong><\/p>\n","protected":false},"featured_media":24493,"comment_status":"open","ping_status":"closed","template":"","meta":[],"product_cat":[20],"product_tag":[],"class_list":{"0":"post-17236","1":"product","2":"type-product","3":"status-publish","4":"has-post-thumbnail","6":"product_cat-accessories","8":"first","9":"instock","10":"shipping-taxable","11":"product-type-simple"},"jetpack_sharing_enabled":true,"_links":{"self":[{"href":"https:\/\/para-pharmacity.tn\/index.php?rest_route=\/wp\/v2\/product\/17236","targetHints":{"allow":["GET"]}}],"collection":[{"href":"https:\/\/para-pharmacity.tn\/index.php?rest_route=\/wp\/v2\/product"}],"about":[{"href":"https:\/\/para-pharmacity.tn\/index.php?rest_route=\/wp\/v2\/types\/product"}],"replies":[{"embeddable":true,"href":"https:\/\/para-pharmacity.tn\/index.php?rest_route=%2Fwp%2Fv2%2Fcomments&post=17236"}],"version-history":[{"count":2,"href":"https:\/\/para-pharmacity.tn\/index.php?rest_route=\/wp\/v2\/product\/17236\/revisions"}],"predecessor-version":[{"id":24495,"href":"https:\/\/para-pharmacity.tn\/index.php?rest_route=\/wp\/v2\/product\/17236\/revisions\/24495"}],"wp:featuredmedia":[{"embeddable":true,"href":"https:\/\/para-pharmacity.tn\/index.php?rest_route=\/wp\/v2\/media\/24493"}],"wp:attachment":[{"href":"https:\/\/para-pharmacity.tn\/index.php?rest_route=%2Fwp%2Fv2%2Fmedia&parent=17236"}],"wp:term":[{"taxonomy":"product_cat","embeddable":true,"href":"https:\/\/para-pharmacity.tn\/index.php?rest_route=%2Fwp%2Fv2%2Fproduct_cat&post=17236"},{"taxonomy":"product_tag","embeddable":true,"href":"https:\/\/para-pharmacity.tn\/index.php?rest_route=%2Fwp%2Fv2%2Fproduct_tag&post=17236"}],"curies":[{"name":"wp","href":"https:\/\/api.w.org\/{rel}","templated":true}]}}