{"id":17232,"date":"2024-07-10T23:01:54","date_gmt":"2024-07-10T23:01:54","guid":{"rendered":"https:\/\/para-pharmacity.tn\/?product=floxia-lait-unifiant-hydratant"},"modified":"2024-09-05T14:03:09","modified_gmt":"2024-09-05T14:03:09","slug":"floxia-lait-unifiant-hydratant","status":"publish","type":"product","link":"https:\/\/para-pharmacity.tn\/?product=floxia-lait-unifiant-hydratant","title":{"rendered":"FLOXIA LAIT UNIFIANT HYDRATANT"},"content":{"rendered":"<h4>Description :<\/h4>\n<p><strong>FLOXIA DISCO-LAIT UNIFIANT HYDRATANT, 200ML<\/strong><\/p>\n<p>Il hydrate les peaux s\u00e8ches d&rsquo;une fa\u00e7on imm\u00e9diate.<\/p>\n<p>Ce lait p\u00e9n\u00e8tre d&rsquo;une fa\u00e7on rapide tout en laissant votre peau douce et souple .<\/p>\n<p>Vous allez oublier\u00a0les tiraillements, les irritations et\u00a0les sensations d\u2019inconfort.<\/p>\n<p>Gr\u00e2ce \u00e0 sa formule riche en Actiwhite\u2122 qui se pr\u00e9sente comme un actif \u00e9claircissant anti taches, ce lait aide votre teint \u00e0 retrouver clart\u00e9 et \u00e9clat tout en r\u00e9gulant la synth\u00e8se de m\u00e9lanine.<\/p>\n<p>Enrichi en beurre de karit\u00e9 nourrissant, cire d\u2019abeille protectrice, huile d\u2019amande douce assouplissante et \u00e0 l\u2019extrait de camomille aux vertus apaisantes, ce lait r\u00e9parateur p\u00e9n\u00e8tre d&rsquo;une mani\u00e8re tr\u00e8s rapide sans laisser de film gras, et tout enveloppant la peau de douceur.<\/p>\n<h4><strong>Conseils d&rsquo;utilisation :<\/strong><\/h4>\n<p>Il est indiqu\u00e9 de l&rsquo;appliquer le matin et le soir sur les zones concern\u00e9es.<\/p>\n","protected":false},"excerpt":{"rendered":"<p>Il hydrate les peaux s\u00e9ches d&rsquo;une fa\u00e7on imm\u00e9diate. Ce lait p\u00e9n\u00e8tre d&rsquo;une fa\u00e7on rapide tout en laissant votre peau douce et souple .<\/p>\n","protected":false},"featured_media":24476,"comment_status":"open","ping_status":"closed","template":"","meta":[],"product_cat":[20],"product_tag":[],"class_list":{"0":"post-17232","1":"product","2":"type-product","3":"status-publish","4":"has-post-thumbnail","6":"product_cat-accessories","8":"first","9":"instock","10":"shipping-taxable","11":"product-type-simple"},"jetpack_sharing_enabled":true,"_links":{"self":[{"href":"https:\/\/para-pharmacity.tn\/index.php?rest_route=\/wp\/v2\/product\/17232","targetHints":{"allow":["GET"]}}],"collection":[{"href":"https:\/\/para-pharmacity.tn\/index.php?rest_route=\/wp\/v2\/product"}],"about":[{"href":"https:\/\/para-pharmacity.tn\/index.php?rest_route=\/wp\/v2\/types\/product"}],"replies":[{"embeddable":true,"href":"https:\/\/para-pharmacity.tn\/index.php?rest_route=%2Fwp%2Fv2%2Fcomments&post=17232"}],"version-history":[{"count":2,"href":"https:\/\/para-pharmacity.tn\/index.php?rest_route=\/wp\/v2\/product\/17232\/revisions"}],"predecessor-version":[{"id":24479,"href":"https:\/\/para-pharmacity.tn\/index.php?rest_route=\/wp\/v2\/product\/17232\/revisions\/24479"}],"wp:featuredmedia":[{"embeddable":true,"href":"https:\/\/para-pharmacity.tn\/index.php?rest_route=\/wp\/v2\/media\/24476"}],"wp:attachment":[{"href":"https:\/\/para-pharmacity.tn\/index.php?rest_route=%2Fwp%2Fv2%2Fmedia&parent=17232"}],"wp:term":[{"taxonomy":"product_cat","embeddable":true,"href":"https:\/\/para-pharmacity.tn\/index.php?rest_route=%2Fwp%2Fv2%2Fproduct_cat&post=17232"},{"taxonomy":"product_tag","embeddable":true,"href":"https:\/\/para-pharmacity.tn\/index.php?rest_route=%2Fwp%2Fv2%2Fproduct_tag&post=17232"}],"curies":[{"name":"wp","href":"https:\/\/api.w.org\/{rel}","templated":true}]}}