{"id":17220,"date":"2024-07-10T23:01:51","date_gmt":"2024-07-10T23:01:51","guid":{"rendered":"https:\/\/para-pharmacity.tn\/?product=floxia-coffret-lait-unifiant-savon"},"modified":"2024-09-05T10:56:33","modified_gmt":"2024-09-05T10:56:33","slug":"floxia-coffret-lait-unifiant-savon","status":"publish","type":"product","link":"https:\/\/para-pharmacity.tn\/?product=floxia-coffret-lait-unifiant-savon","title":{"rendered":"FLOXIA COFFRET LAIT UNIFIANT\/SAVON"},"content":{"rendered":"<h1>FLOXIA COFFRET LAIT UNIFIANT\/SAVON<\/h1>\n<p>ce coffret contient:<\/p>\n<h4 class=\"h1\">FLOXIA LAIT UNIFIANT HYDRATANT 200M:<\/h4>\n<p>Il hydrate les peaux s\u00e8ches d&rsquo;une fa\u00e7on imm\u00e9diate.<\/p>\n<p>Ce lait p\u00e9n\u00e8tre d&rsquo;une fa\u00e7on rapide tout en laissant votre peau douce et souple .<\/p>\n<p>Vous allez oublier\u00a0les tiraillements, les irritations et\u00a0les sensations d\u2019inconfort.<\/p>\n<p>Gr\u00e2ce \u00e0 sa formule riche en Actiwhite\u2122 qui se pr\u00e9sente comme un actif \u00e9claircissant anti taches, ce lait aide votre teint \u00e0 retrouver clart\u00e9 et \u00e9clat tout en r\u00e9gulant la synth\u00e8se de m\u00e9lanine.<\/p>\n<p>Enrichi en beurre de karit\u00e9 nourrissant, cire d\u2019abeille protectrice, huile d\u2019amande douce assouplissante et \u00e0 l\u2019extrait de camomille aux vertus apaisantes, ce lait r\u00e9parateur p\u00e9n\u00e8tre d&rsquo;une mani\u00e8re tr\u00e8s rapide sans laisser de film gras, et tout enveloppant la peau de douceur.<\/p>\n<h4>\nFLOXIA Disco Savon Dermocosmetique Exfoliant 125 G :<\/h4>\n<p>FLOXIA Savon\u00a0se caract\u00e9rise par son action\u00a0gommante, nettoyante, revigorante et aide \u00e0 unifier le teint gr\u00e2ce aux divers extraits d&rsquo;origine v\u00e9g\u00e9tale et marine.<\/p>\n<p>FLOXIA Savon Exfoliant :<\/p>\n<ul>\n<li>Il nettoie la peau des mains et du corps en douceur,<\/li>\n<li>Il a un effet peeling l\u00e9ger, indispensable pour activer la r\u00e9g\u00e9n\u00e9ration cellulaire (et faire peau neuve),<\/li>\n<li>Il revitalise et illumine les teints ternes,<\/li>\n<li>Il unifie la peau et efface les taches pigmentaires brunes ou rouges.<\/li>\n<\/ul>\n<p>Gr\u00e2ce \u00e0 son pouvoir d\u00e9sincrustant et purifiant, le savon exfoliant \u00e9limine les cellules mortes qui s\u2019accumulent sur la surface de la peau. Celles-ci bouchent les pores et emp\u00eachent le renouvellement cellulaire. Un nettoyage quotidien avec le Savon Dermocosm\u00e9tique Exfoliant lib\u00e8re les pores et aide la peau \u00e0 retrouver un cycle naturel, favorable pour un teint lumineux et sans d\u00e9faut.<\/p>\n<p>Optez pour une peau lib\u00e9r\u00e9e et qui respire avec le Savon Exfoliant ! Un gommage d\u00e9licat et efficace en un seul nettoyage\u2026 C\u2019est possible, et \u00e7a fait du bien \u00e0 votre peau !<\/p>\n","protected":false},"excerpt":{"rendered":"<p class=\"h1\"><strong>FLOXIA LAIT UNIFIANT HYDRATANT 200M:<\/strong><\/p>\n<p>Il hydrate les peaux s\u00e9ches d&rsquo;une fa\u00e7on imm\u00e9diate. Ce lait p\u00e9n\u00e8tre d&rsquo;une fa\u00e7on rapide tout en laissant votre peau douce et souple .<\/p>\n<p><strong>FLOXIA Disco Savon Dermocosmetique Exfoliant 125 G :<\/strong><\/p>\n<p>Ce savon se caract\u00e9rise par son action gommante, nettoyante, revigorante et aide \u00e0 unifier le teint gr\u00e2ce aux divers extraits d&rsquo;origine v\u00e9g\u00e9tale et marine.<\/p>\n","protected":false},"featured_media":24435,"comment_status":"open","ping_status":"closed","template":"","meta":[],"product_cat":[20],"product_tag":[],"class_list":{"0":"post-17220","1":"product","2":"type-product","3":"status-publish","4":"has-post-thumbnail","6":"product_cat-accessories","8":"first","9":"instock","10":"shipping-taxable","11":"product-type-simple"},"jetpack_sharing_enabled":true,"_links":{"self":[{"href":"https:\/\/para-pharmacity.tn\/index.php?rest_route=\/wp\/v2\/product\/17220","targetHints":{"allow":["GET"]}}],"collection":[{"href":"https:\/\/para-pharmacity.tn\/index.php?rest_route=\/wp\/v2\/product"}],"about":[{"href":"https:\/\/para-pharmacity.tn\/index.php?rest_route=\/wp\/v2\/types\/product"}],"replies":[{"embeddable":true,"href":"https:\/\/para-pharmacity.tn\/index.php?rest_route=%2Fwp%2Fv2%2Fcomments&post=17220"}],"version-history":[{"count":2,"href":"https:\/\/para-pharmacity.tn\/index.php?rest_route=\/wp\/v2\/product\/17220\/revisions"}],"predecessor-version":[{"id":24438,"href":"https:\/\/para-pharmacity.tn\/index.php?rest_route=\/wp\/v2\/product\/17220\/revisions\/24438"}],"wp:featuredmedia":[{"embeddable":true,"href":"https:\/\/para-pharmacity.tn\/index.php?rest_route=\/wp\/v2\/media\/24435"}],"wp:attachment":[{"href":"https:\/\/para-pharmacity.tn\/index.php?rest_route=%2Fwp%2Fv2%2Fmedia&parent=17220"}],"wp:term":[{"taxonomy":"product_cat","embeddable":true,"href":"https:\/\/para-pharmacity.tn\/index.php?rest_route=%2Fwp%2Fv2%2Fproduct_cat&post=17220"},{"taxonomy":"product_tag","embeddable":true,"href":"https:\/\/para-pharmacity.tn\/index.php?rest_route=%2Fwp%2Fv2%2Fproduct_tag&post=17220"}],"curies":[{"name":"wp","href":"https:\/\/api.w.org\/{rel}","templated":true}]}}