{"id":17218,"date":"2024-07-10T23:01:50","date_gmt":"2024-07-10T23:01:50","guid":{"rendered":"https:\/\/para-pharmacity.tn\/?product=floxia-base-eclat-matifiant"},"modified":"2024-09-05T10:39:59","modified_gmt":"2024-09-05T10:39:59","slug":"floxia-base-eclat-matifiant","status":"publish","type":"product","link":"https:\/\/para-pharmacity.tn\/?product=floxia-base-eclat-matifiant","title":{"rendered":"FLOXIA BASE ECLAT MATIFIANT"},"content":{"rendered":"<p>Cette base floute les imperfections, instantan\u00e9ment la peau est lisse, matifi\u00e9e et r\u00e9duit l&rsquo;apparence des pores. Comme une seconde peau, cette base laisse un voile poudr\u00e9 mat et perfecteur de teint.<\/p>\n<p>Grace \u00e0 une combinaison sp\u00e9cifique de charges matifiants soft focus, votre peau est \u00e9clatante de beaut\u00e9. Enrichi en glyc\u00e9rine et en allantoine au propri\u00e9t\u00e9 apaisante, cette base contient de la vitamine B3, connue pour am\u00e9liorer l&rsquo;aspect et la texture de la peau, tout en l&rsquo;illuminant.<\/p>\n","protected":false},"excerpt":{"rendered":"<p>FLOXIA Base \u00e9clat matifiante\u00a0pour peaux mixtes et grasses.<\/p>\n<p>Garde la peau magnifiquement lisse et mate.<\/p>\n<p>Contient 40 ml.<\/p>\n","protected":false},"featured_media":24426,"comment_status":"open","ping_status":"closed","template":"","meta":[],"product_cat":[20],"product_tag":[],"class_list":{"0":"post-17218","1":"product","2":"type-product","3":"status-publish","4":"has-post-thumbnail","6":"product_cat-accessories","8":"first","9":"instock","10":"shipping-taxable","11":"product-type-simple"},"jetpack_sharing_enabled":true,"_links":{"self":[{"href":"https:\/\/para-pharmacity.tn\/index.php?rest_route=\/wp\/v2\/product\/17218","targetHints":{"allow":["GET"]}}],"collection":[{"href":"https:\/\/para-pharmacity.tn\/index.php?rest_route=\/wp\/v2\/product"}],"about":[{"href":"https:\/\/para-pharmacity.tn\/index.php?rest_route=\/wp\/v2\/types\/product"}],"replies":[{"embeddable":true,"href":"https:\/\/para-pharmacity.tn\/index.php?rest_route=%2Fwp%2Fv2%2Fcomments&post=17218"}],"version-history":[{"count":2,"href":"https:\/\/para-pharmacity.tn\/index.php?rest_route=\/wp\/v2\/product\/17218\/revisions"}],"predecessor-version":[{"id":24428,"href":"https:\/\/para-pharmacity.tn\/index.php?rest_route=\/wp\/v2\/product\/17218\/revisions\/24428"}],"wp:featuredmedia":[{"embeddable":true,"href":"https:\/\/para-pharmacity.tn\/index.php?rest_route=\/wp\/v2\/media\/24426"}],"wp:attachment":[{"href":"https:\/\/para-pharmacity.tn\/index.php?rest_route=%2Fwp%2Fv2%2Fmedia&parent=17218"}],"wp:term":[{"taxonomy":"product_cat","embeddable":true,"href":"https:\/\/para-pharmacity.tn\/index.php?rest_route=%2Fwp%2Fv2%2Fproduct_cat&post=17218"},{"taxonomy":"product_tag","embeddable":true,"href":"https:\/\/para-pharmacity.tn\/index.php?rest_route=%2Fwp%2Fv2%2Fproduct_tag&post=17218"}],"curies":[{"name":"wp","href":"https:\/\/api.w.org\/{rel}","templated":true}]}}