{"id":17195,"date":"2024-07-10T23:01:44","date_gmt":"2024-07-10T23:01:44","guid":{"rendered":"https:\/\/para-pharmacity.tn\/?product=fixodent-fresh-47-g-2"},"modified":"2024-09-05T09:48:48","modified_gmt":"2024-09-05T09:48:48","slug":"fixodent-fresh-47-g-2","status":"publish","type":"product","link":"https:\/\/para-pharmacity.tn\/?product=fixodent-fresh-47-g-2","title":{"rendered":"FIXODENT FRESH 47 G"},"content":{"rendered":"<p>Avec Fixodent Fresh, les proth\u00e8ses restent en place de mani\u00e8re s\u00fbre et confortable. La p\u00e2te adh\u00e9sive offre plus de confort gr\u00e2ce aux coussinets entre les gencives et le dentier. De plus, il aide \u00e0 former une barri\u00e8re alimentaire, qui emp\u00eache les particules alimentaires de p\u00e9n\u00e9trer sous votre dentier.<\/p>\n<p>Caract\u00e9ristiques de la p\u00e2te adh\u00e9sive Fixodent Fresh :<br \/>\nGo\u00fbt menthe fra\u00eeche.<br \/>\nFournit une forte tenue, un confort accru et une barri\u00e8re alimentaire.<br \/>\nAdh\u00e8re 10 fois mieux que lorsqu&rsquo;aucune p\u00e2te adh\u00e9sive n&rsquo;est utilis\u00e9e.<br \/>\nPour proth\u00e8ses compl\u00e8tes et partielles.<\/p>\n","protected":false},"excerpt":{"rendered":"<div class=\"flex max-w-full flex-col flex-grow\">\n<div class=\"min-h-[20px] text-message flex w-full flex-col items-end gap-2 break-words [.text-message+&amp;]:mt-5 overflow-x-auto whitespace-normal\" dir=\"auto\" data-message-author-role=\"assistant\" data-message-id=\"a694ac14-67c5-41f5-b25b-483321584924\">\n<div class=\"flex w-full flex-col gap-1 empty:hidden first:pt-[3px]\">\n<div class=\"markdown prose w-full break-words dark:prose-invert dark\">\n<p>Fixodent Fresh garantit une fixation solide, pr\u00e9vient l\u2019infiltration de r\u00e9sidus alimentaires, et offre une sensation de fra\u00eecheur menthol\u00e9e.<\/p>\n<\/div>\n<\/div>\n<\/div>\n<\/div>\n<div class=\"mt-1 flex gap-3 empty:hidden -ml-2\">\n<div class=\"items-center justify-start rounded-xl p-1 flex\">\n<div class=\"flex items-center\"><\/div>\n<\/div>\n<\/div>\n","protected":false},"featured_media":24392,"comment_status":"open","ping_status":"closed","template":"","meta":[],"product_cat":[20],"product_tag":[],"class_list":{"0":"post-17195","1":"product","2":"type-product","3":"status-publish","4":"has-post-thumbnail","6":"product_cat-accessories","8":"first","9":"instock","10":"shipping-taxable","11":"product-type-simple"},"jetpack_sharing_enabled":true,"_links":{"self":[{"href":"https:\/\/para-pharmacity.tn\/index.php?rest_route=\/wp\/v2\/product\/17195","targetHints":{"allow":["GET"]}}],"collection":[{"href":"https:\/\/para-pharmacity.tn\/index.php?rest_route=\/wp\/v2\/product"}],"about":[{"href":"https:\/\/para-pharmacity.tn\/index.php?rest_route=\/wp\/v2\/types\/product"}],"replies":[{"embeddable":true,"href":"https:\/\/para-pharmacity.tn\/index.php?rest_route=%2Fwp%2Fv2%2Fcomments&post=17195"}],"version-history":[{"count":3,"href":"https:\/\/para-pharmacity.tn\/index.php?rest_route=\/wp\/v2\/product\/17195\/revisions"}],"predecessor-version":[{"id":24394,"href":"https:\/\/para-pharmacity.tn\/index.php?rest_route=\/wp\/v2\/product\/17195\/revisions\/24394"}],"wp:featuredmedia":[{"embeddable":true,"href":"https:\/\/para-pharmacity.tn\/index.php?rest_route=\/wp\/v2\/media\/24392"}],"wp:attachment":[{"href":"https:\/\/para-pharmacity.tn\/index.php?rest_route=%2Fwp%2Fv2%2Fmedia&parent=17195"}],"wp:term":[{"taxonomy":"product_cat","embeddable":true,"href":"https:\/\/para-pharmacity.tn\/index.php?rest_route=%2Fwp%2Fv2%2Fproduct_cat&post=17195"},{"taxonomy":"product_tag","embeddable":true,"href":"https:\/\/para-pharmacity.tn\/index.php?rest_route=%2Fwp%2Fv2%2Fproduct_tag&post=17195"}],"curies":[{"name":"wp","href":"https:\/\/api.w.org\/{rel}","templated":true}]}}