{"id":17189,"date":"2024-07-10T23:01:43","date_gmt":"2024-07-10T23:01:43","guid":{"rendered":"https:\/\/para-pharmacity.tn\/?product=fixaderm-15cm-10m-2"},"modified":"2024-09-05T09:38:37","modified_gmt":"2024-09-05T09:38:37","slug":"fixaderm-15cm-10m-2","status":"publish","type":"product","link":"https:\/\/para-pharmacity.tn\/?product=fixaderm-15cm-10m-2","title":{"rendered":"FIXADERM 15CM * 10M"},"content":{"rendered":"<p>La\u00a0bande adh\u00e9sive hypoallerg\u00e9nique FIXADERM\u00a0permet de fixer les pansements de grandes tailles.<\/p>\n<p>Ce sparadrap multi extensible, se pr\u00e9sente sous forme de rouleau pour une d\u00e9coupe \u00e0 la taille souhait\u00e9e. Ce sparadrap Hypoallerg\u00e9nique est adapt\u00e9 aux peaux sensibles. Sa souplesse et son \u00e9lasticit\u00e9 lui permettent une fixation ais\u00e9e sur toutes les zones du corps.<\/p>\n","protected":false},"excerpt":{"rendered":"<ul>\n<li>Bande adh\u00e9sive souple et extensible<\/li>\n<li>Perm\u00e9able \u00e0 l\u2019air et \u00e0 la vapeur<\/li>\n<li>Forte adh\u00e9sivit\u00e9 et haute capacit\u00e9 d\u2019absorption<\/li>\n<li>Fixation de pansements primaires ou post-op\u00e9ratoires pour les plaies<\/li>\n<\/ul>\n","protected":false},"featured_media":24385,"comment_status":"open","ping_status":"closed","template":"","meta":[],"product_cat":[20],"product_tag":[],"class_list":{"0":"post-17189","1":"product","2":"type-product","3":"status-publish","4":"has-post-thumbnail","6":"product_cat-accessories","8":"first","9":"instock","10":"shipping-taxable","11":"product-type-simple"},"jetpack_sharing_enabled":true,"_links":{"self":[{"href":"https:\/\/para-pharmacity.tn\/index.php?rest_route=\/wp\/v2\/product\/17189","targetHints":{"allow":["GET"]}}],"collection":[{"href":"https:\/\/para-pharmacity.tn\/index.php?rest_route=\/wp\/v2\/product"}],"about":[{"href":"https:\/\/para-pharmacity.tn\/index.php?rest_route=\/wp\/v2\/types\/product"}],"replies":[{"embeddable":true,"href":"https:\/\/para-pharmacity.tn\/index.php?rest_route=%2Fwp%2Fv2%2Fcomments&post=17189"}],"version-history":[{"count":2,"href":"https:\/\/para-pharmacity.tn\/index.php?rest_route=\/wp\/v2\/product\/17189\/revisions"}],"predecessor-version":[{"id":24388,"href":"https:\/\/para-pharmacity.tn\/index.php?rest_route=\/wp\/v2\/product\/17189\/revisions\/24388"}],"wp:featuredmedia":[{"embeddable":true,"href":"https:\/\/para-pharmacity.tn\/index.php?rest_route=\/wp\/v2\/media\/24385"}],"wp:attachment":[{"href":"https:\/\/para-pharmacity.tn\/index.php?rest_route=%2Fwp%2Fv2%2Fmedia&parent=17189"}],"wp:term":[{"taxonomy":"product_cat","embeddable":true,"href":"https:\/\/para-pharmacity.tn\/index.php?rest_route=%2Fwp%2Fv2%2Fproduct_cat&post=17189"},{"taxonomy":"product_tag","embeddable":true,"href":"https:\/\/para-pharmacity.tn\/index.php?rest_route=%2Fwp%2Fv2%2Fproduct_tag&post=17189"}],"curies":[{"name":"wp","href":"https:\/\/api.w.org\/{rel}","templated":true}]}}