{"id":17184,"date":"2024-07-10T23:01:42","date_gmt":"2024-07-10T23:01:42","guid":{"rendered":"https:\/\/para-pharmacity.tn\/?product=fitalgine-pectoral-nourrisson-50-ml"},"modified":"2024-09-05T09:17:52","modified_gmt":"2024-09-05T09:17:52","slug":"fitalgine-pectoral-nourrisson-50-ml","status":"publish","type":"product","link":"https:\/\/para-pharmacity.tn\/?product=fitalgine-pectoral-nourrisson-50-ml","title":{"rendered":"FITALGINE PECTORAL NOURRISSON 50 ML"},"content":{"rendered":"<p><b>PHYTEAL FITALGINE PECTORAL NOURRISSON 50ML<\/b><\/p>\n<p>PHYTEAL FITALGINE PECTORAL NOURRISSON est un produit destin\u00e9 aux nourrissons qui pr\u00e9sentent des sympt\u00f4mes respiratoires tels que la toux ou la congestion au niveau de la poitrine. Il s\u2019agit d\u2019une cr\u00e8me \u00e0 base de plantes con\u00e7ue pour apaiser et soulager ces sympt\u00f4mes.<\/p>\n<p><u><b>Composition :\u00a0<\/b><\/u><\/p>\n<p>Les ingr\u00e9dients actifs de Phyt\u00e9al fitalgine pectoral nourrisson comprennent des extraits de thym, de guimauve, de plantain et de drosera. Ces ingr\u00e9dients sont cens\u00e9s avoir des propri\u00e9t\u00e9s apaisantes, adoucissantes et anti-inflammatoires, ce qui peut aider \u00e0 soulager les douleurs thoraciques et faciliter la respiration.<\/p>\n<p><b><u>Conseils d&rsquo;utilisation :\u00a0<\/u><\/b><\/p>\n<p>La cr\u00e8me est g\u00e9n\u00e9ralement appliqu\u00e9e localement sur la poitrine, en massage doux, comme indiqu\u00e9 par un professionnel de sant\u00e9. Il est important de consulter un p\u00e9diatre avant d\u2019utiliser toute cr\u00e8me ou tout m\u00e9dicament sur un nourrisson.<\/p>\n","protected":false},"excerpt":{"rendered":"<div id=\"product-description-short-8612\" class=\"product-description\">\n<p>Cr\u00e8me aux extraits de plantes qui favorise le bien-etre pectoral.<\/p>\n<\/div>\n","protected":false},"featured_media":24378,"comment_status":"open","ping_status":"closed","template":"","meta":[],"product_cat":[20],"product_tag":[],"class_list":{"0":"post-17184","1":"product","2":"type-product","3":"status-publish","4":"has-post-thumbnail","6":"product_cat-accessories","8":"first","9":"instock","10":"shipping-taxable","11":"product-type-simple"},"jetpack_sharing_enabled":true,"_links":{"self":[{"href":"https:\/\/para-pharmacity.tn\/index.php?rest_route=\/wp\/v2\/product\/17184","targetHints":{"allow":["GET"]}}],"collection":[{"href":"https:\/\/para-pharmacity.tn\/index.php?rest_route=\/wp\/v2\/product"}],"about":[{"href":"https:\/\/para-pharmacity.tn\/index.php?rest_route=\/wp\/v2\/types\/product"}],"replies":[{"embeddable":true,"href":"https:\/\/para-pharmacity.tn\/index.php?rest_route=%2Fwp%2Fv2%2Fcomments&post=17184"}],"version-history":[{"count":2,"href":"https:\/\/para-pharmacity.tn\/index.php?rest_route=\/wp\/v2\/product\/17184\/revisions"}],"predecessor-version":[{"id":24377,"href":"https:\/\/para-pharmacity.tn\/index.php?rest_route=\/wp\/v2\/product\/17184\/revisions\/24377"}],"wp:featuredmedia":[{"embeddable":true,"href":"https:\/\/para-pharmacity.tn\/index.php?rest_route=\/wp\/v2\/media\/24378"}],"wp:attachment":[{"href":"https:\/\/para-pharmacity.tn\/index.php?rest_route=%2Fwp%2Fv2%2Fmedia&parent=17184"}],"wp:term":[{"taxonomy":"product_cat","embeddable":true,"href":"https:\/\/para-pharmacity.tn\/index.php?rest_route=%2Fwp%2Fv2%2Fproduct_cat&post=17184"},{"taxonomy":"product_tag","embeddable":true,"href":"https:\/\/para-pharmacity.tn\/index.php?rest_route=%2Fwp%2Fv2%2Fproduct_tag&post=17184"}],"curies":[{"name":"wp","href":"https:\/\/api.w.org\/{rel}","templated":true}]}}