{"id":17182,"date":"2024-07-10T23:01:41","date_gmt":"2024-07-10T23:01:41","guid":{"rendered":"https:\/\/para-pharmacity.tn\/?product=filorga-uv-defence-spf-50-40ml"},"modified":"2024-09-05T08:49:29","modified_gmt":"2024-09-05T08:49:29","slug":"filorga-uv-defence-spf-50-40ml","status":"publish","type":"product","link":"https:\/\/para-pharmacity.tn\/?product=filorga-uv-defence-spf-50-40ml","title":{"rendered":"FILORGA UV-DEFENCE SPF 50+ 40ML"},"content":{"rendered":"<h2><strong>Description<br \/>\n<\/strong><\/h2>\n<p><strong>UV DEFENCE des laboratoires FILORGA<\/strong>\u00a0appartient \u00e0 la ligne INTERVENTIONNEL, formul\u00e9e sp\u00e9cifiquement pour les \u00e9pidermes fragilis\u00e9s par des actes de m\u00e9decine esth\u00e9tique.<\/p>\n<p>Ce soin offre ainsi une tr\u00e8s haute protection solaire : de puissants filtres, associ\u00e9s \u00e0 la vitamine E aux propri\u00e9t\u00e9s anti-oxydantes, prot\u00e8gent la peau des UV et des radicaux libres.<\/p>\n<div>\n<p>Un extrait de Houblon r\u00e9gule la synth\u00e8se de m\u00e9lanine et agit sur les taches photo-induites.Enfin, l\u2019association d\u2019acide hyaluronique + NCTF\u00ae + algue brune exerce une action r\u00e9g\u00e9n\u00e9rante sur les tissus \u00e9pidermiques, en lissant la surface de la peau, tout en la r\u00e9hydratant en profondeur.<\/p>\n<p>Sa texture non grasse en fait un soin id\u00e9al au quotidien, pour prot\u00e9ger les zones fragiles, ou en cas d\u2019exposition solaire.<\/p>\n<\/div>\n<h2><strong>Utilisation<\/strong><\/h2>\n<div>En application quotidienne ou lors des expositions solaires, sa texture fondante et facile \u00e0 appliquer laisse un fini non collant, non gras sur la peau.Avant l\u2019exposition, appliquer une dose suffisante pour bien couvrir la zone expos\u00e9e. La r\u00e9duction de cette quantit\u00e9 diminue le niveau de protection.<br \/>\nRenouveler l\u2019application fr\u00e9quemment surtout apr\u00e8s le bain, en cas de sudation ou apr\u00e8s s\u2019\u00eatre essuy\u00e9.M\u00eame bien prot\u00e9g\u00e9, \u00e9viter l\u2019exposition solaire aux heures d\u2019ensoleillement maximum. Ne pas exposer les b\u00e9b\u00e9s et les jeunes enfants directement au soleil. Id\u00e9al \u00e9galement pour prot\u00e9ger les peaux sensibilis\u00e9es apr\u00e8s un acte esth\u00e9tique (injections, peelings, laser\u2026).<\/p>\n<\/div>\n<div><\/div>\n","protected":false},"excerpt":{"rendered":"<p>Protecteur solaire puissant contre les UVA et UVB et r\u00e9hydratant profond, anti-\u00e2ge et anti-t\u00e2ches, \u00e0 la texture non-grasse. Id\u00e9al post-acte dermatologique.<\/p>\n","protected":false},"featured_media":24370,"comment_status":"open","ping_status":"closed","template":"","meta":[],"product_cat":[20],"product_tag":[],"class_list":{"0":"post-17182","1":"product","2":"type-product","3":"status-publish","4":"has-post-thumbnail","6":"product_cat-accessories","8":"first","9":"instock","10":"shipping-taxable","11":"product-type-simple"},"jetpack_sharing_enabled":true,"_links":{"self":[{"href":"https:\/\/para-pharmacity.tn\/index.php?rest_route=\/wp\/v2\/product\/17182","targetHints":{"allow":["GET"]}}],"collection":[{"href":"https:\/\/para-pharmacity.tn\/index.php?rest_route=\/wp\/v2\/product"}],"about":[{"href":"https:\/\/para-pharmacity.tn\/index.php?rest_route=\/wp\/v2\/types\/product"}],"replies":[{"embeddable":true,"href":"https:\/\/para-pharmacity.tn\/index.php?rest_route=%2Fwp%2Fv2%2Fcomments&post=17182"}],"version-history":[{"count":3,"href":"https:\/\/para-pharmacity.tn\/index.php?rest_route=\/wp\/v2\/product\/17182\/revisions"}],"predecessor-version":[{"id":24373,"href":"https:\/\/para-pharmacity.tn\/index.php?rest_route=\/wp\/v2\/product\/17182\/revisions\/24373"}],"wp:featuredmedia":[{"embeddable":true,"href":"https:\/\/para-pharmacity.tn\/index.php?rest_route=\/wp\/v2\/media\/24370"}],"wp:attachment":[{"href":"https:\/\/para-pharmacity.tn\/index.php?rest_route=%2Fwp%2Fv2%2Fmedia&parent=17182"}],"wp:term":[{"taxonomy":"product_cat","embeddable":true,"href":"https:\/\/para-pharmacity.tn\/index.php?rest_route=%2Fwp%2Fv2%2Fproduct_cat&post=17182"},{"taxonomy":"product_tag","embeddable":true,"href":"https:\/\/para-pharmacity.tn\/index.php?rest_route=%2Fwp%2Fv2%2Fproduct_tag&post=17182"}],"curies":[{"name":"wp","href":"https:\/\/api.w.org\/{rel}","templated":true}]}}