{"id":17171,"date":"2024-07-10T23:01:39","date_gmt":"2024-07-10T23:01:39","guid":{"rendered":"https:\/\/para-pharmacity.tn\/?product=filorga-trousse-nude-02-pore-exp"},"modified":"2024-09-04T10:27:51","modified_gmt":"2024-09-04T10:27:51","slug":"filorga-trousse-nude-02-pore-exp","status":"publish","type":"product","link":"https:\/\/para-pharmacity.tn\/?product=filorga-trousse-nude-02-pore-exp","title":{"rendered":"FILORGA TROUSSE NUDE 02 + PORE EXP"},"content":{"rendered":"<h1>FILORGA TROUSSE NUDE 02 + PORE EXP<\/h1>\n<p>ce coffret contient:<\/p>\n<h4 class=\"h1\">FILORGA FLASH NUDE FLUID 02 :<\/h4>\n<p>FILORGA FLASH-NUDE FLUID SPF30\u00a0\u00a0 Le fluide flash Nude de Filorga est un fluide de teint double action (flash +durable) pour un effet peau nue z\u00e9ro d\u00e9faut. Action perfectrice flash [technologie adjustable-cover]Multi-correction durable [ lissage + \u00e9clat + uniformit\u00e9 ]<\/p>\n<p>&nbsp;<\/p>\n<h4 class=\"page-title\"><span class=\"base\" data-ui-id=\"page-title-wrapper\">FILORGA PORE EXPRESS<\/span>:<\/h4>\n<p>Action perfectrice express [technologie mat &amp; blur] :<br \/>\nUne texture respirante qui combine des s\u00e9bo-capteurs min\u00e9raux pour un effet matifiant flash, associ\u00e9s \u00e0 des flouteurs optiques pour un lissage imm\u00e9diat des pores et du grain de peau.<br \/>\nMulti-correction durable [pores + matit\u00e9 + imperfections] :<br \/>\nUne association de 4 actifs [bio-ferment astringent + s\u00e9bo-r\u00e9ducteur v\u00e9g\u00e9tal + niacinamide apaisante + booster de collag\u00e8ne] pour r\u00e9duire durablement pores, exc\u00e8s de s\u00e9bum, rougeurs diffuses et imperfections rebelles.<br \/>\nLe + :<br \/>\nUne protection urbaine [impuret\u00e9s + pollution] pour une peau nette tout au long de la journ\u00e9e<br \/>\nTexture transparente, non grasse, non com\u00e9dog\u00e8ne, oil free<\/p>\n<p>Conseils d&rsquo;utilisations:<br \/>\nIl est conseill\u00e9 d&rsquo;appliquer apr\u00e8s les soins quotidiens sur l\u2019ensemble du visage ou sur les zones concern\u00e9es.<br \/>\nExcellente base de maquillage. Peut \u00e9galement s\u2019utiliser en retouche au cours de la journ\u00e9e pour une mise en beaut\u00e9 flash.<\/p>\n","protected":false},"excerpt":{"rendered":"<p class=\"h1\"><strong>FILORGA FLASH NUDE FLUID 02 :<\/strong><\/p>\n<p>Action perfectrice flash [technologie adjustable-cover]<br \/>\nMulti-correction durable [ lissage + \u00e9clat + uniformit\u00e9 ]<\/p>\n<p>&nbsp;<\/p>\n<p class=\"page-title\"><strong><span class=\"base\" data-ui-id=\"page-title-wrapper\">FILORGA PORE EXPRESS<\/span>:<\/strong><\/p>\n<p>Un concentr\u00e9 d&rsquo;actifs purifiants dans une base perfectrice double: express + durable<\/p>\n<p>Action perfectrice express [technologie mat &amp; blur]<\/p>\n<p>Multi-correction durable [pores + matit\u00e9 + imperfections]<\/p>\n","protected":false},"featured_media":24346,"comment_status":"open","ping_status":"closed","template":"","meta":[],"product_cat":[20],"product_tag":[],"class_list":{"0":"post-17171","1":"product","2":"type-product","3":"status-publish","4":"has-post-thumbnail","6":"product_cat-accessories","8":"first","9":"instock","10":"shipping-taxable","11":"product-type-simple"},"jetpack_sharing_enabled":true,"_links":{"self":[{"href":"https:\/\/para-pharmacity.tn\/index.php?rest_route=\/wp\/v2\/product\/17171","targetHints":{"allow":["GET"]}}],"collection":[{"href":"https:\/\/para-pharmacity.tn\/index.php?rest_route=\/wp\/v2\/product"}],"about":[{"href":"https:\/\/para-pharmacity.tn\/index.php?rest_route=\/wp\/v2\/types\/product"}],"replies":[{"embeddable":true,"href":"https:\/\/para-pharmacity.tn\/index.php?rest_route=%2Fwp%2Fv2%2Fcomments&post=17171"}],"version-history":[{"count":3,"href":"https:\/\/para-pharmacity.tn\/index.php?rest_route=\/wp\/v2\/product\/17171\/revisions"}],"predecessor-version":[{"id":24349,"href":"https:\/\/para-pharmacity.tn\/index.php?rest_route=\/wp\/v2\/product\/17171\/revisions\/24349"}],"wp:featuredmedia":[{"embeddable":true,"href":"https:\/\/para-pharmacity.tn\/index.php?rest_route=\/wp\/v2\/media\/24346"}],"wp:attachment":[{"href":"https:\/\/para-pharmacity.tn\/index.php?rest_route=%2Fwp%2Fv2%2Fmedia&parent=17171"}],"wp:term":[{"taxonomy":"product_cat","embeddable":true,"href":"https:\/\/para-pharmacity.tn\/index.php?rest_route=%2Fwp%2Fv2%2Fproduct_cat&post=17171"},{"taxonomy":"product_tag","embeddable":true,"href":"https:\/\/para-pharmacity.tn\/index.php?rest_route=%2Fwp%2Fv2%2Fproduct_tag&post=17171"}],"curies":[{"name":"wp","href":"https:\/\/api.w.org\/{rel}","templated":true}]}}