{"id":17163,"date":"2024-07-10T23:01:37","date_gmt":"2024-07-10T23:01:37","guid":{"rendered":"https:\/\/para-pharmacity.tn\/?product=filorga-time-zero-ideal"},"modified":"2024-09-03T14:48:26","modified_gmt":"2024-09-03T14:48:26","slug":"filorga-time-zero-ideal","status":"publish","type":"product","link":"https:\/\/para-pharmacity.tn\/?product=filorga-time-zero-ideal","title":{"rendered":"FILORGA TIME ZERO IDEAL"},"content":{"rendered":"<div class=\"woocommerce-product-details__short-description\">\n<p>S\u00e9rum Multi-Correction Rides<\/p>\n<\/div>\n<div class=\"woocommerce-product-rating\">\n<div class=\"rating-custom\" data-rate=\"3.71\">\n<div class=\"star-container\">TIME-ZERO, toute l\u2019expertise en m\u00e9decine esth\u00e9tique de FILORGA dans un s\u00e9rum visage anti-\u00e2ge double formule [rides<strong>\u00a0+<\/strong>\u00a0lift] pour r\u00e9duire visiblement tous les types de rides.<\/div>\n<div>\n<p><strong>\/<\/strong>\u00a0Rides de contraction<\/p>\n<p>Un duo tripeptide-hexapeptide pour d\u00e9crisper les traits sans figer les expressions.<\/p>\n<p><strong>\/<\/strong>\u00a0Rides profondes<\/p>\n<p>Un trio d\u2019actifs autour de l\u2019acide hyaluronique pour repulper visiblement les rides marqu\u00e9es.<\/p>\n<p><strong>\/<\/strong>\u00a0Rides de surface<\/p>\n<p>De la gluconolactone exfoliante associ\u00e9e \u00e0 un actif effet peeling pour lisser les micro-cassures cutan\u00e9es.<\/p>\n<p><strong>\/<\/strong>\u00a0Rides de fatigue<\/p>\n<p>Un duo de matrikines pour tonifier le matelas cutan\u00e9 et d\u00e9froisser les traits.<\/p>\n<p><em>Texture double s\u00e9rum ultra-confortable \u2013 Fini non gras \u2013 30ml<\/em><\/p>\n<p>MODE D\u2019EMPLOI<\/p>\n<\/div>\n<p>Appliquer en soin quotidien, matin et\/ou soir, avant la cr\u00e8me de jour et\/ou nuit.<\/p>\n<\/div>\n<\/div>\n","protected":false},"excerpt":{"rendered":"<p>TIME-ZERO, toute l\u2019expertise en m\u00e9decine esth\u00e9tique de FILORGA dans un s\u00e9rum visage anti-\u00e2ge double formule [rides + lift] pour r\u00e9duire visiblement tous les types de rides.<\/p>\n","protected":false},"featured_media":24311,"comment_status":"open","ping_status":"closed","template":"","meta":[],"product_cat":[20],"product_tag":[],"class_list":{"0":"post-17163","1":"product","2":"type-product","3":"status-publish","4":"has-post-thumbnail","6":"product_cat-accessories","8":"first","9":"instock","10":"shipping-taxable","11":"product-type-simple"},"jetpack_sharing_enabled":true,"_links":{"self":[{"href":"https:\/\/para-pharmacity.tn\/index.php?rest_route=\/wp\/v2\/product\/17163","targetHints":{"allow":["GET"]}}],"collection":[{"href":"https:\/\/para-pharmacity.tn\/index.php?rest_route=\/wp\/v2\/product"}],"about":[{"href":"https:\/\/para-pharmacity.tn\/index.php?rest_route=\/wp\/v2\/types\/product"}],"replies":[{"embeddable":true,"href":"https:\/\/para-pharmacity.tn\/index.php?rest_route=%2Fwp%2Fv2%2Fcomments&post=17163"}],"version-history":[{"count":2,"href":"https:\/\/para-pharmacity.tn\/index.php?rest_route=\/wp\/v2\/product\/17163\/revisions"}],"predecessor-version":[{"id":24313,"href":"https:\/\/para-pharmacity.tn\/index.php?rest_route=\/wp\/v2\/product\/17163\/revisions\/24313"}],"wp:featuredmedia":[{"embeddable":true,"href":"https:\/\/para-pharmacity.tn\/index.php?rest_route=\/wp\/v2\/media\/24311"}],"wp:attachment":[{"href":"https:\/\/para-pharmacity.tn\/index.php?rest_route=%2Fwp%2Fv2%2Fmedia&parent=17163"}],"wp:term":[{"taxonomy":"product_cat","embeddable":true,"href":"https:\/\/para-pharmacity.tn\/index.php?rest_route=%2Fwp%2Fv2%2Fproduct_cat&post=17163"},{"taxonomy":"product_tag","embeddable":true,"href":"https:\/\/para-pharmacity.tn\/index.php?rest_route=%2Fwp%2Fv2%2Fproduct_tag&post=17163"}],"curies":[{"name":"wp","href":"https:\/\/api.w.org\/{rel}","templated":true}]}}