{"id":17156,"date":"2024-07-10T23:01:33","date_gmt":"2024-07-10T23:01:33","guid":{"rendered":"https:\/\/para-pharmacity.tn\/?product=filorga-sleep-lift-50-ml"},"modified":"2024-09-03T13:21:27","modified_gmt":"2024-09-03T13:21:27","slug":"filorga-sleep-lift-50-ml","status":"publish","type":"product","link":"https:\/\/para-pharmacity.tn\/?product=filorga-sleep-lift-50-ml","title":{"rendered":"FILORGA SLEEP &amp; LIFT 50 ML"},"content":{"rendered":"<div class=\"container\">\n<div class=\"row\">\n<div id=\"content\" class=\"col-md-9\">\n<div class=\"tab-content\">\n<div id=\"tab-description\" class=\"tab-pane active\">\n<div class=\"col-xs-12\">UNE CR\u00c8ME ULTRA-LIFTANTE NUIT FORMUL\u00c9E A BASE D&rsquo;ACTIFS ISSUS DES PROC\u00c9DURES ESTH\u00c9TIQUES POUR UN EFFET ANTI-AGE RADICAL.<\/p>\n<p>Ce baume sensoriel ultra-enveloppant apporte nutrition, confort et galbe le visage nuit apr\u00e8s nuit.<\/p>\n<p>\/ Efficacit\u00e9 liftante surprenante [traits lisses + volumes red\u00e9finis] : int\u00e8gre pour la premi\u00e8re fois dans une cr\u00e8me, le Plasmatic Lifting Factors\u00ae associe [Facteurs cellulaires + Collag\u00e8ne + Acide hyaluronique] pour retendre visiblement les traits, repulper la peau et sculpter les volumes.<\/p>\n<p>\/ Action redensification nocturne : issu des recherches sur la r\u00e9cup\u00e9ration cutan\u00e9e, un duo d&rsquo;acides amin\u00e9s r\u00e9g\u00e9n\u00e8re les composants majeurs de la peau pour lui redonner \u00e9lasticit\u00e9 et densit\u00e9 pendant la nuit.<\/p><\/div>\n<div class=\"col-xs-12\"><\/div>\n<div class=\"col-xs-12\">Conseils d&rsquo;utilisation:<\/div>\n<div class=\"col-xs-12\">\n<div><\/div>\n<p>Appliquer le soir sur le visage parfaitement nettoy\u00e9. Faire p\u00e9n\u00e9trer en massant.<\/p><\/div>\n<\/div>\n<\/div>\n<\/div>\n<\/div>\n<\/div>\n<footer id=\"footer\">\n<div class=\"container\">\n<div class=\"row\">\n<div class=\"col-xs-12 col-sm-6 col-md-3\"><\/div>\n<\/div>\n<\/div>\n<\/footer>\n","protected":false},"excerpt":{"rendered":"<p>Filorga SLEEP AND LIFT Cr\u00e8me Ultra-Liftante Nuit &#8211; Capacit\u00e9 50ml &#8211; Cr\u00e8me ultra-liftante de nuit &#8211; Effet anti-\u00e2ge radical &#8211; Efficacit\u00e9 liftante surprenante &#8211; Action redensification nocturne<\/p>\n","protected":false},"featured_media":24266,"comment_status":"open","ping_status":"closed","template":"","meta":[],"product_cat":[20],"product_tag":[],"class_list":{"0":"post-17156","1":"product","2":"type-product","3":"status-publish","4":"has-post-thumbnail","6":"product_cat-accessories","8":"first","9":"instock","10":"shipping-taxable","11":"product-type-simple"},"jetpack_sharing_enabled":true,"_links":{"self":[{"href":"https:\/\/para-pharmacity.tn\/index.php?rest_route=\/wp\/v2\/product\/17156","targetHints":{"allow":["GET"]}}],"collection":[{"href":"https:\/\/para-pharmacity.tn\/index.php?rest_route=\/wp\/v2\/product"}],"about":[{"href":"https:\/\/para-pharmacity.tn\/index.php?rest_route=\/wp\/v2\/types\/product"}],"replies":[{"embeddable":true,"href":"https:\/\/para-pharmacity.tn\/index.php?rest_route=%2Fwp%2Fv2%2Fcomments&post=17156"}],"version-history":[{"count":2,"href":"https:\/\/para-pharmacity.tn\/index.php?rest_route=\/wp\/v2\/product\/17156\/revisions"}],"predecessor-version":[{"id":24269,"href":"https:\/\/para-pharmacity.tn\/index.php?rest_route=\/wp\/v2\/product\/17156\/revisions\/24269"}],"wp:featuredmedia":[{"embeddable":true,"href":"https:\/\/para-pharmacity.tn\/index.php?rest_route=\/wp\/v2\/media\/24266"}],"wp:attachment":[{"href":"https:\/\/para-pharmacity.tn\/index.php?rest_route=%2Fwp%2Fv2%2Fmedia&parent=17156"}],"wp:term":[{"taxonomy":"product_cat","embeddable":true,"href":"https:\/\/para-pharmacity.tn\/index.php?rest_route=%2Fwp%2Fv2%2Fproduct_cat&post=17156"},{"taxonomy":"product_tag","embeddable":true,"href":"https:\/\/para-pharmacity.tn\/index.php?rest_route=%2Fwp%2Fv2%2Fproduct_tag&post=17156"}],"curies":[{"name":"wp","href":"https:\/\/api.w.org\/{rel}","templated":true}]}}