{"id":17153,"date":"2024-07-10T23:01:32","date_gmt":"2024-07-10T23:01:32","guid":{"rendered":"https:\/\/para-pharmacity.tn\/?product=filorga-skin-absolute-jour-50ml"},"modified":"2024-09-03T12:48:01","modified_gmt":"2024-09-03T12:48:01","slug":"filorga-skin-absolute-jour-50ml","status":"publish","type":"product","link":"https:\/\/para-pharmacity.tn\/?product=filorga-skin-absolute-jour-50ml","title":{"rendered":"FILORGA SKIN ABSOLUTE JOUR 50ML"},"content":{"rendered":"<h4><span style=\"color: #70ad47\">Description\u00a0:<\/span><\/h4>\n<p>FILORGASoin r\u00e9juv\u00e9nation ultime jourRides, fermet\u00e9, taches, \u00e9clatEfficacit\u00e9 30 jours50 mlLe soin au saphir blanc qui capture l&rsquo;\u00e9nergie de la lumi\u00e8re du jour pour une action anti-\u00e2ge globale acc\u00e9l\u00e9r\u00e9e. Un flash de r\u00e9juv\u00e9nation en 30 jours chrono contre les rides, le manque de fermet\u00e9, d&rsquo;uniformit\u00e9 et d&rsquo;\u00e9clat. &#8211; Multi-correction des signes de l&rsquo;\u00e2ge- Triple protection: anti-UV &#8211; infra rouge &#8211; pollution- Texture neige: hydratation absolue z\u00e9ro gras- Efficacit\u00e9 30 jours chronoMulti-correction accel\u00e9r\u00e9e: des extremozymes, enzyles capables de transformer en \u00e9nergie le rayonnement UV et infrarouge quotidien, boostent l&rsquo;ensemble des fonctions cellulaires ralenties par le vieillissement pour d\u00e9ployer une multi-correction anti-\u00e2ge. R\u00e9paration anti-\u00e2ge durable: la phytolyase, une enzyme r\u00e9paratrice activ\u00e9e par la lumi\u00e8re du jour relance les m\u00e9canismes de restauration de l&rsquo;ADN pour r\u00e9parer les m\u00e9faits du vieillissement et enrayer \u00e0 la source le processus de vieillissement cutan\u00e9. Eclat magistral: associ\u00e9 au Saphir Blanc, capable de capter puissamment la lumi\u00e8re, un extrait riche en fructanes d\u00e9toxifiantes purifie le teint pour une peau rayonnante. Hydratation absolue: une texture luminescente unique, hautement hydratante et repulpante, enrichie en acide hyaluronique et en NCTF\u00ae .<\/p>\n<hr \/>\n<h4><span style=\"color: #70ad47\">Conseils d\u2019utilisation\u00a0:<\/span><\/h4>\n<p>Appliquer le matin, sur le visage, le cou et le d\u00e9collet\u00e9.<\/p>\n","protected":false},"excerpt":{"rendered":"<p>Skin-absolute Day l\u2019expertise de la m\u00e9decine esth\u00e9tique pour ce soin destin\u00e9 \u00e0 raffermir la peau et redonner de l\u2019\u00e9clat au visage en 30 jours seulement ! Peaux matures<\/p>\n","protected":false},"featured_media":24250,"comment_status":"open","ping_status":"closed","template":"","meta":[],"product_cat":[20],"product_tag":[],"class_list":{"0":"post-17153","1":"product","2":"type-product","3":"status-publish","4":"has-post-thumbnail","6":"product_cat-accessories","8":"first","9":"instock","10":"shipping-taxable","11":"product-type-simple"},"jetpack_sharing_enabled":true,"_links":{"self":[{"href":"https:\/\/para-pharmacity.tn\/index.php?rest_route=\/wp\/v2\/product\/17153","targetHints":{"allow":["GET"]}}],"collection":[{"href":"https:\/\/para-pharmacity.tn\/index.php?rest_route=\/wp\/v2\/product"}],"about":[{"href":"https:\/\/para-pharmacity.tn\/index.php?rest_route=\/wp\/v2\/types\/product"}],"replies":[{"embeddable":true,"href":"https:\/\/para-pharmacity.tn\/index.php?rest_route=%2Fwp%2Fv2%2Fcomments&post=17153"}],"version-history":[{"count":2,"href":"https:\/\/para-pharmacity.tn\/index.php?rest_route=\/wp\/v2\/product\/17153\/revisions"}],"predecessor-version":[{"id":24252,"href":"https:\/\/para-pharmacity.tn\/index.php?rest_route=\/wp\/v2\/product\/17153\/revisions\/24252"}],"wp:featuredmedia":[{"embeddable":true,"href":"https:\/\/para-pharmacity.tn\/index.php?rest_route=\/wp\/v2\/media\/24250"}],"wp:attachment":[{"href":"https:\/\/para-pharmacity.tn\/index.php?rest_route=%2Fwp%2Fv2%2Fmedia&parent=17153"}],"wp:term":[{"taxonomy":"product_cat","embeddable":true,"href":"https:\/\/para-pharmacity.tn\/index.php?rest_route=%2Fwp%2Fv2%2Fproduct_cat&post=17153"},{"taxonomy":"product_tag","embeddable":true,"href":"https:\/\/para-pharmacity.tn\/index.php?rest_route=%2Fwp%2Fv2%2Fproduct_tag&post=17153"}],"curies":[{"name":"wp","href":"https:\/\/api.w.org\/{rel}","templated":true}]}}