{"id":17150,"date":"2024-07-10T23:01:31","date_gmt":"2024-07-10T23:01:31","guid":{"rendered":"https:\/\/para-pharmacity.tn\/?product=filorga-scrub-detox-50-ml"},"modified":"2024-09-03T11:57:41","modified_gmt":"2024-09-03T11:57:41","slug":"filorga-scrub-detox-50-ml","status":"publish","type":"product","link":"https:\/\/para-pharmacity.tn\/?product=filorga-scrub-detox-50-ml","title":{"rendered":"FILORGA SCRUB &amp; DETOX 50 ML"},"content":{"rendered":"<p>SCRUB &amp; DETOX Masque Exfoliant Mousse Puret\u00e9 Intense 50ML<\/p>\n<p>Filorga SCRUB &amp; DETOX\u00a0un exfoliant mousse double action pour d\u00e9toxifier intens\u00e9ment et r\u00e9v\u00e9ler une peau neuve en 5 minutes chrono,\u00a0Texture mousse noire velout\u00e9e au fini hydratant et confortable<\/p>\n<p>\u00c9tape 1 \u2013 Double exfoliation [m\u00e9canique + enzymatique]<\/p>\n<p>Appliquer par massages circulaires sur une peau propre et humide.<\/p>\n<p>Un complexe double peeling associant des micro-sph\u00e8res volcaniques et de la papaine resurfa\u00e7ante exfolie la peau en douceur pour la d\u00e9barrasser des impuret\u00e9s et r\u00e9v\u00e9ler un grain de peau plus lisse.<\/p>\n<p>\u00c9tape 2 \u2013 D\u00e9toxification cutan\u00e9e [imm\u00e9diate + durable]<\/p>\n<p>Laisser reposer 2\/3 minutes. Des polyph\u00e9nols d\u00e9toxifiants et du charbon actif agissent pour lib\u00e9rer la peau du stress cutan\u00e9 et laisser transparaitre un teint pur et \u00e9clatant.<br \/>\nRincer abondamment \u00e0 l\u2019eau ti\u00e8de. Un complexe apaisant [niacinamide + vitamine E] enveloppe la peau d\u2019un film protecteur imperceptible pour lutter contre les agressions quotidiennes.<\/p>\n","protected":false},"excerpt":{"rendered":"<p>La<strong>\u00a0Mousse exfoliante<\/strong>\u00a0<strong>Scrub &amp; D\u00e9tox<\/strong>\u00a0de\u00a0<strong>Filorga<\/strong>\u00a0est un\u00a0<strong>masque double action<\/strong>\u00a0pour d\u00e9toxifier intens\u00e9ment et profond\u00e9ment la peau,<\/p>\n","protected":false},"featured_media":24232,"comment_status":"open","ping_status":"closed","template":"","meta":[],"product_cat":[20],"product_tag":[],"class_list":{"0":"post-17150","1":"product","2":"type-product","3":"status-publish","4":"has-post-thumbnail","6":"product_cat-accessories","8":"first","9":"instock","10":"shipping-taxable","11":"product-type-simple"},"jetpack_sharing_enabled":true,"_links":{"self":[{"href":"https:\/\/para-pharmacity.tn\/index.php?rest_route=\/wp\/v2\/product\/17150","targetHints":{"allow":["GET"]}}],"collection":[{"href":"https:\/\/para-pharmacity.tn\/index.php?rest_route=\/wp\/v2\/product"}],"about":[{"href":"https:\/\/para-pharmacity.tn\/index.php?rest_route=\/wp\/v2\/types\/product"}],"replies":[{"embeddable":true,"href":"https:\/\/para-pharmacity.tn\/index.php?rest_route=%2Fwp%2Fv2%2Fcomments&post=17150"}],"version-history":[{"count":2,"href":"https:\/\/para-pharmacity.tn\/index.php?rest_route=\/wp\/v2\/product\/17150\/revisions"}],"predecessor-version":[{"id":24238,"href":"https:\/\/para-pharmacity.tn\/index.php?rest_route=\/wp\/v2\/product\/17150\/revisions\/24238"}],"wp:featuredmedia":[{"embeddable":true,"href":"https:\/\/para-pharmacity.tn\/index.php?rest_route=\/wp\/v2\/media\/24232"}],"wp:attachment":[{"href":"https:\/\/para-pharmacity.tn\/index.php?rest_route=%2Fwp%2Fv2%2Fmedia&parent=17150"}],"wp:term":[{"taxonomy":"product_cat","embeddable":true,"href":"https:\/\/para-pharmacity.tn\/index.php?rest_route=%2Fwp%2Fv2%2Fproduct_cat&post=17150"},{"taxonomy":"product_tag","embeddable":true,"href":"https:\/\/para-pharmacity.tn\/index.php?rest_route=%2Fwp%2Fv2%2Fproduct_tag&post=17150"}],"curies":[{"name":"wp","href":"https:\/\/api.w.org\/{rel}","templated":true}]}}