{"id":17131,"date":"2024-07-10T23:01:25","date_gmt":"2024-07-10T23:01:25","guid":{"rendered":"https:\/\/para-pharmacity.tn\/?product=filorga-nctf-reverse-eyes-15ml"},"modified":"2024-08-28T09:14:06","modified_gmt":"2024-08-28T09:14:06","slug":"filorga-nctf-reverse-eyes-15ml","status":"publish","type":"product","link":"https:\/\/para-pharmacity.tn\/?product=filorga-nctf-reverse-eyes-15ml","title":{"rendered":"FILORGA NCTF REVERSE EYES 15ML"},"content":{"rendered":"<p><strong>NCEF-REVERSE EYES, un soin contour des yeux inspir\u00e9 des m\u00e9so-injections \u00e0 l\u2019efficacit\u00e9 multi-correctrice [Rides \u2013 Fermet\u00e9 \u2013 \u00c9clat \u2013 Cernes \u2013 Poches].<\/strong><\/p>\n<div class=\"more\">\n<div class=\"\">\n<p>Un soin yeux multi-correcteur concentr\u00e9 en NCEF pour une action pro-jeunesse et une action d\u00e9fatiguante intensive.<\/p>\n<p><strong><b>\/\u00a0<\/b>R\u00e9novation compl\u00e8te de la zone regard [R\u00e9g\u00e9n\u00e9ration activ\u00e9e]<\/strong><\/p>\n<p>Une formule au NCEF, complexe polyrevitalisant unique mis au point par les Laboratoires FILORGA dont les ingr\u00e9dients sont int\u00e9gr\u00e9s pour la premi\u00e8re fois dans un contour des yeux \u00e0 des concentrations comparables \u00e0 celles utilis\u00e9es en m\u00e9so-injection*.<\/p>\n<p><strong><b>\/\u00a0<\/b>Correction suractiv\u00e9e [Rides \u2013 Fermet\u00e9 \u2013 \u00c9clat \u2013 Cernes \u2013 Poches]<\/strong><\/p>\n<p>Une formule enrichie d\u2019un cocktail de 5 actifs [acide-hyaluronique + collag\u00e8ne + vitamine C + escin + complexe v\u00e9g\u00e9tal] d\u00e9livr\u00e9 au c\u0153ur de la peau gr\u00e2ce \u00e0 la GENIUS-VECTOR TECHNOLOGY** corrige intens\u00e9ment tous les signes de vieillissement du contour de l\u2019\u0153il.<\/p>\n<p><em>Texture confortable haute p\u00e9n\u00e9tration. Pot \u2013\u00a0<\/em><em>15ml.<\/em><\/p>\n<p><span class=\"legend\">*Efficacit\u00e9 d\u2019un soin cosm\u00e9tique dont la formule est compos\u00e9e de 50 ingr\u00e9dients int\u00e9gr\u00e9s \u00e0 quantit\u00e9 quotidienne \u00e9quivalente \u00e0 celle d\u2019une m\u00e9so-injection. **Technologie de vecteur intelligent.<\/span><\/div>\n<\/div>\n","protected":false},"excerpt":{"rendered":"<p>NCEF-REVERSE EYES, un soin contour des yeux inspir\u00e9 des m\u00e9so-injections \u00e0 l\u2019efficacit\u00e9 multi-correctrice [Rides \u2013 Fermet\u00e9 \u2013 \u00c9clat \u2013 Cernes \u2013 Poches].<\/p>\n<p>Un soin yeux multi-correcteur concentr\u00e9 en NCEF pour une action pro-jeunesse et une action d\u00e9fatigante intensive.<\/p>\n<p>&nbsp;<\/p>\n","protected":false},"featured_media":24141,"comment_status":"open","ping_status":"closed","template":"","meta":[],"product_cat":[20],"product_tag":[],"class_list":{"0":"post-17131","1":"product","2":"type-product","3":"status-publish","4":"has-post-thumbnail","6":"product_cat-accessories","8":"first","9":"instock","10":"shipping-taxable","11":"product-type-simple"},"jetpack_sharing_enabled":true,"_links":{"self":[{"href":"https:\/\/para-pharmacity.tn\/index.php?rest_route=\/wp\/v2\/product\/17131","targetHints":{"allow":["GET"]}}],"collection":[{"href":"https:\/\/para-pharmacity.tn\/index.php?rest_route=\/wp\/v2\/product"}],"about":[{"href":"https:\/\/para-pharmacity.tn\/index.php?rest_route=\/wp\/v2\/types\/product"}],"replies":[{"embeddable":true,"href":"https:\/\/para-pharmacity.tn\/index.php?rest_route=%2Fwp%2Fv2%2Fcomments&post=17131"}],"version-history":[{"count":2,"href":"https:\/\/para-pharmacity.tn\/index.php?rest_route=\/wp\/v2\/product\/17131\/revisions"}],"predecessor-version":[{"id":24147,"href":"https:\/\/para-pharmacity.tn\/index.php?rest_route=\/wp\/v2\/product\/17131\/revisions\/24147"}],"wp:featuredmedia":[{"embeddable":true,"href":"https:\/\/para-pharmacity.tn\/index.php?rest_route=\/wp\/v2\/media\/24141"}],"wp:attachment":[{"href":"https:\/\/para-pharmacity.tn\/index.php?rest_route=%2Fwp%2Fv2%2Fmedia&parent=17131"}],"wp:term":[{"taxonomy":"product_cat","embeddable":true,"href":"https:\/\/para-pharmacity.tn\/index.php?rest_route=%2Fwp%2Fv2%2Fproduct_cat&post=17131"},{"taxonomy":"product_tag","embeddable":true,"href":"https:\/\/para-pharmacity.tn\/index.php?rest_route=%2Fwp%2Fv2%2Fproduct_tag&post=17131"}],"curies":[{"name":"wp","href":"https:\/\/api.w.org\/{rel}","templated":true}]}}