{"id":17124,"date":"2024-07-10T23:01:20","date_gmt":"2024-07-10T23:01:20","guid":{"rendered":"https:\/\/para-pharmacity.tn\/?product=filorga-meso-serum-aa-30ml"},"modified":"2024-08-27T13:41:01","modified_gmt":"2024-08-27T13:41:01","slug":"filorga-meso-serum-aa-30ml","status":"publish","type":"product","link":"https:\/\/para-pharmacity.tn\/?product=filorga-meso-serum-aa-30ml","title":{"rendered":"FILORGA MESO+ SERUM AA 30ML"},"content":{"rendered":"<p>Le S\u00e9rum Filorga MESO+ anti-\u00e2ge absolu.<\/p>\n<p>Riche en acide hyaluronique permet de combler les rides et les ridules et parfaire la redensification cutan\u00e9e.<\/p>\n<p>Du r\u00e9tinol : pour stimuler le renouvellement cellulaire et resurfacer la peau.<\/p>\n<p>Le Meso+ de Filorga r\u00e9nove l\u2019ensemble du tissu cutan\u00e9 grace \u00e0 son action intense sur tous les param\u00e8tres du vieillissement.<\/p>\n<p>Conseils d\u2019utilisation:<\/p>\n<p>Il est indiqu\u00e9 d\u2019appliquer matin et soir, sur le visage, le contour des yeux, le cou parfaitement nettoy\u00e9s seul ou sous la cr\u00e8me de jour ou de nuit,.<\/p>\n<p>Pour tous types de peaux.<\/p>\n","protected":false},"excerpt":{"rendered":"<p>R\u00e9nove le tissu cutan\u00e9 pour une correction globale des rides. Ce s\u00e9rum associe le meilleur des actifs anti-\u00e2ge pour une action globale sur les rides<\/p>\n","protected":false},"featured_media":24096,"comment_status":"open","ping_status":"closed","template":"","meta":[],"product_cat":[20],"product_tag":[],"class_list":{"0":"post-17124","1":"product","2":"type-product","3":"status-publish","4":"has-post-thumbnail","6":"product_cat-accessories","8":"first","9":"instock","10":"shipping-taxable","11":"product-type-simple"},"jetpack_sharing_enabled":true,"_links":{"self":[{"href":"https:\/\/para-pharmacity.tn\/index.php?rest_route=\/wp\/v2\/product\/17124","targetHints":{"allow":["GET"]}}],"collection":[{"href":"https:\/\/para-pharmacity.tn\/index.php?rest_route=\/wp\/v2\/product"}],"about":[{"href":"https:\/\/para-pharmacity.tn\/index.php?rest_route=\/wp\/v2\/types\/product"}],"replies":[{"embeddable":true,"href":"https:\/\/para-pharmacity.tn\/index.php?rest_route=%2Fwp%2Fv2%2Fcomments&post=17124"}],"version-history":[{"count":2,"href":"https:\/\/para-pharmacity.tn\/index.php?rest_route=\/wp\/v2\/product\/17124\/revisions"}],"predecessor-version":[{"id":24097,"href":"https:\/\/para-pharmacity.tn\/index.php?rest_route=\/wp\/v2\/product\/17124\/revisions\/24097"}],"wp:featuredmedia":[{"embeddable":true,"href":"https:\/\/para-pharmacity.tn\/index.php?rest_route=\/wp\/v2\/media\/24096"}],"wp:attachment":[{"href":"https:\/\/para-pharmacity.tn\/index.php?rest_route=%2Fwp%2Fv2%2Fmedia&parent=17124"}],"wp:term":[{"taxonomy":"product_cat","embeddable":true,"href":"https:\/\/para-pharmacity.tn\/index.php?rest_route=%2Fwp%2Fv2%2Fproduct_cat&post=17124"},{"taxonomy":"product_tag","embeddable":true,"href":"https:\/\/para-pharmacity.tn\/index.php?rest_route=%2Fwp%2Fv2%2Fproduct_tag&post=17124"}],"curies":[{"name":"wp","href":"https:\/\/api.w.org\/{rel}","templated":true}]}}