{"id":17106,"date":"2024-07-10T23:01:13","date_gmt":"2024-07-10T23:01:13","guid":{"rendered":"https:\/\/para-pharmacity.tn\/?product=filorga-creme-universelle-100ml"},"modified":"2024-08-26T14:27:15","modified_gmt":"2024-08-26T14:27:15","slug":"filorga-creme-universelle-100ml","status":"publish","type":"product","link":"https:\/\/para-pharmacity.tn\/?product=filorga-creme-universelle-100ml","title":{"rendered":"FILORGA CREME UNIVERSELLE 100ML"},"content":{"rendered":"<p class=\"title-bloc-fs\"><strong>Description :<\/strong><\/p>\n<p class=\"black\">V\u00e9ritable alli\u00e9e du quotidien, cette cr\u00e8me universelle hydrate, soulage et r\u00e9pare la peau pour un confort optimal tout au long de la journ\u00e9e.<\/p>\n<p class=\"bold\"><strong>B\u00e9n\u00e9fice produit :<\/strong><\/p>\n<p>B\u00e9n\u00e9fice produit CREME UNIVERSELLE : HYDRATE : Enrichi en ur\u00e9e, ce soin diffuse de l\u2019eau en profondeur au sein des tissus tandis qu\u2019un extrait v\u00e9g\u00e9tal r\u00e9pare la barri\u00e8re hydrolipidique.<\/p>\n<p>SOULAGE : Un duo exclusif limite la propagation du message inflammatoire pour apaiser les irritations du quotidien et prot\u00e9ger la peau des stress environnementaux.<\/p>\n<p>R\u00c9PARE : Un peptide de collag\u00e8ne r\u00e9g\u00e9n\u00e8re \u00e0 la fois le derme et l\u2019\u00e9piderme. En parall\u00e8le, un agent r\u00e9parateur stimule le m\u00e9canisme de cicatrisation de la peau.<\/p>\n<p class=\"bold\"><strong>Conseils d&rsquo;utilisation :<\/strong><\/p>\n<p>Conseils d&rsquo;utilisation CREME UNIVERSELLE: Appliquer matin et\/ou soir sur le visage et\/ou le corps. Id\u00e9al apr\u00e8s l\u2019exposition solaire, le<br \/>\nrasage, ou une agression du quotidien. Hommes, femmes, enfants d\u00e8s 3 ans.<\/p>\n<p class=\"bold\"><strong>Type de peau :<\/strong><\/p>\n<p>Tout type de peau<\/p>\n","protected":false},"excerpt":{"rendered":"<div id=\"product-description-short-2988\" class=\"product-description\">\n<p>V\u00e9ritable alli\u00e9e du quotidien, cette cr\u00e8me universelle hydrate, soulage et r\u00e9pare la peau pour un confort optimal tout au long de la journ\u00e9e.<\/p>\n<\/div>\n<div class=\"product-actions\">\n<div class=\"product-variants\"><\/div>\n<section class=\"product-discounts\"><\/section>\n<div class=\"product-add-to-cart\"><\/div>\n<\/div>\n","protected":false},"featured_media":24009,"comment_status":"open","ping_status":"closed","template":"","meta":[],"product_cat":[20],"product_tag":[],"class_list":{"0":"post-17106","1":"product","2":"type-product","3":"status-publish","4":"has-post-thumbnail","6":"product_cat-accessories","8":"first","9":"instock","10":"shipping-taxable","11":"product-type-simple"},"jetpack_sharing_enabled":true,"_links":{"self":[{"href":"https:\/\/para-pharmacity.tn\/index.php?rest_route=\/wp\/v2\/product\/17106","targetHints":{"allow":["GET"]}}],"collection":[{"href":"https:\/\/para-pharmacity.tn\/index.php?rest_route=\/wp\/v2\/product"}],"about":[{"href":"https:\/\/para-pharmacity.tn\/index.php?rest_route=\/wp\/v2\/types\/product"}],"replies":[{"embeddable":true,"href":"https:\/\/para-pharmacity.tn\/index.php?rest_route=%2Fwp%2Fv2%2Fcomments&post=17106"}],"version-history":[{"count":2,"href":"https:\/\/para-pharmacity.tn\/index.php?rest_route=\/wp\/v2\/product\/17106\/revisions"}],"predecessor-version":[{"id":24011,"href":"https:\/\/para-pharmacity.tn\/index.php?rest_route=\/wp\/v2\/product\/17106\/revisions\/24011"}],"wp:featuredmedia":[{"embeddable":true,"href":"https:\/\/para-pharmacity.tn\/index.php?rest_route=\/wp\/v2\/media\/24009"}],"wp:attachment":[{"href":"https:\/\/para-pharmacity.tn\/index.php?rest_route=%2Fwp%2Fv2%2Fmedia&parent=17106"}],"wp:term":[{"taxonomy":"product_cat","embeddable":true,"href":"https:\/\/para-pharmacity.tn\/index.php?rest_route=%2Fwp%2Fv2%2Fproduct_cat&post=17106"},{"taxonomy":"product_tag","embeddable":true,"href":"https:\/\/para-pharmacity.tn\/index.php?rest_route=%2Fwp%2Fv2%2Fproduct_tag&post=17106"}],"curies":[{"name":"wp","href":"https:\/\/api.w.org\/{rel}","templated":true}]}}