{"id":17079,"date":"2024-07-10T23:01:01","date_gmt":"2024-07-10T23:01:01","guid":{"rendered":"https:\/\/para-pharmacity.tn\/?product=filorga-coffret-eyes-absolute-jour"},"modified":"2024-08-23T09:30:40","modified_gmt":"2024-08-23T09:30:40","slug":"filorga-coffret-eyes-absolute-jour","status":"publish","type":"product","link":"https:\/\/para-pharmacity.tn\/?product=filorga-coffret-eyes-absolute-jour","title":{"rendered":"FILORGA COFFRET EYES ABSOLUTE JOUR"},"content":{"rendered":"<p>Skin-Absolute Day 50ml + Hand-Absolute 15ml + Eyes-Absolute 4ml<\/p>\n<p><strong>SKIN-ABSOLUTE DAY\u00ae 50ml &#8211; RIDES &#8211; FERMET\u00c9 &#8211; HOMOG\u00c9N\u00c9IT\u00c9 &#8211; \u00c9CLAT<\/strong><\/p>\n<p><strong>EFFET RAJEUNISSANT GLOBAL EN 30 JOURS CHRONO.<\/strong><\/p>\n<p>\/ Lissage intense : des extremozymes\u00ae, enzymes au pouvoir boostant, activ\u00e9es par la lumi\u00e8re, pour lisser les rides et retendre les traits.<\/p>\n<p>\/ Fermet\u00e9 int\u00e9grale : une formule enrichie en photolyase, une enzyme pro-jeunesse pour raffermir et regalber la peau.<\/p>\n<p>\/ \u00c9clat magistral : associ\u00e9 au Saphir Blanc, capable de capter puissamment la lumi\u00e8re, un extrait riche en fructanes purifiants pour r\u00e9v\u00e9ler une peau rayonnante.<\/p>\n<p>\/ Hydratation absolue : une formule enrichie en acide hyaluronique pour hydrater et repulper la peau.<\/p>\n<p>Texture \u00ab neige \u00bb hydratante.<\/p>\n","protected":false},"excerpt":{"rendered":"<p><strong>Ce coffret contient :<\/strong><\/p>\n<p><strong>&#8211; Oil Absolute S\u00e9rum-Huile Anti-\u00c2ge Ultime 30 ml<\/strong><\/p>\n<p><strong>&#8211; Skin-Absolute Day Cr\u00e8me Jour Jeunesse Ultime 15 ml<\/strong><\/p>\n<p><strong>&#8211; Eyes Absolute Cr\u00e8me Regard Jeunesse Ultime 4 ml<\/strong><\/p>\n","protected":false},"featured_media":23912,"comment_status":"open","ping_status":"closed","template":"","meta":[],"product_cat":[20],"product_tag":[],"class_list":{"0":"post-17079","1":"product","2":"type-product","3":"status-publish","4":"has-post-thumbnail","6":"product_cat-accessories","8":"first","9":"instock","10":"shipping-taxable","11":"product-type-simple"},"jetpack_sharing_enabled":true,"_links":{"self":[{"href":"https:\/\/para-pharmacity.tn\/index.php?rest_route=\/wp\/v2\/product\/17079","targetHints":{"allow":["GET"]}}],"collection":[{"href":"https:\/\/para-pharmacity.tn\/index.php?rest_route=\/wp\/v2\/product"}],"about":[{"href":"https:\/\/para-pharmacity.tn\/index.php?rest_route=\/wp\/v2\/types\/product"}],"replies":[{"embeddable":true,"href":"https:\/\/para-pharmacity.tn\/index.php?rest_route=%2Fwp%2Fv2%2Fcomments&post=17079"}],"version-history":[{"count":2,"href":"https:\/\/para-pharmacity.tn\/index.php?rest_route=\/wp\/v2\/product\/17079\/revisions"}],"predecessor-version":[{"id":23913,"href":"https:\/\/para-pharmacity.tn\/index.php?rest_route=\/wp\/v2\/product\/17079\/revisions\/23913"}],"wp:featuredmedia":[{"embeddable":true,"href":"https:\/\/para-pharmacity.tn\/index.php?rest_route=\/wp\/v2\/media\/23912"}],"wp:attachment":[{"href":"https:\/\/para-pharmacity.tn\/index.php?rest_route=%2Fwp%2Fv2%2Fmedia&parent=17079"}],"wp:term":[{"taxonomy":"product_cat","embeddable":true,"href":"https:\/\/para-pharmacity.tn\/index.php?rest_route=%2Fwp%2Fv2%2Fproduct_cat&post=17079"},{"taxonomy":"product_tag","embeddable":true,"href":"https:\/\/para-pharmacity.tn\/index.php?rest_route=%2Fwp%2Fv2%2Fproduct_tag&post=17079"}],"curies":[{"name":"wp","href":"https:\/\/api.w.org\/{rel}","templated":true}]}}