{"id":17077,"date":"2024-07-10T23:01:00","date_gmt":"2024-07-10T23:01:00","guid":{"rendered":"https:\/\/para-pharmacity.tn\/?product=filorga-coffret-duo-mask-mesoscrub"},"modified":"2024-08-23T09:22:13","modified_gmt":"2024-08-23T09:22:13","slug":"filorga-coffret-duo-mask-mesoscrub","status":"publish","type":"product","link":"https:\/\/para-pharmacity.tn\/?product=filorga-coffret-duo-mask-mesoscrub","title":{"rendered":"FILORGA COFFRET DUO MASK MESO+SCRUB"},"content":{"rendered":"<p>Ce coffret contient 2 masques des laboratoires FILORGA\u00a0: SCRUB &#8211; MASK et MESO-MASK.<\/p>\n<p>1\/ SCRUB &amp; MASK<br \/>\nun masque anti-\u00e2ge double exfoliation pour r\u00e9oxyg\u00e9ner et faire \u00e9clore une nouvelle peau.<\/p>\n<p>Gommage \u00e9closion nouvelle peau<br \/>\nDes sph\u00e8res de perlite effectuent une exfoliation douce de la peau tandis qu\u2019une enzyme prot\u00e9olytique stimule la desquamation cutan\u00e9e pour un effet peau neuve intensif.<\/p>\n<p>Masque r\u00e9oxyg\u00e9nant anti-\u00e2ge<br \/>\nUne fois le gommage r\u00e9alis\u00e9, laisser poser, la texture se transforme en une mousse de soin active. Des micro-bulles d\u2019oxyg\u00e8ne se lib\u00e8rent pour favoriser la respiration des peaux asphyxi\u00e9es. Quand les bulles ont disparu, il est temps de rincer.<\/p>\n<p>Texture unique qui se transforme au contact de la peau. Pot \u2013 55ml<\/p>\n<p>2\/ MESO-MASK<br \/>\nle masque visage illuminateur best-seller des Laboratoires FILORGA<\/p>\n<p>Riche en collag\u00e8ne et \u00e9lastine pour hydrater et lisser les traits et enrichi en polysaccharide de rhamnose pour apaiser les rougeurs, \u00e9claircir le teint et r\u00e9v\u00e9ler l\u2019\u00e9clat, MESO-MASK convient \u00e0 toutes les peaux.<br \/>\nPar ailleurs, un puissant actif hydratant contenu dans sa formule lui permet de redonner souplesse et douceur \u00e0 la peau.<\/p>\n<p>R\u00e9sultat, la peau est d\u00e9fatigu\u00e9e, revitalis\u00e9e, liss\u00e9e. Le teint est unifi\u00e9, lumineux et \u00e9clatant.<\/p>\n<p>Texture cr\u00e8me onctueuse pour un moment unique de d\u00e9tente \u2013 Pot (50ml)<\/p>\n","protected":false},"excerpt":{"rendered":"<p>Duo Masque et Gommage Visage<\/p>\n<p>MESO-MASK (50ml)<strong>\u00a0+<\/strong>\u00a0SCRUB &amp; MASK (55ml) dans un duo en \u00e9dition limit\u00e9e.<\/p>\n<div class=\"more\">\n<div class=\"\">\n<p>MESO-MASK, le masque visage illuminateur best-seller<\/p>\n<\/div>\n<\/div>\n","protected":false},"featured_media":23903,"comment_status":"open","ping_status":"closed","template":"","meta":[],"product_cat":[20],"product_tag":[],"class_list":{"0":"post-17077","1":"product","2":"type-product","3":"status-publish","4":"has-post-thumbnail","6":"product_cat-accessories","8":"first","9":"instock","10":"shipping-taxable","11":"product-type-simple"},"jetpack_sharing_enabled":true,"_links":{"self":[{"href":"https:\/\/para-pharmacity.tn\/index.php?rest_route=\/wp\/v2\/product\/17077","targetHints":{"allow":["GET"]}}],"collection":[{"href":"https:\/\/para-pharmacity.tn\/index.php?rest_route=\/wp\/v2\/product"}],"about":[{"href":"https:\/\/para-pharmacity.tn\/index.php?rest_route=\/wp\/v2\/types\/product"}],"replies":[{"embeddable":true,"href":"https:\/\/para-pharmacity.tn\/index.php?rest_route=%2Fwp%2Fv2%2Fcomments&post=17077"}],"version-history":[{"count":2,"href":"https:\/\/para-pharmacity.tn\/index.php?rest_route=\/wp\/v2\/product\/17077\/revisions"}],"predecessor-version":[{"id":23902,"href":"https:\/\/para-pharmacity.tn\/index.php?rest_route=\/wp\/v2\/product\/17077\/revisions\/23902"}],"wp:featuredmedia":[{"embeddable":true,"href":"https:\/\/para-pharmacity.tn\/index.php?rest_route=\/wp\/v2\/media\/23903"}],"wp:attachment":[{"href":"https:\/\/para-pharmacity.tn\/index.php?rest_route=%2Fwp%2Fv2%2Fmedia&parent=17077"}],"wp:term":[{"taxonomy":"product_cat","embeddable":true,"href":"https:\/\/para-pharmacity.tn\/index.php?rest_route=%2Fwp%2Fv2%2Fproduct_cat&post=17077"},{"taxonomy":"product_tag","embeddable":true,"href":"https:\/\/para-pharmacity.tn\/index.php?rest_route=%2Fwp%2Fv2%2Fproduct_tag&post=17077"}],"curies":[{"name":"wp","href":"https:\/\/api.w.org\/{rel}","templated":true}]}}