{"id":17070,"date":"2024-07-10T23:00:58","date_gmt":"2024-07-10T23:00:58","guid":{"rendered":"https:\/\/para-pharmacity.tn\/?product=filorga-coff-skin-unify-serum-intens-30m"},"modified":"2024-08-22T12:49:12","modified_gmt":"2024-08-22T12:49:12","slug":"filorga-coff-skin-unify-serum-intens-30m","status":"publish","type":"product","link":"https:\/\/para-pharmacity.tn\/?product=filorga-coff-skin-unify-serum-intens-30m","title":{"rendered":"FILORGA COFF SKIN UNIFY SERUM INTENS 30M"},"content":{"rendered":"<h1>COFFRET FILORGA SKIN-UNIFY INTENSIVE SERUM UNIFORMISANT ILLUMINATEUR<\/h1>\n<p>Ce s\u00e9rum anti-taches visage est inspir\u00e9 de 3 techniques de m\u00e9decine esth\u00e9tique, il uniformise et illumine la peau pour un teint sublim\u00e9.<\/p>\n<p>Uniformisant et illuminateur, ce s\u00e9rum visage abrite un c\u0153ur de formule cosm\u00e9tique inspir\u00e9 du laser, du peeling et du medical strobing : la nouvelle technique esth\u00e9tique r\u00e9v\u00e9latrice d\u2019\u00e9clat. Ses actifs de pointe r\u00e9duisent les taches, unifient le teint et repulpent la peau pour recr\u00e9er les zones de lumi\u00e8re. Son + : un actif antioxydant pour une action protectrice et anti-pollution.<\/p>\n<ul>\n<li>Action anti-taches [inspiration laser] : Le soin anti-taches visage SKIN-UNIFY INTENSIVE est formul\u00e9 avec une association de 3 actifs uniformisants [vitamine C + glabridine + extrait d\u2019algue] pour r\u00e9duire efficacement les taches pigmentaires.<\/li>\n<li>Action r\u00e9uniformisante [inspiration peeling] : Un actif resurfa\u00e7ant d\u2019origine v\u00e9g\u00e9tale, extrait de l\u2019achill\u00e9e millefeuille, pour retrouver un teint visiblement plus homog\u00e8ne.<\/li>\n<li>Action illuminatrice [inspiration medical strobing] : Un acide hyaluronique de haut poids mol\u00e9culaire, encapsul\u00e9 dans des microsph\u00e8res, repulpe la peau pour qu\u2019elle puisse mieux refl\u00e9ter la lumi\u00e8re.<\/li>\n<\/ul>\n<p>Le + : Un peptide au pouvoir antioxydant et anti-pollution pour contrer les effets des impuret\u00e9s responsables de l\u2019apparition des taches et d\u2019un teint terne.<\/p>\n","protected":false},"excerpt":{"rendered":"<p>Ce s\u00e9rum anti-taches visage, inspir\u00e9 de techniques esth\u00e9tiques, unifie et illumine la peau pour un teint \u00e9clatant.<\/p>\n","protected":false},"featured_media":23889,"comment_status":"open","ping_status":"closed","template":"","meta":[],"product_cat":[20],"product_tag":[],"class_list":{"0":"post-17070","1":"product","2":"type-product","3":"status-publish","4":"has-post-thumbnail","6":"product_cat-accessories","8":"first","9":"instock","10":"shipping-taxable","11":"product-type-simple"},"jetpack_sharing_enabled":true,"_links":{"self":[{"href":"https:\/\/para-pharmacity.tn\/index.php?rest_route=\/wp\/v2\/product\/17070","targetHints":{"allow":["GET"]}}],"collection":[{"href":"https:\/\/para-pharmacity.tn\/index.php?rest_route=\/wp\/v2\/product"}],"about":[{"href":"https:\/\/para-pharmacity.tn\/index.php?rest_route=\/wp\/v2\/types\/product"}],"replies":[{"embeddable":true,"href":"https:\/\/para-pharmacity.tn\/index.php?rest_route=%2Fwp%2Fv2%2Fcomments&post=17070"}],"version-history":[{"count":2,"href":"https:\/\/para-pharmacity.tn\/index.php?rest_route=\/wp\/v2\/product\/17070\/revisions"}],"predecessor-version":[{"id":23890,"href":"https:\/\/para-pharmacity.tn\/index.php?rest_route=\/wp\/v2\/product\/17070\/revisions\/23890"}],"wp:featuredmedia":[{"embeddable":true,"href":"https:\/\/para-pharmacity.tn\/index.php?rest_route=\/wp\/v2\/media\/23889"}],"wp:attachment":[{"href":"https:\/\/para-pharmacity.tn\/index.php?rest_route=%2Fwp%2Fv2%2Fmedia&parent=17070"}],"wp:term":[{"taxonomy":"product_cat","embeddable":true,"href":"https:\/\/para-pharmacity.tn\/index.php?rest_route=%2Fwp%2Fv2%2Fproduct_cat&post=17070"},{"taxonomy":"product_tag","embeddable":true,"href":"https:\/\/para-pharmacity.tn\/index.php?rest_route=%2Fwp%2Fv2%2Fproduct_tag&post=17070"}],"curies":[{"name":"wp","href":"https:\/\/api.w.org\/{rel}","templated":true}]}}