{"id":17069,"date":"2024-07-10T23:00:56","date_gmt":"2024-07-10T23:00:56","guid":{"rendered":"https:\/\/para-pharmacity.tn\/?product=filorga-coff-skin-unify-50ml"},"modified":"2024-08-22T12:43:30","modified_gmt":"2024-08-22T12:43:30","slug":"filorga-coff-skin-unify-50ml","status":"publish","type":"product","link":"https:\/\/para-pharmacity.tn\/?product=filorga-coff-skin-unify-50ml","title":{"rendered":"FILORGA COFF SKIN UNIFY 50ML"},"content":{"rendered":"<p><b>OFFRET FILORGA SKIN-UNIFY CR\u00c8ME\u00a0<\/b><\/p>\n<p>Ce coffret se compose de :<\/p>\n<p>FILORGA SKIN-UNIFY CR\u00c8ME 50ML :\u00a0 est une\u00a0\u00a0une cr\u00e8me de jour onctueuse\u00a0qui \u00e9claircit la peau, r\u00e9duit les d\u00e9colorations et unifie le teint.<\/p>\n<p>FILORGA SKIN-UNIFY CR\u00c8ME est inspir\u00e9e de 3 techniques de m\u00e9decine esth\u00e9tique, utilis\u00e9e quotidiennement, elle uniformise et illumine la peau\u00a0pour un teint sublim\u00e9.<\/p>\n<p>FILORGA SKIN-UNIFY CR\u00c8ME gorge d\u2019actifs qui r\u00e9duisent les taches, unifient le teint et repulpent la peau pour recr\u00e9er les zones de lumi\u00e8re. Son + : des flouteurs optiques pour un effet uniformisant imm\u00e9diat.<\/p>\n<ul>\n<li><b>Action anti-taches [inspiration laser]<\/b>\u00a0: La cr\u00e8me anti-taches visage SKIN-UNIFY est formul\u00e9e avec une association de 3 actifs uniformisants [vitamine C + glabridine + extrait d\u2019algue] pour r\u00e9duire efficacement les taches pigmentaires.<\/li>\n<li><b>Action r\u00e9uniformisante [inspiration peeling]<\/b>\u00a0: Un actif resurfa\u00e7ant d\u2019origine v\u00e9g\u00e9tale, extrait de l\u2019achill\u00e9e millefeuille, pour retrouver un teint visiblement plus homog\u00e8ne.<\/li>\n<li><b>Action illuminatrice [inspiration medical strobing]<\/b>\u00a0: Un acide hyaluronique de haut poids mol\u00e9culaire, encapsul\u00e9 dans des microsph\u00e8res, repulpe la peau pour qu\u2019elle puisse mieux refl\u00e9ter la lumi\u00e8re.<\/li>\n<\/ul>\n<p>&nbsp;<\/p>\n<p><b><u>Composition :<\/u><\/b><\/p>\n<p>AQUA (WATER, EAU), BUTYLENE GLYCOL, SQUALANE, DICAPRYLYL CARBONATE, MYRISTYL MYRISTATE, C12-16 ALCOHOLS, PENTYLENE GLYCOL, SUCROSE PALMITATE, DIMETHICONE, GLYCERYL STEARATE, PEG-100 STEARATE, PHENOXYETHANOL, HYDROGENATED LECITHIN, PALMITIC ACID, GLYCERIN, POLYACRYLATE-13, BISABOLOL, GLYCERYL LINOLEATE, PARFUM (FRAGRANCE), POLYISOBUTENE, PRUNUS AMYGDALUS DULCIS (SWEET ALMOND) OIL, TOCOPHERYL ACETATE, SODIUM POTASSIUM ALUMINUM SILICATE, XANTHAN GUM, O CYMEN-5-OL, SODIUM CHLORIDE, POLYSORBATE 20, SORBITAN ISOSTEARATE, CI 77891 (TITANIUM DIOXIDE), SILICA, BENZYL ALCOHOL, GLYCYRRHIZA GLABRA (LICORICE) ROOT EXTRACT, MAGNESIUM ASCORBYL PHOSPHATE, SODIUM HYALURONATE, CITRIC ACID, POTASSIUM SORBATE, CYSTOSEIRA TAMARISCIFOLIA EXTRACT, ACHILLEA MILLEFOLIUM EXTRACT, GLUCOSE, POTASSIUM CHLORIDE, CALCIUM CHLORIDE, TOCOPHEROL, MAGNESIUM SULFATE, GLUTAMINE, UNDARIA PINNATIFIDA EXTRACT, SODIUM PHOSPHATE, ASCORBIC ACID, SODIUM ACETATE, LYSINE HCL, ARGININE HCL, ALANINE, HISTIDINE HCL, VALINE, LEUCINE, THREONINE, ISOLEUCINE, TRYPTOPHAN, PHENYLALANINE, TYROSINE, GLYCINE, POLYSORBATE 80, SERINE, CYSTINE, CYANOCOBALAMIN, GLUTATHIONE, ASPARAGINE, ASPARTIC ACID, ORNITHINE HCL, GLUTAMIC ACID, NICOTINAMIDE ADENINE DINUCLEOTIDE, PROLINE, METHIONINE, TAURINE, HYDROXYPROLINE, GLUCOSAMINE HCL, COENZYME A, SODIUM GLUCURONATE, THIAMINE DIPHOSPHATE, RETINYL ACETATE, INOSITOL, NIACIN, NIACINAMIDE, PYRIDOXINE HCL, BIOTIN, CALCIUM PANTOTHENATE, RIBOFLAVIN, SODIUM TOCOPHERYL PHOSPHATE, THIAMINE HCL, FOLIC ACID.<\/p>\n","protected":false},"excerpt":{"rendered":"<p>Ce coffret se compose de :<\/p>\n<p>FILORGA SKIN-UNIFY CR\u00c8ME 50ML :\u00a0 est une\u00a0\u00a0une cr\u00e8me de jour onctueuse\u00a0qui \u00e9claircit la peau, r\u00e9duit les d\u00e9colorations et unifie le teint.<\/p>\n<p>FILORGA SKIN-UNIFY CR\u00c8ME est inspir\u00e9e de 3 techniques de m\u00e9decine esth\u00e9tique, utilis\u00e9e quotidiennement, elle uniformise et illumine la peau\u00a0pour un teint sublim\u00e9.<\/p>\n<p>FILORGA SKIN-UNIFY CR\u00c8ME gorge d\u2019actifs qui r\u00e9duisent les taches, unifient le teint et repulpent la peau pour recr\u00e9er les zones de lumi\u00e8re. Son + : des flouteurs optiques pour un effet uniformisant imm\u00e9diat.<\/p>\n","protected":false},"featured_media":23886,"comment_status":"open","ping_status":"closed","template":"","meta":[],"product_cat":[20],"product_tag":[],"class_list":{"0":"post-17069","1":"product","2":"type-product","3":"status-publish","4":"has-post-thumbnail","6":"product_cat-accessories","8":"first","9":"instock","10":"shipping-taxable","11":"product-type-simple"},"jetpack_sharing_enabled":true,"_links":{"self":[{"href":"https:\/\/para-pharmacity.tn\/index.php?rest_route=\/wp\/v2\/product\/17069","targetHints":{"allow":["GET"]}}],"collection":[{"href":"https:\/\/para-pharmacity.tn\/index.php?rest_route=\/wp\/v2\/product"}],"about":[{"href":"https:\/\/para-pharmacity.tn\/index.php?rest_route=\/wp\/v2\/types\/product"}],"replies":[{"embeddable":true,"href":"https:\/\/para-pharmacity.tn\/index.php?rest_route=%2Fwp%2Fv2%2Fcomments&post=17069"}],"version-history":[{"count":2,"href":"https:\/\/para-pharmacity.tn\/index.php?rest_route=\/wp\/v2\/product\/17069\/revisions"}],"predecessor-version":[{"id":23887,"href":"https:\/\/para-pharmacity.tn\/index.php?rest_route=\/wp\/v2\/product\/17069\/revisions\/23887"}],"wp:featuredmedia":[{"embeddable":true,"href":"https:\/\/para-pharmacity.tn\/index.php?rest_route=\/wp\/v2\/media\/23886"}],"wp:attachment":[{"href":"https:\/\/para-pharmacity.tn\/index.php?rest_route=%2Fwp%2Fv2%2Fmedia&parent=17069"}],"wp:term":[{"taxonomy":"product_cat","embeddable":true,"href":"https:\/\/para-pharmacity.tn\/index.php?rest_route=%2Fwp%2Fv2%2Fproduct_cat&post=17069"},{"taxonomy":"product_tag","embeddable":true,"href":"https:\/\/para-pharmacity.tn\/index.php?rest_route=%2Fwp%2Fv2%2Fproduct_tag&post=17069"}],"curies":[{"name":"wp","href":"https:\/\/api.w.org\/{rel}","templated":true}]}}