{"id":17060,"date":"2024-07-10T23:00:53","date_gmt":"2024-07-10T23:00:53","guid":{"rendered":"https:\/\/para-pharmacity.tn\/?product=filorga-coff-age-purify"},"modified":"2024-08-21T15:22:00","modified_gmt":"2024-08-21T15:22:00","slug":"filorga-coff-age-purify","status":"publish","type":"product","link":"https:\/\/para-pharmacity.tn\/?product=filorga-coff-age-purify","title":{"rendered":"FILORGA COFF AGE PURIFY"},"content":{"rendered":"<p>Le\u00a0Fluide Double Correction Age-Purify\u00a0de Filorga est un soin destin\u00e9 aux\u00a0peaux mixtes \u00e0 grasses\u00a0qui souhaitent traiter les rides profondes tout en traitant les imperfections. Sa texture hydratante, matifiante et non com\u00e9dog\u00e8ne est id\u00e9ale pour les peaux sujettes aux imperfections. Ce flacon est dot\u00e9 d\u2019une pompe d\u2019o\u00f9 sort\u00a0la formule offrant deux actions cibl\u00e9es bien distinctes.<br \/>\nEn effet, le fluide Age-Purify est le r\u00e9sultat de la collaboration entre une \u00e9quipe de m\u00e9decins esth\u00e9tique et de dermatologues qui ont alli\u00e9 leur exp\u00e9rience et leurs connaissances pour \u00e9laborer un soin innovant et efficace.<br \/>\nL\u2019expertise m\u00e9decine esth\u00e9tique a d\u00e9velopp\u00e9 le\u00a0Hyaluro-Youth CX\u00a0qui renferme de l\u2019acide hyaluronique repulpant, un peptide d\u00e9froissant et un glycopeptide comblant. Ce complexe permet de\u00a0lisser les rides\u00a0et de\u00a0corriger les signes de l\u2019\u00e2ge. Le glycopeptide et l\u2019acide hyalorinique vont stimuler la production de collag\u00e8ne et offrir une densit\u00e9 \u00e0 la peau.<br \/>\nLes expert en dermatologie ont d\u00e9velopp\u00e9 le\u00a0Dermo-Recue CX qui\u00a0regroupe 5 acides micro-peeling, du zinc s\u00e9bor\u00e9gulateur ainsi qu\u2019un agent multi-purifiant afin de r\u00e9duire les pores, les rougeurs, les brillances, les boutons et les points noirs.<br \/>\nLe\u00a0fluide Double Correction Age-Purify Filorga offre \u00e9galement une action bouclier anti-pollution et anti-adh\u00e9sion.<\/p>\n","protected":false},"excerpt":{"rendered":"<ul>\n<li>FILORGA AGE-PURIFY FLUID DOUBLE CORRECTION 50ML<\/li>\n<li>FILORGA MESO MASK 15ML (OFFERT)<\/li>\n<li>FILORGA AGE PURIFY INTENSIVE SERUM 7ML (OFFERT)<\/li>\n<\/ul>\n","protected":false},"featured_media":23855,"comment_status":"open","ping_status":"closed","template":"","meta":[],"product_cat":[20],"product_tag":[],"class_list":{"0":"post-17060","1":"product","2":"type-product","3":"status-publish","4":"has-post-thumbnail","6":"product_cat-accessories","8":"first","9":"instock","10":"shipping-taxable","11":"product-type-simple"},"jetpack_sharing_enabled":true,"_links":{"self":[{"href":"https:\/\/para-pharmacity.tn\/index.php?rest_route=\/wp\/v2\/product\/17060","targetHints":{"allow":["GET"]}}],"collection":[{"href":"https:\/\/para-pharmacity.tn\/index.php?rest_route=\/wp\/v2\/product"}],"about":[{"href":"https:\/\/para-pharmacity.tn\/index.php?rest_route=\/wp\/v2\/types\/product"}],"replies":[{"embeddable":true,"href":"https:\/\/para-pharmacity.tn\/index.php?rest_route=%2Fwp%2Fv2%2Fcomments&post=17060"}],"version-history":[{"count":2,"href":"https:\/\/para-pharmacity.tn\/index.php?rest_route=\/wp\/v2\/product\/17060\/revisions"}],"predecessor-version":[{"id":23857,"href":"https:\/\/para-pharmacity.tn\/index.php?rest_route=\/wp\/v2\/product\/17060\/revisions\/23857"}],"wp:featuredmedia":[{"embeddable":true,"href":"https:\/\/para-pharmacity.tn\/index.php?rest_route=\/wp\/v2\/media\/23855"}],"wp:attachment":[{"href":"https:\/\/para-pharmacity.tn\/index.php?rest_route=%2Fwp%2Fv2%2Fmedia&parent=17060"}],"wp:term":[{"taxonomy":"product_cat","embeddable":true,"href":"https:\/\/para-pharmacity.tn\/index.php?rest_route=%2Fwp%2Fv2%2Fproduct_cat&post=17060"},{"taxonomy":"product_tag","embeddable":true,"href":"https:\/\/para-pharmacity.tn\/index.php?rest_route=%2Fwp%2Fv2%2Fproduct_tag&post=17060"}],"curies":[{"name":"wp","href":"https:\/\/api.w.org\/{rel}","templated":true}]}}