{"id":17059,"date":"2024-07-10T23:00:53","date_gmt":"2024-07-10T23:00:53","guid":{"rendered":"https:\/\/para-pharmacity.tn\/?product=filorga-coff-2021-glow"},"modified":"2024-08-21T15:08:28","modified_gmt":"2024-08-21T15:08:28","slug":"filorga-coff-2021-glow","status":"publish","type":"product","link":"https:\/\/para-pharmacity.tn\/?product=filorga-coff-2021-glow","title":{"rendered":"FILORGA COFF 2021 GLOW"},"content":{"rendered":"<p>OXYGEN-GLOW MASK<br \/>\nLe masque super-perfecteur Oxygen-Glow agit en 10 minutes seulement pour apporter perfection et luminosit\u00e9 \u00e0 votre visage.<br \/>\nLes effets du masque sont favoris\u00e9s par un trio de substances actives aux effets exfoliants.<br \/>\nLa peau b\u00e9n\u00e9ficie ainsi rapidement d\u2019un bel aspect naturel et glowy, ses imperfections disparaissent et votre visage s\u2019illumine.<\/p>\n<p>OXYGEN-GLOW Eyes 4 ml<br \/>\nLe Soin super lissant Oxygen-Glow de FILORGA va apporter \u00e0 vos yeux fatigu\u00e9s tout ce dont ils ont besoin.<br \/>\nCette cr\u00e8me yeux et contour des yeux d\u00e9fatigue, hydrate et d\u00e9toxifie en profondeur la zone.<br \/>\nElle convient parfaitement aux yeux cern\u00e9s, au regard fatigu\u00e9 et aux peaux d\u00e9shydrat\u00e9es.<br \/>\nCe soin Filorga va traiter en profondeur les ridules pr\u00e8s des yeux qui ont tendance \u00e0 durcir le regard.<br \/>\nAu fil des utilisations, le regard est sublim\u00e9 naturellement et la peau plus lisse, \u00e9clatante et plus \u00e9nergie.<\/p>\n<p>Filorga OXYGEN-GLOW 50 ml<br \/>\nLa cr\u00e8me illuminatrice Oxygen-Glow apporte en quelques instants un aspect parfaitement soyeux \u00e0 votre peau tout en hydratant en profondeur les peaux s\u00e8ches et fatigu\u00e9es.<br \/>\nLe teint est unifi\u00e9, et la peau tonifi\u00e9e.<\/p>\n","protected":false},"excerpt":{"rendered":"<p><strong>OXYGEN-GLOW MASK<\/strong><br \/>\nCe masque super perfecteur am\u00e9liore l\u2019\u00e9clat de votre peau en seulement 10 minutes. Gr\u00e2ce \u00e0 ses actifs exfoliants, elle laisse votre teint naturellement brillant et sans imperfections.<\/p>\n<p><strong>OXYGEN-GLOW Eyes 4 ml<\/strong><\/p>\n<p>La cr\u00e8me pour les yeux Oxygen-Glow de FILORGA revitalise les yeux fatigu\u00e9s en hydratant, d\u00e9toxifiant et lissant profond\u00e9ment le contour des yeux. Parfait pour les cernes et les ridules, il laisse votre peau rafra\u00eechie et radieuse.<\/p>\n<p><strong>Filorga OXYGEN-GLOW 50 ml<\/strong><br \/>\nCette cr\u00e8me illuminatrice adoucit et hydrate instantan\u00e9ment la peau s\u00e8che et fatigu\u00e9e, vous donnant un teint tonique et unifi\u00e9 avec un fini soyeux.<\/p>\n","protected":false},"featured_media":23853,"comment_status":"open","ping_status":"closed","template":"","meta":[],"product_cat":[20],"product_tag":[],"class_list":{"0":"post-17059","1":"product","2":"type-product","3":"status-publish","4":"has-post-thumbnail","6":"product_cat-accessories","8":"first","9":"instock","10":"shipping-taxable","11":"product-type-simple"},"jetpack_sharing_enabled":true,"_links":{"self":[{"href":"https:\/\/para-pharmacity.tn\/index.php?rest_route=\/wp\/v2\/product\/17059","targetHints":{"allow":["GET"]}}],"collection":[{"href":"https:\/\/para-pharmacity.tn\/index.php?rest_route=\/wp\/v2\/product"}],"about":[{"href":"https:\/\/para-pharmacity.tn\/index.php?rest_route=\/wp\/v2\/types\/product"}],"replies":[{"embeddable":true,"href":"https:\/\/para-pharmacity.tn\/index.php?rest_route=%2Fwp%2Fv2%2Fcomments&post=17059"}],"version-history":[{"count":2,"href":"https:\/\/para-pharmacity.tn\/index.php?rest_route=\/wp\/v2\/product\/17059\/revisions"}],"predecessor-version":[{"id":23854,"href":"https:\/\/para-pharmacity.tn\/index.php?rest_route=\/wp\/v2\/product\/17059\/revisions\/23854"}],"wp:featuredmedia":[{"embeddable":true,"href":"https:\/\/para-pharmacity.tn\/index.php?rest_route=\/wp\/v2\/media\/23853"}],"wp:attachment":[{"href":"https:\/\/para-pharmacity.tn\/index.php?rest_route=%2Fwp%2Fv2%2Fmedia&parent=17059"}],"wp:term":[{"taxonomy":"product_cat","embeddable":true,"href":"https:\/\/para-pharmacity.tn\/index.php?rest_route=%2Fwp%2Fv2%2Fproduct_cat&post=17059"},{"taxonomy":"product_tag","embeddable":true,"href":"https:\/\/para-pharmacity.tn\/index.php?rest_route=%2Fwp%2Fv2%2Fproduct_tag&post=17059"}],"curies":[{"name":"wp","href":"https:\/\/api.w.org\/{rel}","templated":true}]}}