{"id":17057,"date":"2024-07-10T23:00:52","date_gmt":"2024-07-10T23:00:52","guid":{"rendered":"https:\/\/para-pharmacity.tn\/?product=filorga-cof-anti-age-time-filer-eyes"},"modified":"2024-08-21T14:44:00","modified_gmt":"2024-08-21T14:44:00","slug":"filorga-cof-anti-age-time-filer-eyes","status":"publish","type":"product","link":"https:\/\/para-pharmacity.tn\/?product=filorga-cof-anti-age-time-filer-eyes","title":{"rendered":"FILORGA COF ANTI AGE TIME FILER EYES"},"content":{"rendered":"<p>TIME FILLER EYES 5XP est une cr\u00e8me anti-rides multi-correctrice qui cible simultan\u00e9ment 5 zones autour des yeux\u00a0: les pattes d\u2019oie, les rides sous les yeux, les lignes de froncement de sourcils, les paupi\u00e8res affaiss\u00e9es et les cernes.<\/p>\n<p>Sa formule s\u2019inspire de l\u2019expertise de FILORGA en m\u00e9decine esth\u00e9tique pour corriger tous les types de rides autour des yeux ainsi que les cernes. Gr\u00e2ce \u00e0 son cocktail d\u2019actifs de haute pr\u00e9cision [peptides relaxants + cellules souches v\u00e9g\u00e9tales + NCEF], il est utilis\u00e9 pour d\u00e9tendre les traits afin de r\u00e9duire les rides du froncement des sourcils sans figer les expressions faciales. Il assure \u00e9galement une action lissante sur les pattes d\u2019oie sans irriter la peau, capte l\u2019eau et repulpe intens\u00e9ment la peau pour lisser les rides sous-oculaires. En m\u00eame temps, TIME-FILLER EYES 5XP agit pour raffermir les paupi\u00e8res sup\u00e9rieures ainsi que pour lutter contre les cernes.<br \/>\nParfaite pour tous les types de peau, la cr\u00e8me contour des yeux FILORGA TIME-FILLER EYES 5XP poss\u00e8de une texture lissante super-spreadable.<br \/>\nR\u00e9sultats visibles apr\u00e8s 7 jours\u00a0: 82% des femmes constatent moins de rides autour des yeux, tandis que 97% remarquent une revitalisation du contour des yeux*.<br \/>\nPour une action anti-rides efficace sur le visage et les yeux apr\u00e8s 7 jours, appliquez quotidiennement notre duo expert de lissage TIME-FILLERS EYES 5XP + TIME-FILLER 5XP CREAM**.<br \/>\nFormul\u00e9 avec 94,7% d\u2019ingr\u00e9dients d\u2019origine naturelle.<br \/>\nTest\u00e9 sous contr\u00f4le dermatologique.<br \/>\nEfficacit\u00e9 cliniquement prouv\u00e9e.<\/p>\n","protected":false},"excerpt":{"rendered":"<p>La cr\u00e8me contour des yeux de haute pr\u00e9cision qui corrige tous les types de rides dans le domaine des yeux ainsi que les cernes.<\/p>\n","protected":false},"featured_media":23840,"comment_status":"open","ping_status":"closed","template":"","meta":[],"product_cat":[20],"product_tag":[],"class_list":{"0":"post-17057","1":"product","2":"type-product","3":"status-publish","4":"has-post-thumbnail","6":"product_cat-accessories","8":"first","9":"instock","10":"shipping-taxable","11":"product-type-simple"},"jetpack_sharing_enabled":true,"_links":{"self":[{"href":"https:\/\/para-pharmacity.tn\/index.php?rest_route=\/wp\/v2\/product\/17057","targetHints":{"allow":["GET"]}}],"collection":[{"href":"https:\/\/para-pharmacity.tn\/index.php?rest_route=\/wp\/v2\/product"}],"about":[{"href":"https:\/\/para-pharmacity.tn\/index.php?rest_route=\/wp\/v2\/types\/product"}],"replies":[{"embeddable":true,"href":"https:\/\/para-pharmacity.tn\/index.php?rest_route=%2Fwp%2Fv2%2Fcomments&post=17057"}],"version-history":[{"count":2,"href":"https:\/\/para-pharmacity.tn\/index.php?rest_route=\/wp\/v2\/product\/17057\/revisions"}],"predecessor-version":[{"id":23843,"href":"https:\/\/para-pharmacity.tn\/index.php?rest_route=\/wp\/v2\/product\/17057\/revisions\/23843"}],"wp:featuredmedia":[{"embeddable":true,"href":"https:\/\/para-pharmacity.tn\/index.php?rest_route=\/wp\/v2\/media\/23840"}],"wp:attachment":[{"href":"https:\/\/para-pharmacity.tn\/index.php?rest_route=%2Fwp%2Fv2%2Fmedia&parent=17057"}],"wp:term":[{"taxonomy":"product_cat","embeddable":true,"href":"https:\/\/para-pharmacity.tn\/index.php?rest_route=%2Fwp%2Fv2%2Fproduct_cat&post=17057"},{"taxonomy":"product_tag","embeddable":true,"href":"https:\/\/para-pharmacity.tn\/index.php?rest_route=%2Fwp%2Fv2%2Fproduct_tag&post=17057"}],"curies":[{"name":"wp","href":"https:\/\/api.w.org\/{rel}","templated":true}]}}