{"id":17049,"date":"2024-07-10T23:00:50","date_gmt":"2024-07-10T23:00:50","guid":{"rendered":"https:\/\/para-pharmacity.tn\/?product=figo-lovedo-30-gelules"},"modified":"2024-08-21T13:11:55","modified_gmt":"2024-08-21T13:11:55","slug":"figo-lovedo-30-gelules","status":"publish","type":"product","link":"https:\/\/para-pharmacity.tn\/?product=figo-lovedo-30-gelules","title":{"rendered":"FIGO LOVEDO 30 GELULES"},"content":{"rendered":"<p class=\"slogan-prod\">La meilleure solution pour une performance au top<\/p>\n<div class=\" left cat first last\">gyn\u00e9cologie<\/div>\n<div class=\"clear\"><\/div>\n<p>Liboost\u00ae est un extrait sec de Damiana standardis\u00e9 \u00e0 &gt;= 1.5 % de bio flavono\u00efdes.<\/p>\n<p>Il est recommand\u00e9 de prendre LOVEDO Liboost\u00ae en cas de\u00a0:<\/p>\n<ul>\n<li>Diminution des performances sexuelles.<\/li>\n<li>Baisse de libido homme et femme.<\/li>\n<\/ul>\n<p>LOVEDO Liboost\u00ae se pr\u00e9sente sous forme de boite de 30 g\u00e9lules.<\/p>\n<p>LOVEDO Liboost\u00ae est le premier extrait naturel pour une performance sexuelle unisexe.<\/p>\n","protected":false},"excerpt":{"rendered":"<p>Il est recommand\u00e9 de prendre LOVEDO Liboost\u00ae en cas de :<\/p>\n<p>Diminution des performances sexuelles.<\/p>\n<p>Baisse de libido homme et femme<\/p>\n","protected":false},"featured_media":23804,"comment_status":"open","ping_status":"closed","template":"","meta":[],"product_cat":[20],"product_tag":[],"class_list":{"0":"post-17049","1":"product","2":"type-product","3":"status-publish","4":"has-post-thumbnail","6":"product_cat-accessories","8":"first","9":"instock","10":"shipping-taxable","11":"product-type-simple"},"jetpack_sharing_enabled":true,"_links":{"self":[{"href":"https:\/\/para-pharmacity.tn\/index.php?rest_route=\/wp\/v2\/product\/17049","targetHints":{"allow":["GET"]}}],"collection":[{"href":"https:\/\/para-pharmacity.tn\/index.php?rest_route=\/wp\/v2\/product"}],"about":[{"href":"https:\/\/para-pharmacity.tn\/index.php?rest_route=\/wp\/v2\/types\/product"}],"replies":[{"embeddable":true,"href":"https:\/\/para-pharmacity.tn\/index.php?rest_route=%2Fwp%2Fv2%2Fcomments&post=17049"}],"version-history":[{"count":2,"href":"https:\/\/para-pharmacity.tn\/index.php?rest_route=\/wp\/v2\/product\/17049\/revisions"}],"predecessor-version":[{"id":23805,"href":"https:\/\/para-pharmacity.tn\/index.php?rest_route=\/wp\/v2\/product\/17049\/revisions\/23805"}],"wp:featuredmedia":[{"embeddable":true,"href":"https:\/\/para-pharmacity.tn\/index.php?rest_route=\/wp\/v2\/media\/23804"}],"wp:attachment":[{"href":"https:\/\/para-pharmacity.tn\/index.php?rest_route=%2Fwp%2Fv2%2Fmedia&parent=17049"}],"wp:term":[{"taxonomy":"product_cat","embeddable":true,"href":"https:\/\/para-pharmacity.tn\/index.php?rest_route=%2Fwp%2Fv2%2Fproduct_cat&post=17049"},{"taxonomy":"product_tag","embeddable":true,"href":"https:\/\/para-pharmacity.tn\/index.php?rest_route=%2Fwp%2Fv2%2Fproduct_tag&post=17049"}],"curies":[{"name":"wp","href":"https:\/\/api.w.org\/{rel}","templated":true}]}}