{"id":17046,"date":"2024-07-10T23:00:49","date_gmt":"2024-07-10T23:00:49","guid":{"rendered":"https:\/\/para-pharmacity.tn\/?product=figo-gastracid-30-gelules"},"modified":"2024-08-21T12:55:07","modified_gmt":"2024-08-21T12:55:07","slug":"figo-gastracid-30-gelules","status":"publish","type":"product","link":"https:\/\/para-pharmacity.tn\/?product=figo-gastracid-30-gelules","title":{"rendered":"FIGO GASTRACID 30 GELULES"},"content":{"rendered":"<p>Il est recommand\u00e9 de prendre GASTRACID\u00ae pour un confort gastrique optimal.<\/p>\n<p>GASTRACID\u00ae se pr\u00e9sente sous forme de boite de 30 g\u00e9lules.<\/p>\n<h4><strong>Conseil d&rsquo;utilisation<\/strong><\/h4>\n<p>R\u00e9serv\u00e9 \u00e0 l\u2019adulte et \u00e0 l\u2019enfant \u00e0 partir de 6 ans.<\/p>\n<p>Adultes : 1 g\u00e9lule deux fois par jour.<\/p>\n<p>Enfants : 1 g\u00e9lule par jour.<\/p>\n<h5>GASTRACID\u00ae peut aussi \u00eatre utilis\u00e9 chez la femme enceinte et allaitante.<\/h5>\n","protected":false},"excerpt":{"rendered":"<p>Il est recommand\u00e9 de prendre GASTRACID\u00ae pour un confort gastrique optimal.<\/p>\n<p>GASTRACID\u00ae se pr\u00e9sente sous forme de boite de 30 g\u00e9lules.<\/p>\n","protected":false},"featured_media":23798,"comment_status":"open","ping_status":"closed","template":"","meta":[],"product_cat":[20],"product_tag":[],"class_list":{"0":"post-17046","1":"product","2":"type-product","3":"status-publish","4":"has-post-thumbnail","6":"product_cat-accessories","8":"first","9":"instock","10":"shipping-taxable","11":"product-type-simple"},"jetpack_sharing_enabled":true,"_links":{"self":[{"href":"https:\/\/para-pharmacity.tn\/index.php?rest_route=\/wp\/v2\/product\/17046","targetHints":{"allow":["GET"]}}],"collection":[{"href":"https:\/\/para-pharmacity.tn\/index.php?rest_route=\/wp\/v2\/product"}],"about":[{"href":"https:\/\/para-pharmacity.tn\/index.php?rest_route=\/wp\/v2\/types\/product"}],"replies":[{"embeddable":true,"href":"https:\/\/para-pharmacity.tn\/index.php?rest_route=%2Fwp%2Fv2%2Fcomments&post=17046"}],"version-history":[{"count":2,"href":"https:\/\/para-pharmacity.tn\/index.php?rest_route=\/wp\/v2\/product\/17046\/revisions"}],"predecessor-version":[{"id":23799,"href":"https:\/\/para-pharmacity.tn\/index.php?rest_route=\/wp\/v2\/product\/17046\/revisions\/23799"}],"wp:featuredmedia":[{"embeddable":true,"href":"https:\/\/para-pharmacity.tn\/index.php?rest_route=\/wp\/v2\/media\/23798"}],"wp:attachment":[{"href":"https:\/\/para-pharmacity.tn\/index.php?rest_route=%2Fwp%2Fv2%2Fmedia&parent=17046"}],"wp:term":[{"taxonomy":"product_cat","embeddable":true,"href":"https:\/\/para-pharmacity.tn\/index.php?rest_route=%2Fwp%2Fv2%2Fproduct_cat&post=17046"},{"taxonomy":"product_tag","embeddable":true,"href":"https:\/\/para-pharmacity.tn\/index.php?rest_route=%2Fwp%2Fv2%2Fproduct_tag&post=17046"}],"curies":[{"name":"wp","href":"https:\/\/api.w.org\/{rel}","templated":true}]}}