{"id":17037,"date":"2024-07-10T23:00:45","date_gmt":"2024-07-10T23:00:45","guid":{"rendered":"https:\/\/para-pharmacity.tn\/?product=fiderma-gel-nett-200-ml"},"modified":"2024-08-20T20:10:55","modified_gmt":"2024-08-20T20:10:55","slug":"fiderma-gel-nett-200-ml","status":"publish","type":"product","link":"https:\/\/para-pharmacity.tn\/?product=fiderma-gel-nett-200-ml","title":{"rendered":"FIDERMA GEL NETT 200 ML"},"content":{"rendered":"<p>FIDERMA ACNEFID\u00a0GEL NETTOYANT PURIFIANT\u00a0est un gel l\u00e9g\u00e8rement moussant qui nettoie en douceur les peaux grasses \u00e0 imperfections. Sa formule a une action purifiante douce et r\u00e9gule la s\u00e9cr\u00e9tion de s\u00e9bum en respectant le PH cutan\u00e9.<\/p>\n<p>Nettoy\u00e9e et purifi\u00e9e, la peau est pr\u00eate \u00e0 recevoir d&rsquo;autres traitements dermatologiques sp\u00e9cifiques. FIDERMA GEL DETERGENTE PURIFICANTE est id\u00e9al aussi bien pour le visage que pour le corps .<\/p>\n<p>&nbsp;<\/p>\n<p>Composition :<\/p>\n<p>Actifs :<\/p>\n<ul>\n<li>Huile vi\u00e8rge de Moringa : apporte une cation purifiante et\u00a0anti-inflamatoire et r\u00e9gule le s\u00e9buim.<\/li>\n<li>Zinc et Gluconate de Cuivre : apporte eun action\u00a0anti-inflamatoire et anti-bactirienne avec une protection cellulaire.<\/li>\n<li>Glyc\u00e9rine : donne une action emolliente et anti-bactirienne et booste les propri\u00e9t\u00e9s des autres actifs.<\/li>\n<li>Prot\u00e9ine du bl\u00e9 hydrolys\u00e9 : poss\u00e8de une action restructurante, apaisante et protectrice.<\/li>\n<li><\/li>\n<\/ul>\n<p>&nbsp;<\/p>\n<p>Conseils d&rsquo;utilisation :<\/p>\n<ul>\n<li>Il est conseill\u00e9 d&rsquo;appliquer FIDERMA ACNEFID matin et soir sur peau humide, par l\u00e9ger massage.<\/li>\n<\/ul>\n","protected":false},"excerpt":{"rendered":"<p>FIDERMA ACNEFID GEL NETTOYANT PURIFIANT nettoie en douceur les peaux grasses, r\u00e9gule le s\u00e9bum et pr\u00e9pare la peau pour d&rsquo;autres traitements. Convient au visage et au corps.<\/p>\n","protected":false},"featured_media":23775,"comment_status":"open","ping_status":"closed","template":"","meta":[],"product_cat":[20],"product_tag":[],"class_list":{"0":"post-17037","1":"product","2":"type-product","3":"status-publish","4":"has-post-thumbnail","6":"product_cat-accessories","8":"first","9":"instock","10":"shipping-taxable","11":"product-type-simple"},"jetpack_sharing_enabled":true,"_links":{"self":[{"href":"https:\/\/para-pharmacity.tn\/index.php?rest_route=\/wp\/v2\/product\/17037","targetHints":{"allow":["GET"]}}],"collection":[{"href":"https:\/\/para-pharmacity.tn\/index.php?rest_route=\/wp\/v2\/product"}],"about":[{"href":"https:\/\/para-pharmacity.tn\/index.php?rest_route=\/wp\/v2\/types\/product"}],"replies":[{"embeddable":true,"href":"https:\/\/para-pharmacity.tn\/index.php?rest_route=%2Fwp%2Fv2%2Fcomments&post=17037"}],"version-history":[{"count":2,"href":"https:\/\/para-pharmacity.tn\/index.php?rest_route=\/wp\/v2\/product\/17037\/revisions"}],"predecessor-version":[{"id":23776,"href":"https:\/\/para-pharmacity.tn\/index.php?rest_route=\/wp\/v2\/product\/17037\/revisions\/23776"}],"wp:featuredmedia":[{"embeddable":true,"href":"https:\/\/para-pharmacity.tn\/index.php?rest_route=\/wp\/v2\/media\/23775"}],"wp:attachment":[{"href":"https:\/\/para-pharmacity.tn\/index.php?rest_route=%2Fwp%2Fv2%2Fmedia&parent=17037"}],"wp:term":[{"taxonomy":"product_cat","embeddable":true,"href":"https:\/\/para-pharmacity.tn\/index.php?rest_route=%2Fwp%2Fv2%2Fproduct_cat&post=17037"},{"taxonomy":"product_tag","embeddable":true,"href":"https:\/\/para-pharmacity.tn\/index.php?rest_route=%2Fwp%2Fv2%2Fproduct_tag&post=17037"}],"curies":[{"name":"wp","href":"https:\/\/api.w.org\/{rel}","templated":true}]}}