{"id":17035,"date":"2024-07-10T23:00:44","date_gmt":"2024-07-10T23:00:44","guid":{"rendered":"https:\/\/para-pharmacity.tn\/?product=fiderma-creme-sol-depig-spf-50"},"modified":"2024-08-20T19:59:37","modified_gmt":"2024-08-20T19:59:37","slug":"fiderma-creme-sol-depig-spf-50","status":"publish","type":"product","link":"https:\/\/para-pharmacity.tn\/?product=fiderma-creme-sol-depig-spf-50","title":{"rendered":"FIDERMA CREME SOL DEPIG SPF 50+"},"content":{"rendered":"<p>FIDERMA D\u00e9pigmentante SOLAIRE SPF 50+ est un photoprotecteur cibl\u00e9 pour hyperpigmentations de la peau.<\/p>\n<p>Sa formule assure une tr\u00e9s haute protection contre les rayons UVA et UVB, r\u00e9duit et pr\u00e9vient les taches pigmentaires et vieillissement de la peau.<\/p>\n<p>Appliquer dose homog\u00e9ne avant l&rsquo;exposition au soleil \u00e0 des endroits bien couvert touch\u00e9s.<\/p>\n<p>R\u00e9guli\u00e8rement renouveler l&rsquo;application<\/p>\n<h2>conseils d&rsquo;utilisation<\/h2>\n<p>Appliquer dose homog\u00e8ne avant l&rsquo;exposition au soleil \u00e0 des endroits bien couvert touch\u00e9s. R\u00e9guli\u00e8rement renouveler l&rsquo;application.<\/p>\n","protected":false},"excerpt":{"rendered":"<p>FIDERMA D\u00e9pigmentante SOLAIRE SPF 50+ est un photoprotecteur cibl\u00e9 pour hyperpigmentations de la peau.\u00a0Sa formule assure une tr\u00e8s haute protection contre les rayons UVA et UVB, r\u00e9duit et pr\u00e9vient les taches pigmentaires et vieillissement de la peau.<\/p>\n","protected":false},"featured_media":23766,"comment_status":"open","ping_status":"closed","template":"","meta":[],"product_cat":[20],"product_tag":[],"class_list":{"0":"post-17035","1":"product","2":"type-product","3":"status-publish","4":"has-post-thumbnail","6":"product_cat-accessories","8":"first","9":"instock","10":"shipping-taxable","11":"product-type-simple"},"jetpack_sharing_enabled":true,"_links":{"self":[{"href":"https:\/\/para-pharmacity.tn\/index.php?rest_route=\/wp\/v2\/product\/17035","targetHints":{"allow":["GET"]}}],"collection":[{"href":"https:\/\/para-pharmacity.tn\/index.php?rest_route=\/wp\/v2\/product"}],"about":[{"href":"https:\/\/para-pharmacity.tn\/index.php?rest_route=\/wp\/v2\/types\/product"}],"replies":[{"embeddable":true,"href":"https:\/\/para-pharmacity.tn\/index.php?rest_route=%2Fwp%2Fv2%2Fcomments&post=17035"}],"version-history":[{"count":2,"href":"https:\/\/para-pharmacity.tn\/index.php?rest_route=\/wp\/v2\/product\/17035\/revisions"}],"predecessor-version":[{"id":23767,"href":"https:\/\/para-pharmacity.tn\/index.php?rest_route=\/wp\/v2\/product\/17035\/revisions\/23767"}],"wp:featuredmedia":[{"embeddable":true,"href":"https:\/\/para-pharmacity.tn\/index.php?rest_route=\/wp\/v2\/media\/23766"}],"wp:attachment":[{"href":"https:\/\/para-pharmacity.tn\/index.php?rest_route=%2Fwp%2Fv2%2Fmedia&parent=17035"}],"wp:term":[{"taxonomy":"product_cat","embeddable":true,"href":"https:\/\/para-pharmacity.tn\/index.php?rest_route=%2Fwp%2Fv2%2Fproduct_cat&post=17035"},{"taxonomy":"product_tag","embeddable":true,"href":"https:\/\/para-pharmacity.tn\/index.php?rest_route=%2Fwp%2Fv2%2Fproduct_tag&post=17035"}],"curies":[{"name":"wp","href":"https:\/\/api.w.org\/{rel}","templated":true}]}}