{"id":17027,"date":"2024-07-10T23:00:42","date_gmt":"2024-07-10T23:00:42","guid":{"rendered":"https:\/\/para-pharmacity.tn\/?product=fiderma-cof-ecran-invisiblegelmiroir"},"modified":"2024-08-20T19:14:07","modified_gmt":"2024-08-20T19:14:07","slug":"fiderma-cof-ecran-invisiblegelmiroir","status":"publish","type":"product","link":"https:\/\/para-pharmacity.tn\/?product=fiderma-cof-ecran-invisiblegelmiroir","title":{"rendered":"FIDERMA COF ECRAN INVISIBLE+GEL+MIROIR"},"content":{"rendered":"<p><strong>FIDERMA COFFRET \u00c9CRAN INVISIBLE SPF50 + GEL PURIFIANT<\/strong><\/p>\n<p><strong>FIDERMA \u00c9CRAN INVISIBLE SPF50+<\/strong>\u00a0: prot\u00e8ge la peau sensible du visage et du corps contre les UVA et les UVB. Cette cr\u00e8me solaire tr\u00e8s haute protection a \u00e9t\u00e9 d\u00e9velopp\u00e9e pour prot\u00e9ger les peaux intol\u00e9rantes au soleil contre les coups de soleil. C\u2019est une cr\u00e8me douce et tr\u00e8s confortable, gr\u00e2ce \u00e0 sa texture soft et \u00e0 sa composition sans parab\u00e8nes et sans parfum.\u00a0R\u00e9sistant \u00e0 l\u2019eau et au sable.<\/p>\n<p>&nbsp;<\/p>\n<p><u><em><strong>EN CADEAU :<\/strong><\/em><\/u><\/p>\n<ul>\n<li><strong>FIDERMA GEL NETTOYANT PURIFIANT 20ML<\/strong>\u00a0\u00a0<strong><u>(OFFERT)<\/u><\/strong>\u00a0est un gel nettoyant doux, id\u00e9al pour les peaux grasses. Sa formule p\u00e9n\u00e8tre profond\u00e9ment dans les pores de la peau. Elle r\u00e9gule la s\u00e9cr\u00e9tion de s\u00e9bum, purifie les peaux grasses et impures, parfait le teint et d\u00e9maquille.<\/li>\n<\/ul>\n<ul>\n<li><strong>MIROIR\u00a0 (<u>OFFERT<\/u>)<\/strong><\/li>\n<\/ul>\n","protected":false},"excerpt":{"rendered":"<p>FIDERMA \u00c9CRAN INVISIBLE SPF50+ \u00a0: prot\u00e8ge la peau sensible du visage et du corps contre les UVA et les UVB. Cette cr\u00e8me solaire tr\u00e8s haute protection a \u00e9t\u00e9 d\u00e9velopp\u00e9e pour prot\u00e9ger les peaux intol\u00e9rantes au soleil contre les coups de soleil. C&rsquo;est une cr\u00e8me douce et tr\u00e8s confortable, gr\u00e2ce \u00e0 sa texture soft et \u00e0 sa composition sans parab\u00e8nes et sans parfum.\u00a0R\u00e9sistant \u00e0 l\u2019eau et au sable.<\/p>\n","protected":false},"featured_media":23753,"comment_status":"open","ping_status":"closed","template":"","meta":[],"product_cat":[20],"product_tag":[],"class_list":{"0":"post-17027","1":"product","2":"type-product","3":"status-publish","4":"has-post-thumbnail","6":"product_cat-accessories","8":"first","9":"instock","10":"shipping-taxable","11":"product-type-simple"},"jetpack_sharing_enabled":true,"_links":{"self":[{"href":"https:\/\/para-pharmacity.tn\/index.php?rest_route=\/wp\/v2\/product\/17027","targetHints":{"allow":["GET"]}}],"collection":[{"href":"https:\/\/para-pharmacity.tn\/index.php?rest_route=\/wp\/v2\/product"}],"about":[{"href":"https:\/\/para-pharmacity.tn\/index.php?rest_route=\/wp\/v2\/types\/product"}],"replies":[{"embeddable":true,"href":"https:\/\/para-pharmacity.tn\/index.php?rest_route=%2Fwp%2Fv2%2Fcomments&post=17027"}],"version-history":[{"count":2,"href":"https:\/\/para-pharmacity.tn\/index.php?rest_route=\/wp\/v2\/product\/17027\/revisions"}],"predecessor-version":[{"id":23754,"href":"https:\/\/para-pharmacity.tn\/index.php?rest_route=\/wp\/v2\/product\/17027\/revisions\/23754"}],"wp:featuredmedia":[{"embeddable":true,"href":"https:\/\/para-pharmacity.tn\/index.php?rest_route=\/wp\/v2\/media\/23753"}],"wp:attachment":[{"href":"https:\/\/para-pharmacity.tn\/index.php?rest_route=%2Fwp%2Fv2%2Fmedia&parent=17027"}],"wp:term":[{"taxonomy":"product_cat","embeddable":true,"href":"https:\/\/para-pharmacity.tn\/index.php?rest_route=%2Fwp%2Fv2%2Fproduct_cat&post=17027"},{"taxonomy":"product_tag","embeddable":true,"href":"https:\/\/para-pharmacity.tn\/index.php?rest_route=%2Fwp%2Fv2%2Fproduct_tag&post=17027"}],"curies":[{"name":"wp","href":"https:\/\/api.w.org\/{rel}","templated":true}]}}