{"id":17023,"date":"2024-07-10T23:00:41","date_gmt":"2024-07-10T23:00:41","guid":{"rendered":"https:\/\/para-pharmacity.tn\/?product=fiderma-clarified-cof-cr-jrserum-nuit"},"modified":"2024-08-20T18:50:55","modified_gmt":"2024-08-20T18:50:55","slug":"fiderma-clarified-cof-cr-jrserum-nuit","status":"publish","type":"product","link":"https:\/\/para-pharmacity.tn\/?product=fiderma-clarified-cof-cr-jrserum-nuit","title":{"rendered":"FIDERMA CLARIFIED COF CR JR+SERUM NUIT"},"content":{"rendered":"<h1>FIDERMA CLARIFIED COF CR JR+SERUM NUIT<\/h1>\n<p>ce coffret contient:<\/p>\n<h4>FIDERMA CLARIFID SERUM NUIT 30 ML:<\/h4>\n<p>FIDERMA SERUM CLARIFIANT\u00a0NUIT\u00a0est un s\u00e9rum sp\u00e9cifique pour les hyperpigmentations de la peau. Sa formule high-tech inhibe la production excessive de m\u00e9lanine, favorise l&rsquo;att\u00e9nuation des taches sombres existantes et emp\u00eache la formation de nouvelles taches d&rsquo;hyperpigmentation.<\/p>\n<p>CLARIFID SERUM est \u00e9galement efficace sur le m\u00e9lasma, une affection tr\u00e8s courante.<\/p>\n<h4>FIDERMA CLARIFID CREME DEPIG JOUR 50 ML :<\/h4>\n<p>FIDERMA CLARIFID cr\u00e8me d\u00e9pigmentante favorise l\u2019\u00e9limination des taches brunes (taches s\u00e9niles, actiniques, Chloasma, M\u00e9lasma) et donne une couleur homog\u00e8ne au visage. Ses principes actifs vont r\u00e9duire l\u2019hyperproduction de m\u00e9lanine et agir sur celle d\u00e9j\u00e0 existante. En autre, l\u2019acide ascorbique dans la formule, permet d\u2019avoir une importante action anti-oxydante et d\u2019agir sur les signes du vieillissement cutan\u00e9.<\/p>\n","protected":false},"excerpt":{"rendered":"<p><strong>FIDERMA CLARIFID SERUM NUIT 30 ML:<\/strong><\/p>\n<p>FIDERMA SERUM CLARIFIANT NUIT r\u00e9duit les taches, pr\u00e9vient leur formation, et traite le m\u00e9lasma avec des actions d\u00e9pigmentantes, exfoliantes, et anti-inflammatoires.<\/p>\n<p><strong>FIDERMA CLARIFID CREME DEPIG JOUR 50 ML:<\/strong><\/p>\n<p>FIDERMA CLARIFID cr\u00e8me d\u00e9pigmentante jour favorise l\u2019\u00e9limination des taches brunes et donne une couleur homog\u00e8ne au visage.<\/p>\n","protected":false},"featured_media":23740,"comment_status":"open","ping_status":"closed","template":"","meta":[],"product_cat":[20],"product_tag":[],"class_list":{"0":"post-17023","1":"product","2":"type-product","3":"status-publish","4":"has-post-thumbnail","6":"product_cat-accessories","8":"first","9":"instock","10":"shipping-taxable","11":"product-type-simple"},"jetpack_sharing_enabled":true,"_links":{"self":[{"href":"https:\/\/para-pharmacity.tn\/index.php?rest_route=\/wp\/v2\/product\/17023","targetHints":{"allow":["GET"]}}],"collection":[{"href":"https:\/\/para-pharmacity.tn\/index.php?rest_route=\/wp\/v2\/product"}],"about":[{"href":"https:\/\/para-pharmacity.tn\/index.php?rest_route=\/wp\/v2\/types\/product"}],"replies":[{"embeddable":true,"href":"https:\/\/para-pharmacity.tn\/index.php?rest_route=%2Fwp%2Fv2%2Fcomments&post=17023"}],"version-history":[{"count":3,"href":"https:\/\/para-pharmacity.tn\/index.php?rest_route=\/wp\/v2\/product\/17023\/revisions"}],"predecessor-version":[{"id":23743,"href":"https:\/\/para-pharmacity.tn\/index.php?rest_route=\/wp\/v2\/product\/17023\/revisions\/23743"}],"wp:featuredmedia":[{"embeddable":true,"href":"https:\/\/para-pharmacity.tn\/index.php?rest_route=\/wp\/v2\/media\/23740"}],"wp:attachment":[{"href":"https:\/\/para-pharmacity.tn\/index.php?rest_route=%2Fwp%2Fv2%2Fmedia&parent=17023"}],"wp:term":[{"taxonomy":"product_cat","embeddable":true,"href":"https:\/\/para-pharmacity.tn\/index.php?rest_route=%2Fwp%2Fv2%2Fproduct_cat&post=17023"},{"taxonomy":"product_tag","embeddable":true,"href":"https:\/\/para-pharmacity.tn\/index.php?rest_route=%2Fwp%2Fv2%2Fproduct_tag&post=17023"}],"curies":[{"name":"wp","href":"https:\/\/api.w.org\/{rel}","templated":true}]}}