{"id":17015,"date":"2024-07-10T23:00:38","date_gmt":"2024-07-10T23:00:38","guid":{"rendered":"https:\/\/para-pharmacity.tn\/?product=farmavans-lactafor"},"modified":"2024-08-20T13:33:48","modified_gmt":"2024-08-20T13:33:48","slug":"farmavans-lactafor","status":"publish","type":"product","link":"https:\/\/para-pharmacity.tn\/?product=farmavans-lactafor","title":{"rendered":"FARMAVANS LACTAFOR"},"content":{"rendered":"<p>Compl\u00e9ment alimentaire Soutient la production de lait maternel et favorise sa digestion par le b\u00e9b\u00e9.<\/p>\n<p><strong>Conseils d\u2019utilisation :\u00a0<\/strong><\/p>\n<p>1 g\u00e9lule 3 fois par jour<\/p>\n<p><strong>Composition :<\/strong><\/p>\n<p>Extrait sec de Asparagus racemosus<\/p>\n<p>Equivalent en racine s\u00e8che<\/p>\n<p>Extrait sec de Foeniculum vulgare<\/p>\n<p>Equivalent en racine s\u00e8che<\/p>\n","protected":false},"excerpt":{"rendered":"<p>Compl\u00e9ment alimentaire Soutient la production de lait maternel et favorise sa digestion par le b\u00e9b\u00e9.<\/p>\n","protected":false},"featured_media":23717,"comment_status":"open","ping_status":"closed","template":"","meta":[],"product_cat":[20],"product_tag":[],"class_list":{"0":"post-17015","1":"product","2":"type-product","3":"status-publish","4":"has-post-thumbnail","6":"product_cat-accessories","8":"first","9":"instock","10":"shipping-taxable","11":"product-type-simple"},"jetpack_sharing_enabled":true,"_links":{"self":[{"href":"https:\/\/para-pharmacity.tn\/index.php?rest_route=\/wp\/v2\/product\/17015","targetHints":{"allow":["GET"]}}],"collection":[{"href":"https:\/\/para-pharmacity.tn\/index.php?rest_route=\/wp\/v2\/product"}],"about":[{"href":"https:\/\/para-pharmacity.tn\/index.php?rest_route=\/wp\/v2\/types\/product"}],"replies":[{"embeddable":true,"href":"https:\/\/para-pharmacity.tn\/index.php?rest_route=%2Fwp%2Fv2%2Fcomments&post=17015"}],"version-history":[{"count":2,"href":"https:\/\/para-pharmacity.tn\/index.php?rest_route=\/wp\/v2\/product\/17015\/revisions"}],"predecessor-version":[{"id":23719,"href":"https:\/\/para-pharmacity.tn\/index.php?rest_route=\/wp\/v2\/product\/17015\/revisions\/23719"}],"wp:featuredmedia":[{"embeddable":true,"href":"https:\/\/para-pharmacity.tn\/index.php?rest_route=\/wp\/v2\/media\/23717"}],"wp:attachment":[{"href":"https:\/\/para-pharmacity.tn\/index.php?rest_route=%2Fwp%2Fv2%2Fmedia&parent=17015"}],"wp:term":[{"taxonomy":"product_cat","embeddable":true,"href":"https:\/\/para-pharmacity.tn\/index.php?rest_route=%2Fwp%2Fv2%2Fproduct_cat&post=17015"},{"taxonomy":"product_tag","embeddable":true,"href":"https:\/\/para-pharmacity.tn\/index.php?rest_route=%2Fwp%2Fv2%2Fproduct_tag&post=17015"}],"curies":[{"name":"wp","href":"https:\/\/api.w.org\/{rel}","templated":true}]}}