{"id":16999,"date":"2024-07-10T23:00:31","date_gmt":"2024-07-10T23:00:31","guid":{"rendered":"https:\/\/para-pharmacity.tn\/?product=exfoliac-global6-soin-traitant-30ml"},"modified":"2024-08-20T11:31:18","modified_gmt":"2024-08-20T11:31:18","slug":"exfoliac-global6-soin-traitant-30ml","status":"publish","type":"product","link":"https:\/\/para-pharmacity.tn\/?product=exfoliac-global6-soin-traitant-30ml","title":{"rendered":"EXFOLIAC GLOBAL6 SOIN TRAITANT 30ML"},"content":{"rendered":"<h2>Description<\/h2>\n<p><strong>Exfoliac Global 6 Soin Traitant Imperfections S\u00e9v\u00e8res 30 ml<\/strong>\u00a0est un soin anti-acn\u00e9ique haute tol\u00e9rance pour exfolier, corriger, lisser, matifier et apaiser les peaux ayant des imperfections mod\u00e9r\u00e9es \u00e0 s\u00e9v\u00e8res et sensibles.<\/p>\n<p>Le lipobactol phytobioactif p\u00e9n\u00e8tre les biofilms, boucliers protecteurs des bact\u00e9ries pour agir efficacement sur les P.Acnes et autres bact\u00e9ries responsables des boutons enflamm\u00e9s. Il va r\u00e9guler le s\u00e9bum et \u00e9viter la formation de traces cicatricielles post acn\u00e9.<\/p>\n<p>L&rsquo;acide hyaluronique 300 active les d\u00e9fenses immunitaires inn\u00e9es, augmente la production de d\u00e9fensine et favorise la r\u00e9paration des tissus cutan\u00e9s.<\/p>\n<p>Ce soin assure une exfoliation imm\u00e9diate et prolong\u00e9e gr\u00e2ce \u00e0 l&rsquo;encapsulation micronis\u00e9e de l&rsquo;acide salicylique 2% combin\u00e9 \u00e0 la r\u00e9gulation de la prolif\u00e9ration k\u00e9ratinocytaire, \u00e9vitant l&rsquo;obstruction des pores.<\/p>\n<p>Gr\u00e2ce aux micro-\u00e9ponges,c\u00e9ramides et agents hydratants, ce soin hydrate la peau et la matifie parfaitement. Il constitue une excellente base de maquillage, l\u00e9g\u00e8rement parfum\u00e9e.<\/p>\n<p>Sans paraben. Non com\u00e9dog\u00e8ne.<\/p>\n<h2>Conseil d&rsquo;utilisation<\/h2>\n<div class=\"tabcontent\">\n<div>\n<div id=\"type_info_prio_6_1\">Appliquer matin et\/ou soir sur l&rsquo;ensemble du visage pr\u00e9alablement nettoy\u00e9.<\/div>\n<div><span class=\"bold\">Indication<\/span>\u00a0:\u00a0<span id=\"type_info_prio_6_2_1\">Traiter les imperfections s\u00e9v\u00e8res. Peaux \u00e0 tendance acn\u00e9ique.<\/span><\/div>\n<h2>Composition<\/h2>\n<p>Lipobactol : apaise et limite la prolif\u00e9ration bact\u00e9rienne.<br \/>\nAcide hyaluronique de poids mol\u00e9culaire contr\u00f4l\u00e9 : limite la formation de cicatrices.<br \/>\nAS Caps &#8211; \u2126HA : exfolient la peau et contr\u00f4lent la prolif\u00e9ration k\u00e9ratinocytaire.<br \/>\nC\u00e9ramides et agents hydratants.<br \/>\nTr\u00e8s haute tol\u00e9rance.<br \/>\nSans paraben.<br \/>\nSans ph\u00e9noxy\u00e9thanol.<br \/>\nNon com\u00e9dog\u00e8ne.<\/p>\n<\/div>\n<\/div>\n","protected":false},"excerpt":{"rendered":"<p>Exfoliac Global 6 Soin Traitant Imperfections S\u00e9v\u00e8res 30 ml est un soin anti-acn\u00e9ique haute tol\u00e9rance pour exfolier, corriger, lisser, matifier et apaiser les peaux ayant des imperfections mod\u00e9r\u00e9es \u00e0 s\u00e9v\u00e8res et sensibles.<\/p>\n","protected":false},"featured_media":23671,"comment_status":"open","ping_status":"closed","template":"","meta":[],"product_cat":[20],"product_tag":[],"class_list":{"0":"post-16999","1":"product","2":"type-product","3":"status-publish","4":"has-post-thumbnail","6":"product_cat-accessories","8":"first","9":"instock","10":"shipping-taxable","11":"product-type-simple"},"jetpack_sharing_enabled":true,"_links":{"self":[{"href":"https:\/\/para-pharmacity.tn\/index.php?rest_route=\/wp\/v2\/product\/16999","targetHints":{"allow":["GET"]}}],"collection":[{"href":"https:\/\/para-pharmacity.tn\/index.php?rest_route=\/wp\/v2\/product"}],"about":[{"href":"https:\/\/para-pharmacity.tn\/index.php?rest_route=\/wp\/v2\/types\/product"}],"replies":[{"embeddable":true,"href":"https:\/\/para-pharmacity.tn\/index.php?rest_route=%2Fwp%2Fv2%2Fcomments&post=16999"}],"version-history":[{"count":2,"href":"https:\/\/para-pharmacity.tn\/index.php?rest_route=\/wp\/v2\/product\/16999\/revisions"}],"predecessor-version":[{"id":23675,"href":"https:\/\/para-pharmacity.tn\/index.php?rest_route=\/wp\/v2\/product\/16999\/revisions\/23675"}],"wp:featuredmedia":[{"embeddable":true,"href":"https:\/\/para-pharmacity.tn\/index.php?rest_route=\/wp\/v2\/media\/23671"}],"wp:attachment":[{"href":"https:\/\/para-pharmacity.tn\/index.php?rest_route=%2Fwp%2Fv2%2Fmedia&parent=16999"}],"wp:term":[{"taxonomy":"product_cat","embeddable":true,"href":"https:\/\/para-pharmacity.tn\/index.php?rest_route=%2Fwp%2Fv2%2Fproduct_cat&post=16999"},{"taxonomy":"product_tag","embeddable":true,"href":"https:\/\/para-pharmacity.tn\/index.php?rest_route=%2Fwp%2Fv2%2Fproduct_tag&post=16999"}],"curies":[{"name":"wp","href":"https:\/\/api.w.org\/{rel}","templated":true}]}}