{"id":16997,"date":"2024-07-10T23:00:30","date_gmt":"2024-07-10T23:00:30","guid":{"rendered":"https:\/\/para-pharmacity.tn\/?product=exfoliac-ecran-fluide-peaux-grasses"},"modified":"2024-08-20T11:20:39","modified_gmt":"2024-08-20T11:20:39","slug":"exfoliac-ecran-fluide-peaux-grasses","status":"publish","type":"product","link":"https:\/\/para-pharmacity.tn\/?product=exfoliac-ecran-fluide-peaux-grasses","title":{"rendered":"EXFOLIAC ECRAN FLUIDE PEAUX GRASSES"},"content":{"rendered":"<p><strong>NOREVA EXFOLIAC FLUIDE SOLAIRE SPF 50+ 40ML<\/strong><\/p>\n<p>NOREVA EXFOLIAC FLUIDE SOLAIRE SPF 50 est un fluide solaire matifiant qui se caract\u00e9rise par\u00a0une tr\u00e9s haute protection puisqu&rsquo;il prot\u00e9ge des UVA et UVB<\/p>\n<p>Il a une action matifiante avec une\u00a0effet non gras.<\/p>\n<p>Noreva fluide solaire matifiant\u00a0est destin\u00e9 pour les\u00a0peaux grasses \u00e0 imperfections. Ce fluide solaire est constitu\u00e9 des filtres \u00e0 haute performance avec\u00a0large spectre UVA\/UVB pour une parfaite protection .<\/p>\n<p>noreva exfoliac fluide solaire matifiant spf 50\u00a0est constitu\u00e9 d&rsquo;un complexe unique d&rsquo;agents s\u00e9bor\u00e9gulateurs et matifiants qui permettent de donner une\u00a0peau\u00a0prot\u00e9g\u00e9e et bien nette.<\/p>\n<p><u><strong><span style=\"color: #ffffff\">Composition :<\/span><\/strong><\/u><\/p>\n<p>Formule INCI : Dimethicone, ethylhexyl salicylate, hoosalate, aqua, octorylene, methylene bis-benzotriazolyl tetramethylbutylphenol, nylon-12, phenylbenzimidazole sulfonic acid, bis-ethylehexyloxyphenol methoxyphenyl triazine, butyl methoxydibenzoylmethane, peg-100 stearate, potassium cetyl phosphate, triethanolamine, butylene glycol, glyceryl stearate, disodium edta, 1.2 hexanediol, decyl glucoside, stearyl alcohol, spiraea ulmaria extract, xanthan gum, propylene glycol, tropolone, isopropyl alcohol, caprylyl glycol, ethylhexylglycerin, phenoxyethanol, parfum<\/p>\n<p><u><strong><span style=\"color: #ffffff\">Conseils d&rsquo;utilisation :<\/span><\/strong><\/u><\/p>\n<ul>\n<li>Il est conseill\u00e9 d&rsquo;appliquer\u00a0une couche tr\u00e9s g\u00e9n\u00e9reuse de\u00a0noreva exfoliac fluide solaire matifiant spf 50 avant toute exposition au soleil\u00a0et renouvelez\u00a0l&rsquo;application d&rsquo;une fa\u00e7on r\u00e9guli\u00e9re\u00a0surtout \u00e0 la suite de chaque bain, frottement ou activit\u00e9 sportive.<\/li>\n<\/ul>\n","protected":false},"excerpt":{"rendered":"<p>La formule pour matifier et prot\u00e9ger les peaux \u00e0 imperfections du soleil.<\/p>\n","protected":false},"featured_media":23664,"comment_status":"open","ping_status":"closed","template":"","meta":[],"product_cat":[20],"product_tag":[],"class_list":{"0":"post-16997","1":"product","2":"type-product","3":"status-publish","4":"has-post-thumbnail","6":"product_cat-accessories","8":"first","9":"instock","10":"shipping-taxable","11":"product-type-simple"},"jetpack_sharing_enabled":true,"_links":{"self":[{"href":"https:\/\/para-pharmacity.tn\/index.php?rest_route=\/wp\/v2\/product\/16997","targetHints":{"allow":["GET"]}}],"collection":[{"href":"https:\/\/para-pharmacity.tn\/index.php?rest_route=\/wp\/v2\/product"}],"about":[{"href":"https:\/\/para-pharmacity.tn\/index.php?rest_route=\/wp\/v2\/types\/product"}],"replies":[{"embeddable":true,"href":"https:\/\/para-pharmacity.tn\/index.php?rest_route=%2Fwp%2Fv2%2Fcomments&post=16997"}],"version-history":[{"count":2,"href":"https:\/\/para-pharmacity.tn\/index.php?rest_route=\/wp\/v2\/product\/16997\/revisions"}],"predecessor-version":[{"id":23666,"href":"https:\/\/para-pharmacity.tn\/index.php?rest_route=\/wp\/v2\/product\/16997\/revisions\/23666"}],"wp:featuredmedia":[{"embeddable":true,"href":"https:\/\/para-pharmacity.tn\/index.php?rest_route=\/wp\/v2\/media\/23664"}],"wp:attachment":[{"href":"https:\/\/para-pharmacity.tn\/index.php?rest_route=%2Fwp%2Fv2%2Fmedia&parent=16997"}],"wp:term":[{"taxonomy":"product_cat","embeddable":true,"href":"https:\/\/para-pharmacity.tn\/index.php?rest_route=%2Fwp%2Fv2%2Fproduct_cat&post=16997"},{"taxonomy":"product_tag","embeddable":true,"href":"https:\/\/para-pharmacity.tn\/index.php?rest_route=%2Fwp%2Fv2%2Fproduct_tag&post=16997"}],"curies":[{"name":"wp","href":"https:\/\/api.w.org\/{rel}","templated":true}]}}